{"id":19795,"date":"2026-01-15T19:47:59","date_gmt":"2026-01-15T18:47:59","guid":{"rendered":"https:\/\/www.adapei64.fr\/site\/?post_type=tribe_events&#038;p=19795"},"modified":"2026-01-15T19:47:59","modified_gmt":"2026-01-15T18:47:59","slug":"soiree-theatre-au-profil-du-telethon-a-serres-castet","status":"publish","type":"tribe_events","link":"http:\/\/www.adapei64.fr\/site\/evenement\/soiree-theatre-au-profil-du-telethon-a-serres-castet\/","title":{"rendered":"Soir\u00e9e th\u00e9\u00e2tre au profil du T\u00e9l\u00e9thon, \u00e0 Serres-Castet"},"content":{"rendered":"<p><img loading=\"lazy\" decoding=\"async\" src=\"https:\/\/static.xx.fbcdn.net\/images\/emoji.php\/v9\/t7e\/1\/16\/1f4c5.png\" alt=\"\ud83d\udcc5\" width=\"16\" height=\"16\" \/>\u00a0Vendredi 16 janvier<br \/>\n<img loading=\"lazy\" decoding=\"async\" src=\"https:\/\/static.xx.fbcdn.net\/images\/emoji.php\/v9\/t2d\/1\/16\/1f4cd.png\" alt=\"\ud83d\udccd\" width=\"16\" height=\"16\" \/>\u00a0Salle du Belv\u00e9d\u00e8re, Serres-Castet<br \/>\n<img loading=\"lazy\" decoding=\"async\" src=\"https:\/\/static.xx.fbcdn.net\/images\/emoji.php\/v9\/t47\/1\/16\/1f560.png\" alt=\"\ud83d\udd60\" width=\"16\" height=\"16\" \/>\u00a0\u00c0 partir de 17h30<br \/>\nEntr\u00e9e libre<\/p>\n<p>La troupe \u00ab Arts Muse et Vous \u00bb, dirig\u00e9e par Michel Pucheu, vous donne rendez-vous pour une soir\u00e9e exceptionnelle plac\u00e9e sous le signe de la solidarit\u00e9 et de l\u2019inclusion.<\/p>\n<p>Avec passion et talent, ces com\u00e9diens \u2013 dont certains sont r\u00e9sidents du Foyer de Sauvagnon \u2013 vous pr\u00e9senteront 3 pi\u00e8ces de th\u00e9\u00e2tre :<\/p>\n<p>17h30 \u2013 \u00ab Au gr\u00e9 des saisons \u00bb<br \/>\n19h30 \u2013 \u00ab Le caillou \u00bb<br \/>\n21h30 \u2013 \u00ab Alice Zimmer \u00bb<\/p>\n<p><img loading=\"lazy\" decoding=\"async\" src=\"https:\/\/static.xx.fbcdn.net\/images\/emoji.php\/v9\/tf4\/1\/16\/2728.png\" alt=\"\u2728\" width=\"16\" height=\"16\" \/>\u00a0Votre pr\u00e9sence sera leur plus belle r\u00e9compense !<\/p>\n<p>Tous les b\u00e9n\u00e9fices de cette soir\u00e9e seront int\u00e9gralement revers\u00e9s \u00e0 l\u2019AFM-T\u00e9l\u00e9thon pour soutenir la lutte contre les myopathies.<\/p>\n<p><img loading=\"lazy\" decoding=\"async\" src=\"https:\/\/static.xx.fbcdn.net\/images\/emoji.php\/v9\/t9e\/1\/16\/27a1.png\" alt=\"\u27a1\" width=\"16\" height=\"16\" \/>\u00a0Venez partager un moment fort, o\u00f9 l\u2019art et la g\u00e9n\u00e9rosit\u00e9 se rencontrent.<\/p>\n<p>On compte sur vous !<\/p>\n","protected":false},"excerpt":{"rendered":"<p>\u00a0Vendredi 16 janvier \u00a0Salle du Belv\u00e9d\u00e8re, Serres-Castet \u00a0\u00c0 partir de 17h30 Entr\u00e9e libre La troupe \u00ab Arts Muse et Vous \u00bb, dirig\u00e9e par Michel Pucheu, vous donne rendez-vous pour une&hellip; <a class=\"continue\" href=\"http:\/\/www.adapei64.fr\/site\/evenement\/soiree-theatre-au-profil-du-telethon-a-serres-castet\/\">Lire :<span> Soir\u00e9e th\u00e9\u00e2tre au profil du T\u00e9l\u00e9thon, \u00e0 Serres-Castet<\/span><\/a><\/p>\n","protected":false},"author":1,"featured_media":0,"template":"","meta":{"_crdt_document":"","om_disable_all_campaigns":false,"_uag_custom_page_level_css":"","_monsterinsights_skip_tracking":false,"_monsterinsights_sitenote_active":false,"_monsterinsights_sitenote_note":"","_monsterinsights_sitenote_category":0,"_uf_show_specific_survey":0,"_uf_disable_surveys":false,"_EventAllDay":false,"_EventTimezone":"Europe\/Paris","_EventStartDate":"2026-01-16 17:30:00","_EventEndDate":"2026-01-16 23:00:00","_EventStartDateUTC":"2026-01-16 16:30:00","_EventEndDateUTC":"2026-01-16 22:00:00","_EventShowMap":false,"_EventShowMapLink":false,"_EventURL":"","_EventCost":"","_EventCostDescription":"","_EventCurrencySymbol":"\u20ac","_EventCurrencyCode":"EUR","_EventCurrencyPosition":"suffix","_EventDateTimeSeparator":"","_EventTimeRangeSeparator":"","_EventOrganizerID":[],"_EventVenueID":[19796],"_OrganizerEmail":"","_OrganizerPhone":"","_OrganizerWebsite":"","_VenueAddress":"","_VenueCity":"","_VenueCountry":"","_VenueProvince":"","_VenueState":"","_VenueZip":"","_VenuePhone":"","_VenueURL":"","_VenueStateProvince":"","_VenueLat":"","_VenueLng":"","_VenueShowMap":false,"_VenueShowMapLink":false,"_tribe_events_status":"","_tribe_events_status_reason":"","footnotes":""},"tags":[],"tribe_events_cat":[],"class_list":["post-19795","tribe_events","type-tribe_events","status-publish","hentry"],"uagb_featured_image_src":{"full":false,"thumbnail":false,"medium":false,"medium_large":false,"large":false,"1536x1536":false,"2048x2048":false},"uagb_author_info":{"display_name":"Marie Lafargue","author_link":"http:\/\/www.adapei64.fr\/site\/author\/marie\/"},"uagb_comment_info":0,"uagb_excerpt":"\u00a0Vendredi 16 janvier \u00a0Salle du Belv\u00e9d\u00e8re, Serres-Castet \u00a0\u00c0 partir de 17h30 Entr\u00e9e libre La troupe \u00ab Arts Muse et Vous \u00bb, dirig\u00e9e par Michel Pucheu, vous donne rendez-vous pour une&hellip; Lire : Soir\u00e9e th\u00e9\u00e2tre au profil du T\u00e9l\u00e9thon, \u00e0 Serres-Castet","distributor_meta":false,"distributor_terms":false,"distributor_media":false,"distributor_original_site_name":"Adapei des Pyr\u00e9n\u00e9es-Atlantiques","distributor_original_site_url":"http:\/\/www.adapei64.fr\/site","push-errors":false,"_links":{"self":[{"href":"http:\/\/www.adapei64.fr\/site\/wp-json\/wp\/v2\/tribe_events\/19795","targetHints":{"allow":["GET"]}}],"collection":[{"href":"http:\/\/www.adapei64.fr\/site\/wp-json\/wp\/v2\/tribe_events"}],"about":[{"href":"http:\/\/www.adapei64.fr\/site\/wp-json\/wp\/v2\/types\/tribe_events"}],"author":[{"embeddable":true,"href":"http:\/\/www.adapei64.fr\/site\/wp-json\/wp\/v2\/users\/1"}],"version-history":[{"count":1,"href":"http:\/\/www.adapei64.fr\/site\/wp-json\/wp\/v2\/tribe_events\/19795\/revisions"}],"predecessor-version":[{"id":19797,"href":"http:\/\/www.adapei64.fr\/site\/wp-json\/wp\/v2\/tribe_events\/19795\/revisions\/19797"}],"wp:attachment":[{"href":"http:\/\/www.adapei64.fr\/site\/wp-json\/wp\/v2\/media?parent=19795"}],"wp:term":[{"taxonomy":"post_tag","embeddable":true,"href":"http:\/\/www.adapei64.fr\/site\/wp-json\/wp\/v2\/tags?post=19795"},{"taxonomy":"tribe_events_cat","embeddable":true,"href":"http:\/\/www.adapei64.fr\/site\/wp-json\/wp\/v2\/tribe_events_cat?post=19795"}],"curies":[{"name":"wp","href":"https:\/\/api.w.org\/{rel}","templated":true}]}}

Soirée théâtre au profil du Téléthon, à Serres-Castet

<p><img loading="lazy" decoding="async" src="https://static.xx.fbcdn.net/images/emoji.php/v9/t7e/1/16/1f4c5.png" alt="📅" width="16" height="16" /> Vendredi 16 janvier<br />
<img loading="lazy" decoding="async" src="https://static.xx.fbcdn.net/images/emoji.php/v9/t2d/1/16/1f4cd.png" alt="📍" width="16" height="16" /> Salle du Belvédère, Serres-Castet<br />
<img loading="lazy" decoding="async" src="https://static.xx.fbcdn.net/images/emoji.php/v9/t47/1/16/1f560.png" alt="🕠" width="16" height="16" /> À partir de 17h30<br />
Entrée libre</p>
<p>La troupe « Arts Muse et Vous », dirigée par Michel Pucheu, vous donne rendez-vous pour une soirée exceptionnelle placée sous le signe de la solidarité et de l’inclusion.</p>
<p>Avec passion et talent, ces comédiens – dont certains sont résidents du Foyer de Sauvagnon – vous présenteront 3 pièces de théâtre :</p>
<p>17h30 – « Au gré des saisons »<br />
19h30 – « Le caillou »<br />
21h30 – « Alice Zimmer »</p>
<p><img loading="lazy" decoding="async" src="https://static.xx.fbcdn.net/images/emoji.php/v9/tf4/1/16/2728.png" alt="✨" width="16" height="16" /> Votre présence sera leur plus belle récompense !</p>
<p>Tous les bénéfices de cette soirée seront intégralement reversés à l’AFM-Téléthon pour soutenir la lutte contre les myopathies.</p>
<p><img loading="lazy" decoding="async" src="https://static.xx.fbcdn.net/images/emoji.php/v9/t9e/1/16/27a1.png" alt="➡" width="16" height="16" /> Venez partager un moment fort, où l’art et la générosité se rencontrent.</p>
<p>On compte sur vous !</p>

<p> Vendredi 16 janvier  Salle du Belvédère, Serres-Castet  À partir de 17h30 Entrée libre La troupe « Arts Muse et Vous », dirigée par Michel Pucheu, vous donne rendez-vous pour une&hellip; <a class="continue" href="http://www.adapei64.fr/site/evenement/soiree-theatre-au-profil-du-telethon-a-serres-castet/">Lire :<span> Soirée théâtre au profil du Téléthon, à Serres-Castet</span></a></p>

Vendredi 16 janvier  Salle du Belvédère, Serres-Castet  À partir de 17h30 Entrée libre La troupe « Arts Muse et Vous », dirigée par Michel Pucheu, vous donne rendez-vous pour une&hellip; Lire : Soirée théâtre au profil du Téléthon, à Serres-Castet

Adapei des Pyrénées-Atlantiques
