{"id":12488,"date":"2023-09-20T08:49:18","date_gmt":"2023-09-20T06:49:18","guid":{"rendered":"https:\/\/www.adapei64.fr\/site\/?post_type=awsm_job_openings&#038;p=12488"},"modified":"2026-04-15T02:34:18","modified_gmt":"2026-04-15T00:34:18","slug":"2-volontaires-en-service-civique-h-f-participer-a-lanimation-et-a-laccompagnement-dadultes-en-situation-dhandicap-au-sein-dun-foyer-de-vie","status":"expired","type":"awsm_job_openings","link":"https:\/\/www.adapei64.fr\/site\/?post_type=awsm_job_openings&p=12488","title":{"rendered":"2 Volontaires en service civique (H\/F) : Participer \u00e0 l\u2019animation et \u00e0 l\u2019accompagnement d\u2019adultes en situation d\u2019handicap au sein d&#8217;un Foyer de vie"},"content":{"rendered":"<h2><strong><u>Cadre d\u2019intervention : <\/u><\/strong><\/h2>\n<p>L\u2019Adapei des Pyr\u00e9n\u00e9es-Atlantiques est gestionnaire d\u2019une quarantaine d\u2019\u00e9tablissements et services et accompagne environ 1700 personnes en situation de handicap.<\/p>\n<p>Vous trouverez l\u2019ensemble de ces \u00e9tablissements et services sur le site internet de l\u2019Adapei des Pyr\u00e9n\u00e9es-Atlantiques\u00a0: <a href=\"http:\/\/www.adapei64.fr\">www.adapei64.fr<\/a><\/p>\n<p>Porteuse des valeurs des associations parentales, l\u2019Adapei des Pyr\u00e9n\u00e9es-Atlantiques inscrit son projet associatif dans une posture de valorisation r\u00e9ciproque des comp\u00e9tences\u00a0:<\/p>\n<ul>\n<li>Cr\u00e9er une culture et une organisation bas\u00e9e sur le partage des connaissances,<\/li>\n<li>D\u00e9cloisonner les \u00e9tablissements et les services pour s\u2019enrichir mutuellement des expertises,<\/li>\n<li>Accompagner en valorisant les comp\u00e9tences de l\u2019ensemble des acteurs,<\/li>\n<li>Apprendre au niveau de son environnement en coop\u00e9rant avec d\u2019autres partenaires,<\/li>\n<li>Investir dans la recherche, le d\u00e9veloppement et l\u2019innovation.<\/li>\n<\/ul>\n<p>&nbsp;<\/p>\n<p>Le Complexe du Gabarn accompagne 60 personnes pr\u00e9sentant un handicap psychique et\/ou des d\u00e9ficiences intellectuelles. R\u00e9parti sur 2 sites, il est compos\u00e9 d\u2019un Foyer d\u2019Accueil M\u00e9dicalis\u00e9 accueillant 25 r\u00e9sidents, et d\u2019un Foyer de Vie accueillant 27 r\u00e9sidents et 8 externes.<\/p>\n<p>Le Foyer de vie est r\u00e9parti sur 2 sites \u00e0 Oloron Ste-Marie. Les deux jeunes volontaires seront donc affect\u00e9s chacun sur un site.<\/p>\n<p><strong>\u00a0<\/strong><\/p>\n<h2><strong><u>Missions\u00a0:<\/u><\/strong><\/h2>\n<p>Les volontaires auront pour mission principale d\u2019aider les \u00e9quipes du Foyer de Vie dans l\u2019accompagnement d\u2019adultes en situation d\u2019handicap.<\/p>\n<p>De fa\u00e7on d\u00e9taill\u00e9e, ils auront pour mission de :<\/p>\n<ul>\n<li>Contribuer au bien-\u00eatre des r\u00e9sidents et les accompagner dans les actes du quotidien,<\/li>\n<li>Animer et adapter des activit\u00e9s de soutien \u00e0 l\u2019entretien des espaces privatifs et affaires personnelles en lien avec l\u2019\u00e9quipe des accompagnants,<\/li>\n<li>Soutenir les \u00e9ducateurs dans les temps forts du quotidien,<\/li>\n<li>Mener avec les \u00e9ducateurs des ateliers \u00e9ducatifs ou des activit\u00e9s ludiques,<\/li>\n<li>Partager ses observations avec les \u00e9quipes \u00e9ducatives.<\/li>\n<\/ul>\n<p><strong>\u00a0<\/strong><\/p>\n<h2><strong><u>Profil recherch\u00e9 et Comp\u00e9tences requises\u00a0:<\/u><\/strong><\/h2>\n<ul>\n<li>Permis B souhait\u00e9,<\/li>\n<li>Disposer de qualit\u00e9s relationnelles et d\u2019\u00e9coute,<\/li>\n<li>Faire preuve d\u2019adaptation et de neutralit\u00e9,<\/li>\n<li>Savoir rendre compte de ses activit\u00e9s.<\/li>\n<\/ul>\n<p>&nbsp;<\/p>\n<h2><strong><u>Conditions\u00a0:<\/u><\/strong><\/h2>\n<ul>\n<li>2 Contrats de Service Civique \u00e0 temps plein (1 ETP),<\/li>\n<li>Missions \u00e0 pourvoir d\u00e8s que possible,<\/li>\n<li>Dur\u00e9e des missions\u00a0: 8 mois chacune,<\/li>\n<li>Indemnit\u00e9 mensuelle l\u00e9gale\u00a0: 609,96\u20ac nets,<\/li>\n<li>Type d\u2019horaires\u00a0: Externat (Horaires de journ\u00e9e du Lundi au Vendredi).<\/li>\n<\/ul>\n<p>&nbsp;<\/p>\n<p>Merci d\u2019adresser votre candidature (CV + Lettre de motivation) <strong>d\u00e8s que possible<\/strong>, \u00e0 l\u2019attention de Madame Sandrine LARRIBIT\u00c9 \u2013 Directrice du Complexe du Gabarn :<\/p>\n<ul>\n<li>par mail : <a href=\"mailto:gabarn.accueil@adapei64.fr?subject=Service%20Civique%202023\">gabarn.accueil@adapei64.f<\/a>r<\/li>\n<li>ou par courrier : Complexe du Gabarn &#8211; 12 Chemin de Laborde &#8211; 64400 Oloron-Ste-Marie<\/li>\n<\/ul>\n<p>Pour tout renseignement compl\u00e9mentaire, vous pouvez contacter l\u2019\u00e9tablissement au\u00a0: 05 59 39 18 82.<\/p>\n<p>&nbsp;<\/p>\n","protected":false},"excerpt":{"rendered":"<p>Cadre d\u2019intervention : L\u2019Adapei des Pyr\u00e9n\u00e9es-Atlantiques est gestionnaire d\u2019une quarantaine d\u2019\u00e9tablissements et services et accompagne environ 1700 personnes en situation de handicap. Vous trouverez l\u2019ensemble de ces \u00e9tablissements et services&hellip; <a class=\"continue\" href=\"https:\/\/www.adapei64.fr\/site\/?post_type=awsm_job_openings&#038;p=12488\">Lire :<span> 2 Volontaires en service civique (H\/F) : Participer \u00e0 l\u2019animation et \u00e0 l\u2019accompagnement d\u2019adultes en situation d\u2019handicap au sein d&#8217;un Foyer de vie<\/span><\/a><\/p>\n","protected":false},"author":96,"template":"","meta":{"_crdt_document":"","om_disable_all_campaigns":false,"_uag_custom_page_level_css":"","_monsterinsights_skip_tracking":false,"_monsterinsights_sitenote_active":false,"_monsterinsights_sitenote_note":"","_monsterinsights_sitenote_category":0,"_uf_show_specific_survey":0,"_uf_disable_surveys":false,"_EventAllDay":false,"_EventTimezone":"","_EventStartDate":"","_EventEndDate":"","_EventStartDateUTC":"","_EventEndDateUTC":"","_EventShowMap":false,"_EventShowMapLink":false,"_EventURL":"","_EventCost":"","_EventCostDescription":"","_EventCurrencySymbol":"","_EventCurrencyCode":"","_EventCurrencyPosition":"","_EventDateTimeSeparator":"","_EventTimeRangeSeparator":"","_EventOrganizerID":[],"_EventVenueID":[],"_OrganizerEmail":"","_OrganizerPhone":"","_OrganizerWebsite":"","_VenueAddress":"","_VenueCity":"","_VenueCountry":"","_VenueProvince":"","_VenueState":"","_VenueZip":"","_VenuePhone":"","_VenueURL":"","_VenueStateProvince":"","_VenueLat":"","_VenueLng":"","_VenueShowMap":false,"_VenueShowMapLink":false},"class_list":["post-12488","awsm_job_openings","type-awsm_job_openings","status-expired","hentry","job-category-fonctions-educatives","job-type-temps-plein-1-etp","job-location-complexe-du-gabarn-oloron-ste-marie","job_contrat-service-civique"],"uagb_featured_image_src":[],"uagb_author_info":{"display_name":"siegerh","author_link":"https:\/\/www.adapei64.fr\/site\/author\/siegerh\/"},"uagb_comment_info":0,"uagb_excerpt":"Cadre d\u2019intervention : L\u2019Adapei des Pyr\u00e9n\u00e9es-Atlantiques est gestionnaire d\u2019une quarantaine d\u2019\u00e9tablissements et services et accompagne environ 1700 personnes en situation de handicap. Vous trouverez l\u2019ensemble de ces \u00e9tablissements et services&hellip; Lire : 2 Volontaires en service civique (H\/F) : Participer \u00e0 l\u2019animation et \u00e0 l\u2019accompagnement d\u2019adultes en situation d\u2019handicap au sein d&#8217;un Foyer de vie","distributor_meta":false,"distributor_terms":false,"distributor_media":false,"distributor_original_site_name":"Adapei des Pyr\u00e9n\u00e9es-Atlantiques","distributor_original_site_url":"https:\/\/www.adapei64.fr\/site","push-errors":false,"_links":{"self":[{"href":"https:\/\/www.adapei64.fr\/site\/wp-json\/wp\/v2\/awsm_job_openings\/12488","targetHints":{"allow":["GET"]}}],"collection":[{"href":"https:\/\/www.adapei64.fr\/site\/wp-json\/wp\/v2\/awsm_job_openings"}],"about":[{"href":"https:\/\/www.adapei64.fr\/site\/wp-json\/wp\/v2\/types\/awsm_job_openings"}],"author":[{"embeddable":true,"href":"https:\/\/www.adapei64.fr\/site\/wp-json\/wp\/v2\/users\/96"}],"wp:attachment":[{"href":"https:\/\/www.adapei64.fr\/site\/wp-json\/wp\/v2\/media?parent=12488"}],"curies":[{"name":"wp","href":"https:\/\/api.w.org\/{rel}","templated":true}]}}

2 Volontaires en service civique (H/F) : Participer à l’animation et à l’accompagnement d’adultes en situation d’handicap au sein d&#8217;un Foyer de vie

<h2><strong><u>Cadre d’intervention : </u></strong></h2>
<p>L’Adapei des Pyrénées-Atlantiques est gestionnaire d’une quarantaine d’établissements et services et accompagne environ 1700 personnes en situation de handicap.</p>
<p>Vous trouverez l’ensemble de ces établissements et services sur le site internet de l’Adapei des Pyrénées-Atlantiques : <a href="http://www.adapei64.fr">www.adapei64.fr</a></p>
<p>Porteuse des valeurs des associations parentales, l’Adapei des Pyrénées-Atlantiques inscrit son projet associatif dans une posture de valorisation réciproque des compétences :</p>
<ul>
<li>Créer une culture et une organisation basée sur le partage des connaissances,</li>
<li>Décloisonner les établissements et les services pour s’enrichir mutuellement des expertises,</li>
<li>Accompagner en valorisant les compétences de l’ensemble des acteurs,</li>
<li>Apprendre au niveau de son environnement en coopérant avec d’autres partenaires,</li>
<li>Investir dans la recherche, le développement et l’innovation.</li>
</ul>
<p>&nbsp;</p>
<p>Le Complexe du Gabarn accompagne 60 personnes présentant un handicap psychique et/ou des déficiences intellectuelles. Réparti sur 2 sites, il est composé d’un Foyer d’Accueil Médicalisé accueillant 25 résidents, et d’un Foyer de Vie accueillant 27 résidents et 8 externes.</p>
<p>Le Foyer de vie est réparti sur 2 sites à Oloron Ste-Marie. Les deux jeunes volontaires seront donc affectés chacun sur un site.</p>
<p><strong> </strong></p>
<h2><strong><u>Missions :</u></strong></h2>
<p>Les volontaires auront pour mission principale d’aider les équipes du Foyer de Vie dans l’accompagnement d’adultes en situation d’handicap.</p>
<p>De façon détaillée, ils auront pour mission de :</p>
<ul>
<li>Contribuer au bien-être des résidents et les accompagner dans les actes du quotidien,</li>
<li>Animer et adapter des activités de soutien à l’entretien des espaces privatifs et affaires personnelles en lien avec l’équipe des accompagnants,</li>
<li>Soutenir les éducateurs dans les temps forts du quotidien,</li>
<li>Mener avec les éducateurs des ateliers éducatifs ou des activités ludiques,</li>
<li>Partager ses observations avec les équipes éducatives.</li>
</ul>
<p><strong> </strong></p>
<h2><strong><u>Profil recherché et Compétences requises :</u></strong></h2>
<ul>
<li>Permis B souhaité,</li>
<li>Disposer de qualités relationnelles et d’écoute,</li>
<li>Faire preuve d’adaptation et de neutralité,</li>
<li>Savoir rendre compte de ses activités.</li>
</ul>
<p>&nbsp;</p>
<h2><strong><u>Conditions :</u></strong></h2>
<ul>
<li>2 Contrats de Service Civique à temps plein (1 ETP),</li>
<li>Missions à pourvoir dès que possible,</li>
<li>Durée des missions : 8 mois chacune,</li>
<li>Indemnité mensuelle légale : 609,96€ nets,</li>
<li>Type d’horaires : Externat (Horaires de journée du Lundi au Vendredi).</li>
</ul>
<p>&nbsp;</p>
<p>Merci d’adresser votre candidature (CV + Lettre de motivation) <strong>dès que possible</strong>, à l’attention de Madame Sandrine LARRIBITÉ – Directrice du Complexe du Gabarn :</p>
<ul>
<li>par mail : <a href="mailto:gabarn.accueil@adapei64.fr?subject=Service%20Civique%202023">gabarn.accueil@adapei64.f</a>r</li>
<li>ou par courrier : Complexe du Gabarn &#8211; 12 Chemin de Laborde &#8211; 64400 Oloron-Ste-Marie</li>
</ul>
<p>Pour tout renseignement complémentaire, vous pouvez contacter l’établissement au : 05 59 39 18 82.</p>
<p>&nbsp;</p>

<p>Cadre d’intervention : L’Adapei des Pyrénées-Atlantiques est gestionnaire d’une quarantaine d’établissements et services et accompagne environ 1700 personnes en situation de handicap. Vous trouverez l’ensemble de ces établissements et services&hellip; <a class="continue" href="https://www.adapei64.fr/site/?post_type=awsm_job_openings&#038;p=12488">Lire :<span> 2 Volontaires en service civique (H/F) : Participer à l’animation et à l’accompagnement d’adultes en situation d’handicap au sein d&#8217;un Foyer de vie</span></a></p>

Cadre d’intervention : L’Adapei des Pyrénées-Atlantiques est gestionnaire d’une quarantaine d’établissements et services et accompagne environ 1700 personnes en situation de handicap. Vous trouverez l’ensemble de ces établissements et services&hellip; Lire : 2 Volontaires en service civique (H/F) : Participer à l’animation et à l’accompagnement d’adultes en situation d’handicap au sein d&#8217;un Foyer de vie

Adapei des Pyrénées-Atlantiques
