{"id":14155,"date":"2024-05-06T09:51:26","date_gmt":"2024-05-06T07:51:26","guid":{"rendered":"https:\/\/www.adapei64.fr\/site\/?post_type=awsm_job_openings&#038;p=14155"},"modified":"2026-04-15T02:34:17","modified_gmt":"2026-04-15T00:34:17","slug":"1-medecin-coordinateur-h-f-0-20-etp-cdi","status":"expired","type":"awsm_job_openings","link":"https:\/\/www.adapei64.fr\/site\/?post_type=awsm_job_openings&p=14155","title":{"rendered":"1 M\u00e9decin Coordinateur (H\/F) \u2013 0.20 ETP \u2013 CDI"},"content":{"rendered":"\n<p class=\"has-large-font-size wp-block-paragraph\"><strong><u>Cadre d\u2019intervention :<\/u><\/strong><\/p>\n\n\n\n<p class=\"wp-block-paragraph\">L\u2019Adapei des Pyr\u00e9n\u00e9es-Atlantiques est gestionnaire d\u2019une quarantaine d\u2019\u00e9tablissements et services et accompagne environ 1700 personnes en situation de handicap.<\/p>\n\n\n\n<p class=\"wp-block-paragraph\">Vous trouverez l\u2019ensemble de ces \u00e9tablissements et services sur le site internet de l\u2019Adapei des Pyr\u00e9n\u00e9es-Atlantiques&nbsp;: <a href=\"http:\/\/www.adapei64.fr\">www.adapei64.fr<\/a>&nbsp;&nbsp;<\/p>\n\n\n\n<p class=\"wp-block-paragraph\">Porteuse des valeurs des associations parentales, l\u2019Adapei des Pyr\u00e9n\u00e9es-Atlantiques inscrit son projet associatif dans une posture de valorisation r\u00e9ciproque des comp\u00e9tences&nbsp;:<\/p>\n\n\n\n<ul class=\"wp-block-list\">\n<li>Cr\u00e9er une culture et une organisation bas\u00e9e sur le partage des connaissances,<\/li>\n\n\n\n<li>D\u00e9cloisonner les \u00e9tablissements et les services pour s\u2019enrichir mutuellement des expertises,<\/li>\n\n\n\n<li>Accompagner en valorisant les comp\u00e9tences de l\u2019ensemble des acteurs,<\/li>\n\n\n\n<li>Apprendre au niveau de son environnement en coop\u00e9rant avec d\u2019autres partenaires,<\/li>\n\n\n\n<li>Investir dans la recherche, le d\u00e9veloppement et l\u2019innovation.<\/li>\n<\/ul>\n\n\n\n<p class=\"wp-block-paragraph\">Le Complexe du Gabarn accompagne 60 personnes handicap\u00e9es psychiques et\/ou d\u00e9ficientes intellectuelles (un Foyer d\u2019Accueil M\u00e9dicalis\u00e9 25 r\u00e9sidents et un Foyer de vie 27 r\u00e9sidents et\u00a08 externes).<\/p>\n\n\n\n<p class=\"has-large-font-size wp-block-paragraph\"><strong><u>Missions&nbsp;:<\/u><\/strong><\/p>\n\n\n\n<p class=\"wp-block-paragraph\">Le m\u00e9decin coordonnateur est charg\u00e9, dans le cadre du projet d\u2019\u00e9tablissement, d\u2019\u00e9tablir, organiser et g\u00e9rer des liens permettant l\u2019optimisation de la prise en charge sanitaire, sociale et m\u00e9dico-sociale d\u2019une personne dans un parcours de soins, de coordonner la r\u00e9alisation d\u2019une d\u00e9marche pluridisciplinaire selon le projet de soins \u00e9tabli et en fonction de leur projet personnalis\u00e9 :<\/p>\n\n\n\n<ul class=\"wp-block-list\">\n<li>R\u00e9f\u00e9rent du parcours de soins des personnes accompagn\u00e9es<\/li>\n\n\n\n<li>R\u00e9f\u00e9rent de l\u2019\u00e9laboration et de la mise en \u0153uvre des protocoles de soins<\/li>\n\n\n\n<li>Interlocuteurs des praticiens et m\u00e9decins sp\u00e9cialistes<\/li>\n\n\n\n<li>Consultations de pr\u00e9 diagnostic<\/li>\n\n\n\n<li>Travail en lien avec les infirmi\u00e8res et l\u2019\u00e9quipe pluridisciplinaire<\/li>\n\n\n\n<li>S\u2019implique et participe au projet de formation, anime des formations flash de r\u00e9actualisation sur les r\u00e9alisations m\u00e9dicale<\/li>\n<\/ul>\n\n\n\n<p class=\"has-large-font-size wp-block-paragraph\"><strong><u>Profil recherch\u00e9 et Comp\u00e9tences requises&nbsp;:<\/u><\/strong><\/p>\n\n\n\n<ul class=\"wp-block-list\">\n<li>Dipl\u00f4me d\u2019\u00c9tat de Docteur en M\u00e9decine \u2013 DU de m\u00e9decin coordonnateur serait un plus.<\/li>\n\n\n\n<li>Connaissance appr\u00e9ci\u00e9e du secteur m\u00e9dico-social, du public handicap\u00e9 psychique, mental et vieillissant,<\/li>\n\n\n\n<li>Qualit\u00e9 relationnelle et d\u2019humanit\u00e9,<\/li>\n\n\n\n<li>Capacit\u00e9s d\u2019\u00e9coute et d\u2019adaptation,<\/li>\n\n\n\n<li>Savoir d\u00e9velopper une relation respectueuse et bienveillante de la personne,<\/li>\n\n\n\n<li>Faire preuve d\u2019autonomie et de rigueur,\u00a0<\/li>\n\n\n\n<li>Savoir travailler au sein d\u2019une \u00e9quipe pluri-professionnelle,<\/li>\n\n\n\n<li>\u00catre en capacit\u00e9 de rendre compte de ses activit\u00e9s,<\/li>\n\n\n\n<li>Aisance r\u00e9dactionnelle.\u00a0\u00a0\u00a0\u00a0\u00a0\u00a0\u00a0\u00a0\u00a0<\/li>\n<\/ul>\n\n\n\n<p class=\"has-large-font-size wp-block-paragraph\"><strong><u>Conditions&nbsp;:<\/u><\/strong><\/p>\n\n\n\n<ul class=\"wp-block-list\">\n<li>1 Contrat \u00e0 Dur\u00e9e Ind\u00e9termin\u00e9e \u00e0 temps partiel (0.20 ETP), \u00e0 pourvoir d\u00e8s que possible, <\/li>\n\n\n\n<li>Convention Collective Nationale du 15 mars 1966,<\/li>\n\n\n\n<li>Classification du poste\u00a0: M\u00e9decin G\u00e9n\u00e9raliste (H\/F) sous r\u00e9serves des exigences conventionnelles,<\/li>\n\n\n\n<li>R\u00e9mun\u00e9ration selon les exigences conventionnelles,<\/li>\n\n\n\n<li>Type d\u2019horaires\u00a0: Externat \u2013 Groupe 1.<\/li>\n<\/ul>\n\n\n\n<p class=\"wp-block-paragraph\">Merci d\u2019adresser votre candidature (CV + Lettre de motivation) <strong><u>d\u00e8s que possible<\/u><\/strong>, \u00e0 l\u2019attention de Madame Larribit\u00e9, Directrice du Complexe du Gabarn, par voie postale&nbsp;:<\/p>\n\n\n\n<p class=\"wp-block-paragraph\">Complexe Le Gabarn \u2013 A l\u2019attention de la Direction \u2013 12 Chemin de Laborde \u2013 64400 OLORON ou par mail&nbsp;: <a href=\"mailto:gabarn.accueil@adapei64.fr\">gabarn.accueil@adapei64.fr<\/a><\/p>\n\n\n\n<p class=\"wp-block-paragraph\">Pour tout renseignement compl\u00e9mentaire, vous pouvez contacter l\u2019\u00e9tablissement au\u00a0: 05.59.39.18.82<\/p>\n","protected":false},"excerpt":{"rendered":"<p>Cadre d\u2019intervention : L\u2019Adapei des Pyr\u00e9n\u00e9es-Atlantiques est gestionnaire d\u2019une quarantaine d\u2019\u00e9tablissements et services et accompagne environ 1700 personnes en situation de handicap. Vous trouverez l\u2019ensemble de ces \u00e9tablissements et services&hellip; <a class=\"continue\" href=\"https:\/\/www.adapei64.fr\/site\/?post_type=awsm_job_openings&#038;p=14155\">Lire :<span> 1 M\u00e9decin Coordinateur (H\/F) \u2013 0.20 ETP \u2013 CDI<\/span><\/a><\/p>\n","protected":false},"author":96,"template":"","meta":{"_crdt_document":"","om_disable_all_campaigns":false,"_uag_custom_page_level_css":"","_monsterinsights_skip_tracking":false,"_monsterinsights_sitenote_active":false,"_monsterinsights_sitenote_note":"","_monsterinsights_sitenote_category":0,"_uf_show_specific_survey":0,"_uf_disable_surveys":false,"_EventAllDay":false,"_EventTimezone":"","_EventStartDate":"","_EventEndDate":"","_EventStartDateUTC":"","_EventEndDateUTC":"","_EventShowMap":false,"_EventShowMapLink":false,"_EventURL":"","_EventCost":"","_EventCostDescription":"","_EventCurrencySymbol":"","_EventCurrencyCode":"","_EventCurrencyPosition":"","_EventDateTimeSeparator":"","_EventTimeRangeSeparator":"","_EventOrganizerID":[],"_EventVenueID":[],"_OrganizerEmail":"","_OrganizerPhone":"","_OrganizerWebsite":"","_VenueAddress":"","_VenueCity":"","_VenueCountry":"","_VenueProvince":"","_VenueState":"","_VenueZip":"","_VenuePhone":"","_VenueURL":"","_VenueStateProvince":"","_VenueLat":"","_VenueLng":"","_VenueShowMap":false,"_VenueShowMapLink":false},"class_list":["post-14155","awsm_job_openings","type-awsm_job_openings","status-expired","hentry"],"uagb_featured_image_src":[],"uagb_author_info":{"display_name":"siegerh","author_link":"https:\/\/www.adapei64.fr\/site\/author\/siegerh\/"},"uagb_comment_info":0,"uagb_excerpt":"Cadre d\u2019intervention : L\u2019Adapei des Pyr\u00e9n\u00e9es-Atlantiques est gestionnaire d\u2019une quarantaine d\u2019\u00e9tablissements et services et accompagne environ 1700 personnes en situation de handicap. Vous trouverez l\u2019ensemble de ces \u00e9tablissements et services&hellip; Lire : 1 M\u00e9decin Coordinateur (H\/F) \u2013 0.20 ETP \u2013 CDI","distributor_meta":false,"distributor_terms":false,"distributor_media":false,"distributor_original_site_name":"Adapei des Pyr\u00e9n\u00e9es-Atlantiques","distributor_original_site_url":"https:\/\/www.adapei64.fr\/site","push-errors":false,"_links":{"self":[{"href":"https:\/\/www.adapei64.fr\/site\/wp-json\/wp\/v2\/awsm_job_openings\/14155","targetHints":{"allow":["GET"]}}],"collection":[{"href":"https:\/\/www.adapei64.fr\/site\/wp-json\/wp\/v2\/awsm_job_openings"}],"about":[{"href":"https:\/\/www.adapei64.fr\/site\/wp-json\/wp\/v2\/types\/awsm_job_openings"}],"author":[{"embeddable":true,"href":"https:\/\/www.adapei64.fr\/site\/wp-json\/wp\/v2\/users\/96"}],"wp:attachment":[{"href":"https:\/\/www.adapei64.fr\/site\/wp-json\/wp\/v2\/media?parent=14155"}],"curies":[{"name":"wp","href":"https:\/\/api.w.org\/{rel}","templated":true}]}}

1 Médecin Coordinateur (H/F) – 0.20 ETP – CDI

<p class="has-large-font-size wp-block-paragraph"><strong><u>Cadre d’intervention :</u></strong></p>



<p class="wp-block-paragraph">L’Adapei des Pyrénées-Atlantiques est gestionnaire d’une quarantaine d’établissements et services et accompagne environ 1700 personnes en situation de handicap.</p>



<p class="wp-block-paragraph">Vous trouverez l’ensemble de ces établissements et services sur le site internet de l’Adapei des Pyrénées-Atlantiques&nbsp;: <a href="http://www.adapei64.fr">www.adapei64.fr</a>&nbsp;&nbsp;</p>



<p class="wp-block-paragraph">Porteuse des valeurs des associations parentales, l’Adapei des Pyrénées-Atlantiques inscrit son projet associatif dans une posture de valorisation réciproque des compétences&nbsp;:</p>



<ul class="wp-block-list">
<li>Créer une culture et une organisation basée sur le partage des connaissances,</li>



<li>Décloisonner les établissements et les services pour s’enrichir mutuellement des expertises,</li>



<li>Accompagner en valorisant les compétences de l’ensemble des acteurs,</li>



<li>Apprendre au niveau de son environnement en coopérant avec d’autres partenaires,</li>



<li>Investir dans la recherche, le développement et l’innovation.</li>
</ul>



<p class="wp-block-paragraph">Le Complexe du Gabarn accompagne 60 personnes handicapées psychiques et/ou déficientes intellectuelles (un Foyer d’Accueil Médicalisé 25 résidents et un Foyer de vie 27 résidents et 8 externes).</p>



<p class="has-large-font-size wp-block-paragraph"><strong><u>Missions&nbsp;:</u></strong></p>



<p class="wp-block-paragraph">Le médecin coordonnateur est chargé, dans le cadre du projet d’établissement, d’établir, organiser et gérer des liens permettant l’optimisation de la prise en charge sanitaire, sociale et médico-sociale d’une personne dans un parcours de soins, de coordonner la réalisation d’une démarche pluridisciplinaire selon le projet de soins établi et en fonction de leur projet personnalisé :</p>



<ul class="wp-block-list">
<li>Référent du parcours de soins des personnes accompagnées</li>



<li>Référent de l’élaboration et de la mise en œuvre des protocoles de soins</li>



<li>Interlocuteurs des praticiens et médecins spécialistes</li>



<li>Consultations de pré diagnostic</li>



<li>Travail en lien avec les infirmières et l’équipe pluridisciplinaire</li>



<li>S’implique et participe au projet de formation, anime des formations flash de réactualisation sur les réalisations médicale</li>
</ul>



<p class="has-large-font-size wp-block-paragraph"><strong><u>Profil recherché et Compétences requises&nbsp;:</u></strong></p>



<ul class="wp-block-list">
<li>Diplôme d’État de Docteur en Médecine – DU de médecin coordonnateur serait un plus.</li>



<li>Connaissance appréciée du secteur médico-social, du public handicapé psychique, mental et vieillissant,</li>



<li>Qualité relationnelle et d’humanité,</li>



<li>Capacités d’écoute et d’adaptation,</li>



<li>Savoir développer une relation respectueuse et bienveillante de la personne,</li>



<li>Faire preuve d’autonomie et de rigueur, </li>



<li>Savoir travailler au sein d’une équipe pluri-professionnelle,</li>



<li>Être en capacité de rendre compte de ses activités,</li>



<li>Aisance rédactionnelle.         </li>
</ul>



<p class="has-large-font-size wp-block-paragraph"><strong><u>Conditions&nbsp;:</u></strong></p>



<ul class="wp-block-list">
<li>1 Contrat à Durée Indéterminée à temps partiel (0.20 ETP), à pourvoir dès que possible, </li>



<li>Convention Collective Nationale du 15 mars 1966,</li>



<li>Classification du poste : Médecin Généraliste (H/F) sous réserves des exigences conventionnelles,</li>



<li>Rémunération selon les exigences conventionnelles,</li>



<li>Type d’horaires : Externat – Groupe 1.</li>
</ul>



<p class="wp-block-paragraph">Merci d’adresser votre candidature (CV + Lettre de motivation) <strong><u>dès que possible</u></strong>, à l’attention de Madame Larribité, Directrice du Complexe du Gabarn, par voie postale&nbsp;:</p>



<p class="wp-block-paragraph">Complexe Le Gabarn – A l’attention de la Direction – 12 Chemin de Laborde – 64400 OLORON ou par mail&nbsp;: <a href="mailto:gabarn.accueil@adapei64.fr">gabarn.accueil@adapei64.fr</a></p>



<p class="wp-block-paragraph">Pour tout renseignement complémentaire, vous pouvez contacter l’établissement au : 05.59.39.18.82</p>

<p>Cadre d’intervention : L’Adapei des Pyrénées-Atlantiques est gestionnaire d’une quarantaine d’établissements et services et accompagne environ 1700 personnes en situation de handicap. Vous trouverez l’ensemble de ces établissements et services&hellip; <a class="continue" href="https://www.adapei64.fr/site/?post_type=awsm_job_openings&#038;p=14155">Lire :<span> 1 Médecin Coordinateur (H/F) – 0.20 ETP – CDI</span></a></p>

Cadre d’intervention : L’Adapei des Pyrénées-Atlantiques est gestionnaire d’une quarantaine d’établissements et services et accompagne environ 1700 personnes en situation de handicap. Vous trouverez l’ensemble de ces établissements et services&hellip; Lire : 1 Médecin Coordinateur (H/F) – 0.20 ETP – CDI

Adapei des Pyrénées-Atlantiques
