{"id":17703,"date":"2025-06-05T15:07:44","date_gmt":"2025-06-05T13:07:44","guid":{"rendered":"https:\/\/www.adapei64.fr\/site\/?post_type=awsm_job_openings&#038;p=17703"},"modified":"2025-07-01T02:34:37","modified_gmt":"2025-07-01T00:34:37","slug":"2-aides-soignants-h-f","status":"expired","type":"awsm_job_openings","link":"https:\/\/www.adapei64.fr\/site\/?post_type=awsm_job_openings&p=17703","title":{"rendered":"2 Aides-Soignants (H\/F)"},"content":{"rendered":"\n<p class=\"wp-block-paragraph\">Le Complexe du Gabarn accompagne 60 personnes pr\u00e9sentant un handicap psychique et\/ou des d\u00e9ficiences intellectuelles. R\u00e9parti sur 2 sites, il est compos\u00e9 d\u2019un Foyer d\u2019Accueil M\u00e9dicalis\u00e9 accueillant 25 r\u00e9sidents, et d\u2019un Foyer de vie accueillant 27 r\u00e9sidents et 8 externes.<\/p>\n\n\n\n<p class=\"wp-block-paragraph\"><strong><u>Missions&nbsp;:<\/u><\/strong><\/p>\n\n\n\n<ul class=\"wp-block-list\">\n<li>Accompagner et prendre soin des r\u00e9sidents dans tous les actes de la vie quotidienne, en favorisant leur confort et leur mieux-\u00eatre,<\/li>\n\n\n\n<li>Les soutenir dans le domaine de leur vie personnelle et sociale, proposer des activit\u00e9s favorisant le maintien et le d\u00e9veloppement de leurs potentialit\u00e9s,<\/li>\n\n\n\n<li>Participer aux soins m\u00e9dicaux, param\u00e9dicaux, \u00e0 l\u2019ensemble des activit\u00e9s r\u00e9\u00e9ducatives, psycho-corporelles et de soutien psychologique,<\/li>\n\n\n\n<li>Participer \u00e0 la dynamique du projet individuel, du projet d\u2019\u00e9tablissement et \u00e0 leur \u00e9valuation.<\/li>\n<\/ul>\n\n\n\n<p class=\"wp-block-paragraph\"><strong><u>Profil recherch\u00e9 et Comp\u00e9tences requises&nbsp;:<\/u><\/strong><\/p>\n\n\n\n<ul class=\"wp-block-list\">\n<li>Titulaire du Dipl\u00f4me d\u2019Etat d\u2019Aide-Soignant,<\/li>\n\n\n\n<li>Exp\u00e9rience souhait\u00e9e dans le domaine de l\u2019accompagnement d\u2019adultes en situation de handicap mental,<\/li>\n\n\n\n<li>Connaissance des besoins sp\u00e9cifiques des personnes en situation de polyhandicap, et li\u00e9s aux pathologies mentales,<\/li>\n\n\n\n<li>Pratique de la fonction de r\u00e9f\u00e9rence socio \u2013 \u00e9ducative,<\/li>\n\n\n\n<li>Ma\u00eetrise de la m\u00e9thodologie du projet individuel,<\/li>\n\n\n\n<li>\u00a0Qualit\u00e9s relationnelles inh\u00e9rentes \u00e0 la prise en charge de la vie quotidienne, et \u00e0 l\u2019approche soignante,<\/li>\n\n\n\n<li>Capacit\u00e9 \u00e0 contribuer au travail clinique de l\u2019\u00e9quipe pluridisciplinaire, pratique de la d\u00e9marche qualit\u00e9 mise en place par l\u2019\u00e9tablissement,<\/li>\n<\/ul>\n\n\n\n<p class=\"wp-block-paragraph\"><strong><u>Conditions&nbsp;:<\/u><\/strong><\/p>\n\n\n\n<ul class=\"wp-block-list\">\n<li>2 Contrats \u00e0 Dur\u00e9e Ind\u00e9termin\u00e9e \u00e0 temps plein (1ETP),<\/li>\n\n\n\n<li>Convention Collective Nationale du 15 mars 1966,<\/li>\n\n\n\n<li>Classification du poste\u00a0: Aide-soignant (H\/F), sous r\u00e9serves des exigences conventionnelles,<\/li>\n\n\n\n<li>R\u00e9mun\u00e9ration selon les exigences conventionnelles,<\/li>\n\n\n\n<li>Type d\u2019horaires\u00a0: Internat (horaires irr\u00e9guliers incluant des services de nuit, week-end et jours f\u00e9ri\u00e9s) \u2013 Groupe 1.\u00a0<\/li>\n<\/ul>\n\n\n\n<p class=\"wp-block-paragraph\">Merci d\u2019adresser votre candidature (CV + Lettre de motivation) <strong><u>jusqu\u2019au 30 juin 2025<\/u><\/strong>, \u00e0 l\u2019attention de Madame Sandrine LARRIBIT\u00c9 \u2013 Directrice du Complexe du Gabarn&nbsp;:<\/p>\n\n\n\n<ul class=\"wp-block-list\">\n<li>\u00a0par mail\u00a0: <a href=\"mailto:gabarn.accueil@adapei64.fr\">gabarn.accueil@adapei64.fr<\/a><\/li>\n\n\n\n<li>\u00a0ou par courrier\u00a0: Complexe du Gabarn, 12 chemin de Laborde 64400 Oloron Ste Marie<\/li>\n<\/ul>\n\n\n\n<ul class=\"wp-block-list\">\n<li><em>\u00a0<\/em><\/li>\n\n\n\n<li><em>\u00a0<\/em><\/li>\n<\/ul>\n\n\n\n<p class=\"wp-block-paragraph\">Pour tout renseignement compl\u00e9mentaire, vous pouvez contacter l\u2019\u00e9tablissement au&nbsp;: 05.59.39.81.16<\/p>\n","protected":false},"excerpt":{"rendered":"<p>Le Complexe du Gabarn accompagne 60 personnes pr\u00e9sentant un handicap psychique et\/ou des d\u00e9ficiences intellectuelles. R\u00e9parti sur 2 sites, il est compos\u00e9 d\u2019un Foyer d\u2019Accueil M\u00e9dicalis\u00e9 accueillant 25 r\u00e9sidents, et&hellip; <a class=\"continue\" href=\"https:\/\/www.adapei64.fr\/site\/?post_type=awsm_job_openings&#038;p=17703\">Lire :<span> 2 Aides-Soignants (H\/F)<\/span><\/a><\/p>\n","protected":false},"author":96,"template":"","meta":{"_crdt_document":"","om_disable_all_campaigns":false,"_uag_custom_page_level_css":"","_monsterinsights_skip_tracking":false,"_monsterinsights_sitenote_active":false,"_monsterinsights_sitenote_note":"","_monsterinsights_sitenote_category":0,"_uf_show_specific_survey":0,"_uf_disable_surveys":false,"_EventAllDay":false,"_EventTimezone":"","_EventStartDate":"","_EventEndDate":"","_EventStartDateUTC":"","_EventEndDateUTC":"","_EventShowMap":false,"_EventShowMapLink":false,"_EventURL":"","_EventCost":"","_EventCostDescription":"","_EventCurrencySymbol":"","_EventCurrencyCode":"","_EventCurrencyPosition":"","_EventDateTimeSeparator":"","_EventTimeRangeSeparator":"","_EventOrganizerID":[],"_EventVenueID":[],"_OrganizerEmail":"","_OrganizerPhone":"","_OrganizerWebsite":"","_VenueAddress":"","_VenueCity":"","_VenueCountry":"","_VenueProvince":"","_VenueState":"","_VenueZip":"","_VenuePhone":"","_VenueURL":"","_VenueStateProvince":"","_VenueLat":"","_VenueLng":"","_VenueShowMap":false,"_VenueShowMapLink":false},"class_list":["post-17703","awsm_job_openings","type-awsm_job_openings","status-expired","hentry","job-category-fonctions-services-generaux","job-type-temps-plein-1-etp","job-location-complexe-du-gabarn-oloron-ste-marie","job_contrat-cdi"],"uagb_featured_image_src":[],"uagb_author_info":{"display_name":"siegerh","author_link":"https:\/\/www.adapei64.fr\/site\/author\/siegerh\/"},"uagb_comment_info":0,"uagb_excerpt":"Le Complexe du Gabarn accompagne 60 personnes pr\u00e9sentant un handicap psychique et\/ou des d\u00e9ficiences intellectuelles. R\u00e9parti sur 2 sites, il est compos\u00e9 d\u2019un Foyer d\u2019Accueil M\u00e9dicalis\u00e9 accueillant 25 r\u00e9sidents, et&hellip; Lire : 2 Aides-Soignants (H\/F)","distributor_meta":false,"distributor_terms":false,"distributor_media":false,"distributor_original_site_name":"Adapei des Pyr\u00e9n\u00e9es-Atlantiques","distributor_original_site_url":"https:\/\/www.adapei64.fr\/site","push-errors":false,"_links":{"self":[{"href":"https:\/\/www.adapei64.fr\/site\/wp-json\/wp\/v2\/awsm_job_openings\/17703","targetHints":{"allow":["GET"]}}],"collection":[{"href":"https:\/\/www.adapei64.fr\/site\/wp-json\/wp\/v2\/awsm_job_openings"}],"about":[{"href":"https:\/\/www.adapei64.fr\/site\/wp-json\/wp\/v2\/types\/awsm_job_openings"}],"author":[{"embeddable":true,"href":"https:\/\/www.adapei64.fr\/site\/wp-json\/wp\/v2\/users\/96"}],"wp:attachment":[{"href":"https:\/\/www.adapei64.fr\/site\/wp-json\/wp\/v2\/media?parent=17703"}],"curies":[{"name":"wp","href":"https:\/\/api.w.org\/{rel}","templated":true}]}}

<p class="wp-block-paragraph">Le Complexe du Gabarn accompagne 60 personnes présentant un handicap psychique et/ou des déficiences intellectuelles. Réparti sur 2 sites, il est composé d’un Foyer d’Accueil Médicalisé accueillant 25 résidents, et d’un Foyer de vie accueillant 27 résidents et 8 externes.</p>



<p class="wp-block-paragraph"><strong><u>Missions&nbsp;:</u></strong></p>



<ul class="wp-block-list">
<li>Accompagner et prendre soin des résidents dans tous les actes de la vie quotidienne, en favorisant leur confort et leur mieux-être,</li>



<li>Les soutenir dans le domaine de leur vie personnelle et sociale, proposer des activités favorisant le maintien et le développement de leurs potentialités,</li>



<li>Participer aux soins médicaux, paramédicaux, à l’ensemble des activités rééducatives, psycho-corporelles et de soutien psychologique,</li>



<li>Participer à la dynamique du projet individuel, du projet d’établissement et à leur évaluation.</li>
</ul>



<p class="wp-block-paragraph"><strong><u>Profil recherché et Compétences requises&nbsp;:</u></strong></p>



<ul class="wp-block-list">
<li>Titulaire du Diplôme d’Etat d’Aide-Soignant,</li>



<li>Expérience souhaitée dans le domaine de l’accompagnement d’adultes en situation de handicap mental,</li>



<li>Connaissance des besoins spécifiques des personnes en situation de polyhandicap, et liés aux pathologies mentales,</li>



<li>Pratique de la fonction de référence socio – éducative,</li>



<li>Maîtrise de la méthodologie du projet individuel,</li>



<li> Qualités relationnelles inhérentes à la prise en charge de la vie quotidienne, et à l’approche soignante,</li>



<li>Capacité à contribuer au travail clinique de l’équipe pluridisciplinaire, pratique de la démarche qualité mise en place par l’établissement,</li>
</ul>



<p class="wp-block-paragraph"><strong><u>Conditions&nbsp;:</u></strong></p>



<ul class="wp-block-list">
<li>2 Contrats à Durée Indéterminée à temps plein (1ETP),</li>



<li>Convention Collective Nationale du 15 mars 1966,</li>



<li>Classification du poste : Aide-soignant (H/F), sous réserves des exigences conventionnelles,</li>



<li>Rémunération selon les exigences conventionnelles,</li>



<li>Type d’horaires : Internat (horaires irréguliers incluant des services de nuit, week-end et jours fériés) – Groupe 1. </li>
</ul>



<p class="wp-block-paragraph">Merci d’adresser votre candidature (CV + Lettre de motivation) <strong><u>jusqu’au 30 juin 2025</u></strong>, à l’attention de Madame Sandrine LARRIBITÉ – Directrice du Complexe du Gabarn&nbsp;:</p>



<ul class="wp-block-list">
<li> par mail : <a href="mailto:gabarn.accueil@adapei64.fr">gabarn.accueil@adapei64.fr</a></li>



<li> ou par courrier : Complexe du Gabarn, 12 chemin de Laborde 64400 Oloron Ste Marie</li>
</ul>



<ul class="wp-block-list">
<li><em> </em></li>



<li><em> </em></li>
</ul>



<p class="wp-block-paragraph">Pour tout renseignement complémentaire, vous pouvez contacter l’établissement au&nbsp;: 05.59.39.81.16</p>

<p>Le Complexe du Gabarn accompagne 60 personnes présentant un handicap psychique et/ou des déficiences intellectuelles. Réparti sur 2 sites, il est composé d’un Foyer d’Accueil Médicalisé accueillant 25 résidents, et&hellip; <a class="continue" href="https://www.adapei64.fr/site/?post_type=awsm_job_openings&#038;p=17703">Lire :<span> 2 Aides-Soignants (H/F)</span></a></p>

Le Complexe du Gabarn accompagne 60 personnes présentant un handicap psychique et/ou des déficiences intellectuelles. Réparti sur 2 sites, il est composé d’un Foyer d’Accueil Médicalisé accueillant 25 résidents, et&hellip; Lire : 2 Aides-Soignants (H/F)

Adapei des Pyrénées-Atlantiques
