{"id":19013,"date":"2025-11-25T13:46:36","date_gmt":"2025-11-25T12:46:36","guid":{"rendered":"https:\/\/www.adapei64.fr\/site\/?post_type=awsm_job_openings&#038;p=19013"},"modified":"2025-12-16T01:33:49","modified_gmt":"2025-12-16T00:33:49","slug":"1-educateur-specialise-coordination-h-f-3","status":"expired","type":"awsm_job_openings","link":"https:\/\/www.adapei64.fr\/site\/?post_type=awsm_job_openings&p=19013","title":{"rendered":"1 Educateur Sp\u00e9cialis\u00e9 Coordination (H\/F)"},"content":{"rendered":"\n<p class=\"wp-block-paragraph\"><strong><u>Cadre d\u2019intervention :<\/u><\/strong><\/p>\n\n\n\n<p class=\"wp-block-paragraph\">L\u2019Adapei des Pyr\u00e9n\u00e9es-Atlantiques est gestionnaire d\u2019une quarantaine d\u2019\u00e9tablissements et services et accompagne environ 1700 personnes en situation de handicap.<\/p>\n\n\n\n<p class=\"wp-block-paragraph\">Vous trouverez l\u2019ensemble de ces \u00e9tablissements et services sur le site internet de l\u2019Adapei des Pyr\u00e9n\u00e9es-Atlantiques&nbsp;: <a href=\"http:\/\/www.adapei64.fr\">www.adapei64.fr<\/a> &nbsp;&nbsp;<\/p>\n\n\n\n<p class=\"wp-block-paragraph\">Porteuse des valeurs des associations parentales, l\u2019Adapei des Pyr\u00e9n\u00e9es-Atlantiques inscrit son projet associatif dans une posture de valorisation r\u00e9ciproque des comp\u00e9tences&nbsp;:<\/p>\n\n\n\n<ul class=\"wp-block-list\">\n<li>Cr\u00e9er une culture et une organisation bas\u00e9e sur le partage des connaissances,<\/li>\n\n\n\n<li>D\u00e9cloisonner les \u00e9tablissements et les services pour s\u2019enrichir mutuellement des expertises,<\/li>\n\n\n\n<li>Accompagner en valorisant les comp\u00e9tences de l\u2019ensemble des acteurs,<\/li>\n\n\n\n<li>Apprendre au niveau de son environnement en coop\u00e9rant avec d\u2019autres partenaires,<\/li>\n\n\n\n<li>Investir dans la recherche, le d\u00e9veloppement et l\u2019innovation.<\/li>\n<\/ul>\n\n\n\n<p class=\"wp-block-paragraph\">Le salari\u00e9 travaillera au sein du FDV d\u2019Accous. Cet \u00e9tablissement accueille 39 r\u00e9sidents, en situation de handicap mental et\/ou psychique.<\/p>\n\n\n\n<p class=\"wp-block-paragraph\"><strong><u>Missions&nbsp;:<\/u><\/strong><\/p>\n\n\n\n<p class=\"wp-block-paragraph\">Sous l\u2019autorit\u00e9 du Chef de Service Educatif en son absence de la Directrice&nbsp;:<\/p>\n\n\n\n<ul class=\"wp-block-list\">\n<li>Accompagner les adultes en situation de handicap dans leur vie quotidienne, dans les activit\u00e9s, dans leur vie sociale, afin de d\u00e9velopper ou maintenir leur autonomie,<\/li>\n\n\n\n<li>Assurer la coordination des Projets Personnalis\u00e9s des personnes accompagn\u00e9es,<\/li>\n\n\n\n<li>Veiller \u00e0 l\u2019organisation interne (plannings Activit\u00e9s-Ateliers des personnes accompagn\u00e9es, des repas, des effectifs\u2026) afin de garantir la continuit\u00e9 d\u2019accompagnement et relayer au responsable hi\u00e9rarchique,<\/li>\n\n\n\n<li>D\u00e9velopper des outils \/ proc\u00e9dures internes,<\/li>\n\n\n\n<li>Participer \u00e0 la dynamique d\u2019\u00e9quipe en participant aux r\u00e9unions,<\/li>\n\n\n\n<li>Participer \u00e0 la dynamique du Projet d\u2019Etablissement et \u00e0 son Evaluation,<\/li>\n\n\n\n<li>Participer \u00e0 la dynamique de l\u2019\u00e9tablissement et de l\u2019Association en s\u2019inscrivant dans une d\u00e9marche de r\u00e9flexion et d\u2019\u00e9valuation,<\/li>\n\n\n\n<li>Participer aux Copil Am\u00e9lioration Continue des Pratiques Professionnelles au sein de l\u2019Etablissement,<\/li>\n\n\n\n<li>Accompagner les \u00e9quipes dans le processus d\u2019\u00e9valuation en cours en lien avec le Chef de Service Educatif.<\/li>\n<\/ul>\n\n\n\n<p class=\"wp-block-paragraph\"><strong><u>Profil recherch\u00e9 et Comp\u00e9tences requises&nbsp;:<\/u><\/strong><\/p>\n\n\n\n<ul class=\"wp-block-list\">\n<li>Titulaire du Dipl\u00f4me d\u2019Etat d\u2019Educateur Sp\u00e9cialis\u00e9,<\/li>\n\n\n\n<li>Exp\u00e9rience en animation et coordination d\u2019\u00e9quipe exig\u00e9e,<\/li>\n\n\n\n<li>Exp\u00e9rience dans l\u2019accompagnement d\u2019adultes pr\u00e9sentant des d\u00e9ficiences intellectuelle\/troubles psychiques,<\/li>\n\n\n\n<li>Exp\u00e9rience sur un poste de coordination serait un plus,<\/li>\n\n\n\n<li>Aptitudes \u00e0 travailler et \u00e0 coop\u00e9rer au sein d\u2019une \u00e9quipe pluridisciplinaire,<\/li>\n\n\n\n<li>Qualit\u00e9s relationnelles\u00a0: \u00e9couter, rendre compte, adaptabilit\u00e9,<\/li>\n<\/ul>\n\n\n\n<ul class=\"wp-block-list\">\n<li>Sens de l\u2019organisation, force de proposition et de recherche de solutions,<\/li>\n\n\n\n<li>Ma\u00eetrise de l\u2019outil informatique,<\/li>\n\n\n\n<li>Connaissance Imago Du serait un plus.<\/li>\n<\/ul>\n\n\n\n<p class=\"wp-block-paragraph\"><strong><u>Conditions&nbsp;:<\/u><\/strong><\/p>\n\n\n\n<ul class=\"wp-block-list\">\n<li>1 Contrat \u00e0 Dur\u00e9e D\u00e9termin\u00e9e de 2 mois \u00e0 Temps Complet (1ETP), susceptible d\u2019\u00eatre renouvel\u00e9,<\/li>\n\n\n\n<li>Convention Collective Nationale du 15 mars 1966,<\/li>\n\n\n\n<li>Classification du poste\u00a0: Educateur sp\u00e9cialis\u00e9 (H\/F), sous r\u00e9serves des exigences conventionnelles,<\/li>\n\n\n\n<li>R\u00e9mun\u00e9ration selon les exigences conventionnelles,<\/li>\n\n\n\n<li>Type d\u2019horaires\u00a0: Groupe 1\u00a0(pas de service de soir\u00e9e, de week-end et jour )<\/li>\n<\/ul>\n\n\n\n<p class=\"wp-block-paragraph\">Merci d\u2019adresser votre candidature (CV + Lettre de motivation) d\u00e8s que possible, \u00e0 l\u2019attention de Madame Anne Dencausse Directrice du \u00ab&nbsp;Foyer de Vie d\u2019Accous&nbsp;\u00bb par mail&nbsp;: anne.dencausse@adapei64.fr<\/p>\n\n\n\n<p class=\"wp-block-paragraph\">Pour tout renseignement compl\u00e9mentaire, vous pouvez contacter l\u2019\u00e9tablissement au&nbsp; 05.59.34.72.18<\/p>\n","protected":false},"excerpt":{"rendered":"<p>Cadre d\u2019intervention : L\u2019Adapei des Pyr\u00e9n\u00e9es-Atlantiques est gestionnaire d\u2019une quarantaine d\u2019\u00e9tablissements et services et accompagne environ 1700 personnes en situation de handicap. Vous trouverez l\u2019ensemble de ces \u00e9tablissements et services&hellip; <a class=\"continue\" href=\"https:\/\/www.adapei64.fr\/site\/?post_type=awsm_job_openings&#038;p=19013\">Lire :<span> 1 Educateur Sp\u00e9cialis\u00e9 Coordination (H\/F)<\/span><\/a><\/p>\n","protected":false},"author":96,"template":"","meta":{"_crdt_document":"","om_disable_all_campaigns":false,"_uag_custom_page_level_css":"","_monsterinsights_skip_tracking":false,"_monsterinsights_sitenote_active":false,"_monsterinsights_sitenote_note":"","_monsterinsights_sitenote_category":0,"_uf_show_specific_survey":0,"_uf_disable_surveys":false,"_EventAllDay":false,"_EventTimezone":"","_EventStartDate":"","_EventEndDate":"","_EventStartDateUTC":"","_EventEndDateUTC":"","_EventShowMap":false,"_EventShowMapLink":false,"_EventURL":"","_EventCost":"","_EventCostDescription":"","_EventCurrencySymbol":"","_EventCurrencyCode":"","_EventCurrencyPosition":"","_EventDateTimeSeparator":"","_EventTimeRangeSeparator":"","_EventOrganizerID":[],"_EventVenueID":[],"_OrganizerEmail":"","_OrganizerPhone":"","_OrganizerWebsite":"","_VenueAddress":"","_VenueCity":"","_VenueCountry":"","_VenueProvince":"","_VenueState":"","_VenueZip":"","_VenuePhone":"","_VenueURL":"","_VenueStateProvince":"","_VenueLat":"","_VenueLng":"","_VenueShowMap":false,"_VenueShowMapLink":false},"class_list":["post-19013","awsm_job_openings","type-awsm_job_openings","status-expired","hentry","job-category-fonctions-services-generaux","job-type-temps-plein-1-etp","job-location-foyer-de-vie-daccous","job_contrat-cdd"],"uagb_featured_image_src":[],"uagb_author_info":{"display_name":"siegerh","author_link":"https:\/\/www.adapei64.fr\/site\/author\/siegerh\/"},"uagb_comment_info":0,"uagb_excerpt":"Cadre d\u2019intervention : L\u2019Adapei des Pyr\u00e9n\u00e9es-Atlantiques est gestionnaire d\u2019une quarantaine d\u2019\u00e9tablissements et services et accompagne environ 1700 personnes en situation de handicap. Vous trouverez l\u2019ensemble de ces \u00e9tablissements et services&hellip; Lire : 1 Educateur Sp\u00e9cialis\u00e9 Coordination (H\/F)","distributor_meta":false,"distributor_terms":false,"distributor_media":false,"distributor_original_site_name":"Adapei des Pyr\u00e9n\u00e9es-Atlantiques","distributor_original_site_url":"https:\/\/www.adapei64.fr\/site","push-errors":false,"_links":{"self":[{"href":"https:\/\/www.adapei64.fr\/site\/wp-json\/wp\/v2\/awsm_job_openings\/19013","targetHints":{"allow":["GET"]}}],"collection":[{"href":"https:\/\/www.adapei64.fr\/site\/wp-json\/wp\/v2\/awsm_job_openings"}],"about":[{"href":"https:\/\/www.adapei64.fr\/site\/wp-json\/wp\/v2\/types\/awsm_job_openings"}],"author":[{"embeddable":true,"href":"https:\/\/www.adapei64.fr\/site\/wp-json\/wp\/v2\/users\/96"}],"wp:attachment":[{"href":"https:\/\/www.adapei64.fr\/site\/wp-json\/wp\/v2\/media?parent=19013"}],"curies":[{"name":"wp","href":"https:\/\/api.w.org\/{rel}","templated":true}]}}

1 Educateur Spécialisé Coordination (H/F)

<p class="wp-block-paragraph"><strong><u>Cadre d’intervention :</u></strong></p>



<p class="wp-block-paragraph">L’Adapei des Pyrénées-Atlantiques est gestionnaire d’une quarantaine d’établissements et services et accompagne environ 1700 personnes en situation de handicap.</p>



<p class="wp-block-paragraph">Vous trouverez l’ensemble de ces établissements et services sur le site internet de l’Adapei des Pyrénées-Atlantiques&nbsp;: <a href="http://www.adapei64.fr">www.adapei64.fr</a> &nbsp;&nbsp;</p>



<p class="wp-block-paragraph">Porteuse des valeurs des associations parentales, l’Adapei des Pyrénées-Atlantiques inscrit son projet associatif dans une posture de valorisation réciproque des compétences&nbsp;:</p>



<ul class="wp-block-list">
<li>Créer une culture et une organisation basée sur le partage des connaissances,</li>



<li>Décloisonner les établissements et les services pour s’enrichir mutuellement des expertises,</li>



<li>Accompagner en valorisant les compétences de l’ensemble des acteurs,</li>



<li>Apprendre au niveau de son environnement en coopérant avec d’autres partenaires,</li>



<li>Investir dans la recherche, le développement et l’innovation.</li>
</ul>



<p class="wp-block-paragraph">Le salarié travaillera au sein du FDV d’Accous. Cet établissement accueille 39 résidents, en situation de handicap mental et/ou psychique.</p>



<p class="wp-block-paragraph"><strong><u>Missions&nbsp;:</u></strong></p>



<p class="wp-block-paragraph">Sous l’autorité du Chef de Service Educatif en son absence de la Directrice&nbsp;:</p>



<ul class="wp-block-list">
<li>Accompagner les adultes en situation de handicap dans leur vie quotidienne, dans les activités, dans leur vie sociale, afin de développer ou maintenir leur autonomie,</li>



<li>Assurer la coordination des Projets Personnalisés des personnes accompagnées,</li>



<li>Veiller à l’organisation interne (plannings Activités-Ateliers des personnes accompagnées, des repas, des effectifs…) afin de garantir la continuité d’accompagnement et relayer au responsable hiérarchique,</li>



<li>Développer des outils / procédures internes,</li>



<li>Participer à la dynamique d’équipe en participant aux réunions,</li>



<li>Participer à la dynamique du Projet d’Etablissement et à son Evaluation,</li>



<li>Participer à la dynamique de l’établissement et de l’Association en s’inscrivant dans une démarche de réflexion et d’évaluation,</li>



<li>Participer aux Copil Amélioration Continue des Pratiques Professionnelles au sein de l’Etablissement,</li>



<li>Accompagner les équipes dans le processus d’évaluation en cours en lien avec le Chef de Service Educatif.</li>
</ul>



<p class="wp-block-paragraph"><strong><u>Profil recherché et Compétences requises&nbsp;:</u></strong></p>



<ul class="wp-block-list">
<li>Titulaire du Diplôme d’Etat d’Educateur Spécialisé,</li>



<li>Expérience en animation et coordination d’équipe exigée,</li>



<li>Expérience dans l’accompagnement d’adultes présentant des déficiences intellectuelle/troubles psychiques,</li>



<li>Expérience sur un poste de coordination serait un plus,</li>



<li>Aptitudes à travailler et à coopérer au sein d’une équipe pluridisciplinaire,</li>



<li>Qualités relationnelles : écouter, rendre compte, adaptabilité,</li>
</ul>



<ul class="wp-block-list">
<li>Sens de l’organisation, force de proposition et de recherche de solutions,</li>



<li>Maîtrise de l’outil informatique,</li>



<li>Connaissance Imago Du serait un plus.</li>
</ul>



<p class="wp-block-paragraph"><strong><u>Conditions&nbsp;:</u></strong></p>



<ul class="wp-block-list">
<li>1 Contrat à Durée Déterminée de 2 mois à Temps Complet (1ETP), susceptible d’être renouvelé,</li>



<li>Convention Collective Nationale du 15 mars 1966,</li>



<li>Classification du poste : Educateur spécialisé (H/F), sous réserves des exigences conventionnelles,</li>



<li>Rémunération selon les exigences conventionnelles,</li>



<li>Type d’horaires : Groupe 1 (pas de service de soirée, de week-end et jour )</li>
</ul>



<p class="wp-block-paragraph">Merci d’adresser votre candidature (CV + Lettre de motivation) dès que possible, à l’attention de Madame Anne Dencausse Directrice du «&nbsp;Foyer de Vie d’Accous&nbsp;» par mail&nbsp;: anne.dencausse@adapei64.fr</p>



<p class="wp-block-paragraph">Pour tout renseignement complémentaire, vous pouvez contacter l’établissement au&nbsp; 05.59.34.72.18</p>

<p>Cadre d’intervention : L’Adapei des Pyrénées-Atlantiques est gestionnaire d’une quarantaine d’établissements et services et accompagne environ 1700 personnes en situation de handicap. Vous trouverez l’ensemble de ces établissements et services&hellip; <a class="continue" href="https://www.adapei64.fr/site/?post_type=awsm_job_openings&#038;p=19013">Lire :<span> 1 Educateur Spécialisé Coordination (H/F)</span></a></p>

Cadre d’intervention : L’Adapei des Pyrénées-Atlantiques est gestionnaire d’une quarantaine d’établissements et services et accompagne environ 1700 personnes en situation de handicap. Vous trouverez l’ensemble de ces établissements et services&hellip; Lire : 1 Educateur Spécialisé Coordination (H/F)

Adapei des Pyrénées-Atlantiques
