{"id":1599,"date":"2021-03-23T17:23:09","date_gmt":"2021-03-23T16:23:09","guid":{"rendered":"http:\/\/adapei64.fr\/wp2\/?page_id=1599"},"modified":"2024-08-06T19:20:54","modified_gmt":"2024-08-06T17:20:54","slug":"entreprise-2","status":"publish","type":"page","link":"https:\/\/www.adapei64.fr\/site\/entreprise-2\/","title":{"rendered":"Je repr\u00e9sente une entreprise ou une collectivit\u00e9"},"content":{"rendered":"\n<div style=\"height:70px\" aria-hidden=\"true\" class=\"wp-block-spacer\"><\/div>\n\n\n\n<div class=\"wp-block-columns is-layout-flex wp-container-core-columns-is-layout-07579d57 wp-block-columns-is-layout-flex\">\n<div class=\"wp-block-column is-layout-flow wp-block-column-is-layout-flow\" style=\"flex-basis:80%\">\n<h2 class=\"wp-block-heading\">En quoi l&#8217;Adapei peut vous aider ?<\/h2>\n\n\n\n<p class=\"wp-block-paragraph\">L&#8217;Adapei des Pyr\u00e9n\u00e9es-Atlantiques accompagne pr\u00e8s de 800 travailleurs en situation de handicap.<\/p>\n\n\n\n<p class=\"wp-block-paragraph\">En ESAT, ou en milieu ordinaire de travail, les travailleurs handicap\u00e9s que nous accompagnons mettent \u00e0 profit leurs comp\u00e9tences dans les domaines de l&#8217;agroalimentaire, du b\u00e2timent, de la propret\u00e9, de l&#8217;industrie&#8230;<\/p>\n\n\n\n<p class=\"wp-block-paragraph\">L&#8217;Adapei des Pyr\u00e9n\u00e9es-Atlantiques vous accompagne pour r\u00e9pondre \u00e0 vos besoins de service ou de recrutement et remplir votre Obligation d\u2019Emploi des Travailleurs Handicap\u00e9s (OETH).<\/p>\n\n\n\n<div style=\"height:70px\" aria-hidden=\"true\" class=\"wp-block-spacer\"><\/div>\n\n\n\n<div data-wp-context=\"{}\" data-wp-interactive=\"core\/query\" data-wp-key=\"78\" data-wp-router-region=\"query-78\" class=\"wp-block-query alignwide is-layout-flow wp-block-query-is-layout-flow\"><ul class=\"wp-block-post-template is-layout-flow wp-block-post-template-is-layout-flow\"><li data-wp-key=\"post-template-item-2391\" class=\"wp-block-post post-2391 page type-page status-publish has-post-thumbnail hentry\">\n\n<div class=\"wp-block-columns alignwide are-vertically-aligned-center is-layout-flex wp-container-core-columns-is-layout-cf943fb0 wp-block-columns-is-layout-flex\" style=\"margin-top:var(--wp--preset--spacing--20);margin-bottom:var(--wp--preset--spacing--20)\">\n<div class=\"wp-block-column is-vertically-aligned-center is-layout-flow wp-block-column-is-layout-flow\" style=\"flex-basis:50%\"><figure class=\"wp-block-post-featured-image\"><a href=\"https:\/\/www.adapei64.fr\/site\/entreprise-2\/recruter-une-personne-vivant-avec-un-handicap\/\" target=\"_self\"  ><img loading=\"lazy\" decoding=\"async\" width=\"1920\" height=\"1271\" src=\"https:\/\/www.adapei64.fr\/site\/wp-content\/uploads\/2021\/08\/recrutement.jpg\" class=\"attachment-post-thumbnail size-post-thumbnail wp-post-image\" alt=\"Recruter une personne vivant avec un handicap\" style=\"object-fit:cover;\" srcset=\"https:\/\/www.adapei64.fr\/site\/wp-content\/uploads\/2021\/08\/recrutement.jpg 1920w, https:\/\/www.adapei64.fr\/site\/wp-content\/uploads\/2021\/08\/recrutement-1000x662.jpg 1000w, https:\/\/www.adapei64.fr\/site\/wp-content\/uploads\/2021\/08\/recrutement-768x508.jpg 768w, https:\/\/www.adapei64.fr\/site\/wp-content\/uploads\/2021\/08\/recrutement-1536x1017.jpg 1536w\" sizes=\"auto, (max-width: 1920px) 100vw, 1920px\" \/><\/a><\/figure><\/div>\n\n\n\n<div class=\"wp-block-column is-vertically-aligned-center is-layout-flow wp-block-column-is-layout-flow\" style=\"flex-basis:50%\"><h2 style=\"font-size:1.5rem;line-height:1.1;\" class=\"wp-block-post-title\"><a href=\"https:\/\/www.adapei64.fr\/site\/entreprise-2\/recruter-une-personne-vivant-avec-un-handicap\/\" target=\"_self\" >Recruter une personne vivant avec un handicap<\/a><\/h2>\n\n<div class=\"wp-block-post-excerpt\"><p class=\"wp-block-post-excerpt__excerpt\">Vous souhaitez b\u00e9n\u00e9ficier d\u2019un accompagnement sur mesure pour une int\u00e9gration durable et r\u00e9ussie ou un maintien dans l\u2019emploi de votre salari\u00e9 ? La plateforme Service Emploi Accompagn\u00e9 64 Un dispositif novateur qui vous apporte une solution concr\u00e8te et r\u00e9aliste pour l\u2019emploi des personnes en situation de handicap. Le service \u201cEmploi Accompagn\u00e9\u201d propose un accompagnement structur\u00e9,\u2026<\/p><p class=\"wp-block-post-excerpt__more-text\"><a class=\"wp-block-post-excerpt__more-link\" href=\"https:\/\/www.adapei64.fr\/site\/entreprise-2\/recruter-une-personne-vivant-avec-un-handicap\/\">&#8230;<\/a><\/p><\/div><\/div>\n<\/div>\n\n<\/li><li data-wp-key=\"post-template-item-2389\" class=\"wp-block-post post-2389 page type-page status-publish has-post-thumbnail hentry\">\n\n<div class=\"wp-block-columns alignwide are-vertically-aligned-center is-layout-flex wp-container-core-columns-is-layout-cf943fb0 wp-block-columns-is-layout-flex\" style=\"margin-top:var(--wp--preset--spacing--20);margin-bottom:var(--wp--preset--spacing--20)\">\n<div class=\"wp-block-column is-vertically-aligned-center is-layout-flow wp-block-column-is-layout-flow\" style=\"flex-basis:50%\"><figure class=\"wp-block-post-featured-image\"><a href=\"https:\/\/www.adapei64.fr\/site\/entreprise-2\/travailler-avec-les-esat\/\" target=\"_self\"  ><img loading=\"lazy\" decoding=\"async\" width=\"1147\" height=\"768\" src=\"https:\/\/www.adapei64.fr\/site\/wp-content\/uploads\/2020\/11\/en_entreprise.jpg\" class=\"attachment-post-thumbnail size-post-thumbnail wp-post-image\" alt=\"Travailler avec les ESAT\" style=\"object-fit:cover;\" srcset=\"https:\/\/www.adapei64.fr\/site\/wp-content\/uploads\/2020\/11\/en_entreprise.jpg 1147w, https:\/\/www.adapei64.fr\/site\/wp-content\/uploads\/2020\/11\/en_entreprise-1000x670.jpg 1000w, https:\/\/www.adapei64.fr\/site\/wp-content\/uploads\/2020\/11\/en_entreprise-768x514.jpg 768w\" sizes=\"auto, (max-width: 1147px) 100vw, 1147px\" \/><\/a><\/figure><\/div>\n\n\n\n<div class=\"wp-block-column is-vertically-aligned-center is-layout-flow wp-block-column-is-layout-flow\" style=\"flex-basis:50%\"><h2 style=\"font-size:1.5rem;line-height:1.1;\" class=\"wp-block-post-title\"><a href=\"https:\/\/www.adapei64.fr\/site\/entreprise-2\/travailler-avec-les-esat\/\" target=\"_self\" >Travailler avec les ESAT<\/a><\/h2>\n\n<div class=\"wp-block-post-excerpt\"><p class=\"wp-block-post-excerpt__excerpt\">Parmi les 40 \u00e9tablissements de l\u2019Adapei des Pyr\u00e9n\u00e9es-Atlantiques,\u00a07 sont des Etablissements et Services d\u2019Accompagnement par le Travail (ESAT).Les personnes en situation de handicap y exercent une activit\u00e9 professionnelle et b\u00e9n\u00e9ficient de soutiens m\u00e9dico- sociaux adapt\u00e9s. Partenaires \u00e9conomiques \u00e0 part enti\u00e8re, les Etablissements et Services d\u2019Accompagnement par le Travail sont de v\u00e9ritables entreprises dans le domaine\u2026<\/p><p class=\"wp-block-post-excerpt__more-text\"><a class=\"wp-block-post-excerpt__more-link\" href=\"https:\/\/www.adapei64.fr\/site\/entreprise-2\/travailler-avec-les-esat\/\">&#8230;<\/a><\/p><\/div><\/div>\n<\/div>\n\n<\/li><li data-wp-key=\"post-template-item-2395\" class=\"wp-block-post post-2395 page type-page status-publish has-post-thumbnail hentry\">\n\n<div class=\"wp-block-columns alignwide are-vertically-aligned-center is-layout-flex wp-container-core-columns-is-layout-cf943fb0 wp-block-columns-is-layout-flex\" style=\"margin-top:var(--wp--preset--spacing--20);margin-bottom:var(--wp--preset--spacing--20)\">\n<div class=\"wp-block-column is-vertically-aligned-center is-layout-flow wp-block-column-is-layout-flow\" style=\"flex-basis:50%\"><figure class=\"wp-block-post-featured-image\"><a href=\"https:\/\/www.adapei64.fr\/site\/entreprise-2\/sensibiliser-mes-collaborateurs-au-handicap\/\" target=\"_self\"  ><img loading=\"lazy\" decoding=\"async\" width=\"1500\" height=\"869\" src=\"https:\/\/www.adapei64.fr\/site\/wp-content\/uploads\/2021\/08\/2019-03-26-Inauguration-CFR-2-BD.jpg\" class=\"attachment-post-thumbnail size-post-thumbnail wp-post-image\" alt=\"Sensibiliser ou former ses collaborateurs au handicap\" style=\"object-fit:cover;\" srcset=\"https:\/\/www.adapei64.fr\/site\/wp-content\/uploads\/2021\/08\/2019-03-26-Inauguration-CFR-2-BD.jpg 1500w, https:\/\/www.adapei64.fr\/site\/wp-content\/uploads\/2021\/08\/2019-03-26-Inauguration-CFR-2-BD-1000x579.jpg 1000w, https:\/\/www.adapei64.fr\/site\/wp-content\/uploads\/2021\/08\/2019-03-26-Inauguration-CFR-2-BD-768x445.jpg 768w\" sizes=\"auto, (max-width: 1500px) 100vw, 1500px\" \/><\/a><\/figure><\/div>\n\n\n\n<div class=\"wp-block-column is-vertically-aligned-center is-layout-flow wp-block-column-is-layout-flow\" style=\"flex-basis:50%\"><h2 style=\"font-size:1.5rem;line-height:1.1;\" class=\"wp-block-post-title\"><a href=\"https:\/\/www.adapei64.fr\/site\/entreprise-2\/sensibiliser-mes-collaborateurs-au-handicap\/\" target=\"_self\" >Sensibiliser ou former ses collaborateurs au handicap<\/a><\/h2>\n\n<div class=\"wp-block-post-excerpt\"><p class=\"wp-block-post-excerpt__excerpt\">Une journ\u00e9e de sensibilisation avec l&#8217;Adapei des Pyr\u00e9n\u00e9es-Atlantiques Le Centre de Formation et de Recherche vous accompagne dans la sensibilisation et la formation de vos collaborateurs sur les th\u00e9matiques li\u00e9es au handicap. Notions th\u00e9oriques, visite d&#8217;\u00e9tablissement, nos \u00e9quipes con\u00e7oivent une sensibilisation sur mesure. Un kit de sensibilisation au handicap par l&#8217;OETH Lib\u00e9rer la parole sur\u2026<\/p><p class=\"wp-block-post-excerpt__more-text\"><a class=\"wp-block-post-excerpt__more-link\" href=\"https:\/\/www.adapei64.fr\/site\/entreprise-2\/sensibiliser-mes-collaborateurs-au-handicap\/\">&#8230;<\/a><\/p><\/div><\/div>\n<\/div>\n\n<\/li><li data-wp-key=\"post-template-item-2567\" class=\"wp-block-post post-2567 page type-page status-publish has-post-thumbnail hentry\">\n\n<div class=\"wp-block-columns alignwide are-vertically-aligned-center is-layout-flex wp-container-core-columns-is-layout-cf943fb0 wp-block-columns-is-layout-flex\" style=\"margin-top:var(--wp--preset--spacing--20);margin-bottom:var(--wp--preset--spacing--20)\">\n<div class=\"wp-block-column is-vertically-aligned-center is-layout-flow wp-block-column-is-layout-flow\" style=\"flex-basis:50%\"><figure class=\"wp-block-post-featured-image\"><a href=\"https:\/\/www.adapei64.fr\/site\/entreprise-2\/acheter-solidaire\/\" target=\"_self\"  ><img loading=\"lazy\" decoding=\"async\" width=\"1500\" height=\"1000\" src=\"https:\/\/www.adapei64.fr\/site\/wp-content\/uploads\/2021\/08\/2018-12-19-Inauguration-Boutique-ESAT-8-BD.jpg\" class=\"attachment-post-thumbnail size-post-thumbnail wp-post-image\" alt=\"Acheter solidaire\" style=\"object-fit:cover;\" srcset=\"https:\/\/www.adapei64.fr\/site\/wp-content\/uploads\/2021\/08\/2018-12-19-Inauguration-Boutique-ESAT-8-BD.jpg 1500w, https:\/\/www.adapei64.fr\/site\/wp-content\/uploads\/2021\/08\/2018-12-19-Inauguration-Boutique-ESAT-8-BD-1000x667.jpg 1000w, https:\/\/www.adapei64.fr\/site\/wp-content\/uploads\/2021\/08\/2018-12-19-Inauguration-Boutique-ESAT-8-BD-768x512.jpg 768w\" sizes=\"auto, (max-width: 1500px) 100vw, 1500px\" \/><\/a><\/figure><\/div>\n\n\n\n<div class=\"wp-block-column is-vertically-aligned-center is-layout-flow wp-block-column-is-layout-flow\" style=\"flex-basis:50%\"><h2 style=\"font-size:1.5rem;line-height:1.1;\" class=\"wp-block-post-title\"><a href=\"https:\/\/www.adapei64.fr\/site\/entreprise-2\/acheter-solidaire\/\" target=\"_self\" >Acheter solidaire<\/a><\/h2>\n\n<div class=\"wp-block-post-excerpt\"><p class=\"wp-block-post-excerpt__excerpt\">Offrez du plaisir avec nos coffrets ! Faites plaisir \u00e0 vos proches, \u00e0 vos clients ou collaborateurs avec nos coffrets gourmands ou bien \u00eatre. N\u2019h\u00e9sitez pas \u00e0 nous contacter pour vos demandes sp\u00e9cifiques de paniers&nbsp;garnis ou coffrets cadeaux. Les boutiques des ESAT Produits gourmands, bien-\u00eatre, &#8230; vous pouvez retrouver les productions des ESAT dans nos\u2026<\/p><p class=\"wp-block-post-excerpt__more-text\"><a class=\"wp-block-post-excerpt__more-link\" href=\"https:\/\/www.adapei64.fr\/site\/entreprise-2\/acheter-solidaire\/\">&#8230;<\/a><\/p><\/div><\/div>\n<\/div>\n\n<\/li><li data-wp-key=\"post-template-item-6700\" class=\"wp-block-post post-6700 page type-page status-publish has-post-thumbnail hentry\">\n\n<div class=\"wp-block-columns alignwide are-vertically-aligned-center is-layout-flex wp-container-core-columns-is-layout-cf943fb0 wp-block-columns-is-layout-flex\" style=\"margin-top:var(--wp--preset--spacing--20);margin-bottom:var(--wp--preset--spacing--20)\">\n<div class=\"wp-block-column is-vertically-aligned-center is-layout-flow wp-block-column-is-layout-flow\" style=\"flex-basis:50%\"><figure class=\"wp-block-post-featured-image\"><a href=\"https:\/\/www.adapei64.fr\/site\/entreprise-2\/participer-au-duo-day\/\" target=\"_self\"  ><img loading=\"lazy\" decoding=\"async\" width=\"1342\" height=\"852\" src=\"https:\/\/www.adapei64.fr\/site\/wp-content\/uploads\/2022\/01\/DuoDay.jpg\" class=\"attachment-post-thumbnail size-post-thumbnail wp-post-image\" alt=\"Participer au Duo Day\" style=\"object-fit:cover;\" srcset=\"https:\/\/www.adapei64.fr\/site\/wp-content\/uploads\/2022\/01\/DuoDay.jpg 1342w, https:\/\/www.adapei64.fr\/site\/wp-content\/uploads\/2022\/01\/DuoDay-1000x635.jpg 1000w, https:\/\/www.adapei64.fr\/site\/wp-content\/uploads\/2022\/01\/DuoDay-768x488.jpg 768w\" sizes=\"auto, (max-width: 1342px) 100vw, 1342px\" \/><\/a><\/figure><\/div>\n\n\n\n<div class=\"wp-block-column is-vertically-aligned-center is-layout-flow wp-block-column-is-layout-flow\" style=\"flex-basis:50%\"><h2 style=\"font-size:1.5rem;line-height:1.1;\" class=\"wp-block-post-title\"><a href=\"https:\/\/www.adapei64.fr\/site\/entreprise-2\/participer-au-duo-day\/\" target=\"_self\" >Participer au Duo Day<\/a><\/h2>\n\n<div class=\"wp-block-post-excerpt\"><p class=\"wp-block-post-excerpt__excerpt\">Le principe DuoDay est simple :Une entreprise, une collectivit\u00e9 ou une association accueille, \u00e0 l\u2019occasion d\u2019une journ\u00e9e nationale, une personne en situation de handicap, en duo avec un professionnel volontaire. Au programme de cette journ\u00e9e : d\u00e9couverte du m\u00e9tier, participation active, immersion en entreprise. Cette journ\u00e9e repr\u00e9sente une opportunit\u00e9 de rencontre pour changer de regard\u2026<\/p><p class=\"wp-block-post-excerpt__more-text\"><a class=\"wp-block-post-excerpt__more-link\" href=\"https:\/\/www.adapei64.fr\/site\/entreprise-2\/participer-au-duo-day\/\">&#8230;<\/a><\/p><\/div><\/div>\n<\/div>\n\n<\/li><\/ul>\n\n\n<div style=\"height:var(--wp--preset--spacing--30)\" aria-hidden=\"true\" class=\"wp-block-spacer\"><\/div>\n<\/div>\n<\/div>\n\n\n\n<div class=\"wp-block-column is-layout-flow wp-block-column-is-layout-flow\" style=\"flex-basis:20%\">\n<figure class=\"wp-block-image bloc_bleu\"><a href=\"https:\/\/www.adapei64.fr\/site\/adapei\/les-etablissements-et-services\/travail\/\"><img decoding=\"async\" src=\"http:\/\/www.adapei64.fr\/site\/wp-content\/uploads\/2021\/02\/TrouverESMS.png\" alt=\"Carte vers les \u00e9tablissements et services de l'Adapei des Pyr\u00e9n\u00e9es-Atlantiques\"\/><\/a><figcaption class=\"wp-element-caption\">Trouver un ESAT<\/figcaption><\/figure>\n\n\n\n<div class=\"wp-block-group alignwide liste_activites_esat is-vertical is-layout-flex wp-container-core-group-is-layout-2c90304e wp-block-group-is-layout-flex\">\n<h3 class=\"wp-block-heading\">Les activit\u00e9s de nos ESAT<\/h3>\n\n\n\n<div data-wp-context=\"{}\" data-wp-interactive=\"core\/query\" data-wp-key=\"78\" data-wp-router-region=\"query-78\" class=\"wp-block-query alignwide is-layout-flow wp-block-query-is-layout-flow\"><ul class=\"wp-block-post-template is-layout-flow wp-container-core-post-template-is-layout-20a7ff0c wp-block-post-template-is-layout-flow\"><li data-wp-key=\"post-template-item-2462\" class=\"wp-block-post post-2462 page type-page status-publish has-post-thumbnail hentry\">\n<h4 style=\"font-size:1.5rem;line-height:1.1;\" class=\"wp-block-post-title\"><a href=\"https:\/\/www.adapei64.fr\/site\/entreprise-2\/travailler-avec-les-esat\/espaces-verts\/\" target=\"_self\" >Espaces verts<\/a><\/h4>\n<\/li><li data-wp-key=\"post-template-item-2464\" class=\"wp-block-post post-2464 page type-page status-publish has-post-thumbnail hentry\">\n<h4 style=\"font-size:1.5rem;line-height:1.1;\" class=\"wp-block-post-title\"><a href=\"https:\/\/www.adapei64.fr\/site\/entreprise-2\/travailler-avec-les-esat\/proprete\/\" target=\"_self\" >Propret\u00e9<\/a><\/h4>\n<\/li><li data-wp-key=\"post-template-item-2466\" class=\"wp-block-post post-2466 page type-page status-publish has-post-thumbnail hentry\">\n<h4 style=\"font-size:1.5rem;line-height:1.1;\" class=\"wp-block-post-title\"><a href=\"https:\/\/www.adapei64.fr\/site\/entreprise-2\/travailler-avec-les-esat\/sous-traitance-industrielle-et-travail-a-facon\/\" target=\"_self\" >Sous-traitance industrielle et travail \u00e0 fa\u00e7on<\/a><\/h4>\n<\/li><li data-wp-key=\"post-template-item-2468\" class=\"wp-block-post post-2468 page type-page status-publish has-post-thumbnail hentry\">\n<h4 style=\"font-size:1.5rem;line-height:1.1;\" class=\"wp-block-post-title\"><a href=\"https:\/\/www.adapei64.fr\/site\/entreprise-2\/travailler-avec-les-esat\/frisure-et-conditionnement\/\" target=\"_self\" >Frisure et conditionnement<\/a><\/h4>\n<\/li><li data-wp-key=\"post-template-item-2470\" class=\"wp-block-post post-2470 page type-page status-publish has-post-thumbnail hentry\">\n<h4 style=\"font-size:1.5rem;line-height:1.1;\" class=\"wp-block-post-title\"><a href=\"https:\/\/www.adapei64.fr\/site\/entreprise-2\/travailler-avec-les-esat\/seminaire-et-restauration\/\" target=\"_self\" >S\u00e9minaire et restauration<\/a><\/h4>\n<\/li><li data-wp-key=\"post-template-item-2472\" class=\"wp-block-post post-2472 page type-page status-publish has-post-thumbnail hentry\">\n<h4 style=\"font-size:1.5rem;line-height:1.1;\" class=\"wp-block-post-title\"><a href=\"https:\/\/www.adapei64.fr\/site\/entreprise-2\/travailler-avec-les-esat\/batiment\/\" target=\"_self\" >B\u00e2timent et menuiserie<\/a><\/h4>\n<\/li><li data-wp-key=\"post-template-item-2474\" class=\"wp-block-post post-2474 page type-page status-publish has-post-thumbnail hentry\">\n<h4 style=\"font-size:1.5rem;line-height:1.1;\" class=\"wp-block-post-title\"><a href=\"https:\/\/www.adapei64.fr\/site\/entreprise-2\/travailler-avec-les-esat\/imprimerie-et-couverture-de-livres\/\" target=\"_self\" >Imprimerie et couverture de livres<\/a><\/h4>\n<\/li><li data-wp-key=\"post-template-item-9146\" class=\"wp-block-post post-9146 page type-page status-publish has-post-thumbnail hentry\">\n<h4 style=\"font-size:1.5rem;line-height:1.1;\" class=\"wp-block-post-title\"><a href=\"https:\/\/www.adapei64.fr\/site\/entreprise-2\/travailler-avec-les-esat\/agro-alimentaire\/\" target=\"_self\" >Agro-alimentaire<\/a><\/h4>\n<\/li><\/ul>\n\n\n<div style=\"height:var(--wp--preset--spacing--30)\" aria-hidden=\"true\" class=\"wp-block-spacer\"><\/div>\n<\/div>\n<\/div>\n\n\n\n<figure class=\"wp-block-image bloc_gris\"><a href=\"https:\/\/www.adapei64.fr\/site\/entreprise\/acheter-solidaire\/\"><img decoding=\"async\" src=\"http:\/\/adapei64.fr\/site\/wp-content\/uploads\/2020\/11\/LogoBoutiqueWeb.png\" alt=\"La boutique des ESAT\" title=\"\"\/><\/a><\/figure>\n\n\n\n<figure class=\"wp-block-image bloc_gris\"><a href=\"https:\/\/www.differentetcompetent.org\/\" target=\"_blank\" rel=\"noopener\"><img decoding=\"async\" src=\"http:\/\/www.adapei64.fr\/site\/wp-content\/uploads\/2021\/08\/LOGO-differentetcompetent-RVB72dpi.png\" alt=\"Logo Diff\u00e9rent &amp; Comp\u00e9tent Nouvelle Aquitaine\"\/><\/a><figcaption class=\"wp-element-caption\">Reconna\u00eetre les comp\u00e9tences des travailleurs handicap\u00e9s<\/figcaption><\/figure>\n<\/div>\n<\/div>\n\n\n\n<div style=\"height:70px\" aria-hidden=\"true\" class=\"wp-block-spacer\"><\/div>\n\n\n\n<div class=\"wp-block-columns is-layout-flex wp-container-core-columns-is-layout-07579d57 wp-block-columns-is-layout-flex\">\n<div class=\"wp-block-column is-layout-flow wp-block-column-is-layout-flow\" style=\"flex-basis:80%\">\n<h2 class=\"wp-block-heading\">L&#8217;obligation d&#8217;emploi des travailleurs handicap\u00e9s<\/h2>\n\n\n\n<p class=\"wp-block-paragraph\">Tout entreprise d&#8217;<b>au moins 20 salari\u00e9s<\/b> doit employer des <b>personnes en situation de handicap dans une proportion de 6 %<\/b> de l&#8217;effectif total.&nbsp;<\/p>\n\n\n\n<p class=\"wp-block-paragraph\"><b>Toutes les formes d\u2019emploi sont prises en&nbsp;compte<\/b> dans le calcul du montant de la&nbsp;contribution : CDD, CDI, contrats d\u2019alternance, parcours emplois comp\u00e9tences (PEC), stages,&nbsp;p\u00e9riodes de mise en situation professionnel (PMSMP)\u2026 Quelle que soit la nature du contrat&nbsp;conclu, tout travailleur handicap\u00e9 est&nbsp;comptabilis\u00e9 au prorata de son temps de travail&nbsp;sur l\u2019ann\u00e9e.<\/p>\n\n\n\n<p class=\"wp-block-paragraph\">Si vous d\u00e9clarez l\u2019<b>achat de produits ou de&nbsp;services aupr\u00e8s d\u2019un \u00c9sat, d\u2019entreprises&nbsp;adapt\u00e9es ou de travailleurs ind\u00e9pendants handicap\u00e9s (TIH),<\/b> vous pouvez les valoriser&nbsp;en <b>d\u00e9duction de la contribution due<\/b>.&nbsp;<br>Quel que&nbsp;soit le type d\u2019achat, un taux unique est appliqu\u00e9 (30 % du co\u00fbt de la&nbsp;main-d\u2019\u0153uvre), dans la limite d\u2019un plafond d\u00e9pendant du nombre de travailleurs handicap\u00e9s que vous&nbsp;employez.<\/p>\n\n\n\n<p class=\"wp-block-paragraph\"><b>En tant qu&#8217;employeur, quelle que soit la taille de votre entreprise, vous devez d\u00e9clarer<\/b> chaque ann\u00e9e le <b>nombre d&#8217;emplois occup\u00e9s par des travailleurs handicap\u00e9s<\/b>. <br>Si vous ne respectez pas cette obligation d&#8217;emploi, votre entreprise doit verser une contribution annuelle.<\/p>\n\n\n\n<p class=\"wp-block-paragraph\"><a href=\"https:\/\/www.service-public.fr\/particuliers\/vosdroits\/F23149\" target=\"_blank\" rel=\"noopener\">En savoir plus sur l&#8217;OETH<\/a><\/p>\n<\/div>\n\n\n\n<div class=\"wp-block-column is-layout-flow wp-block-column-is-layout-flow\" style=\"flex-basis:20%\">\n<figure class=\"wp-block-image bloc_gris\"><a href=\"https:\/\/travail-emploi.gouv.fr\/IMG\/pdf\/obligation_emploi_th.pdf\" target=\"_blank\" rel=\"noopener\"><img decoding=\"async\" src=\"http:\/\/www.adapei64.fr\/site\/wp-content\/uploads\/2022\/01\/oeth2022.jpg\" alt=\"\"\/><\/a><figcaption class=\"wp-element-caption\">L&#8217;OETH \u00e0 partir du 1er janvier 2020<\/figcaption><\/figure>\n<\/div>\n<\/div>\n","protected":false},"excerpt":{"rendered":"<p>En quoi l&#8217;Adapei peut vous aider ? L&#8217;Adapei des Pyr\u00e9n\u00e9es-Atlantiques accompagne pr\u00e8s de 800 travailleurs en situation de handicap. En ESAT, ou en milieu ordinaire de travail, les travailleurs handicap\u00e9s&hellip; <a class=\"continue\" href=\"https:\/\/www.adapei64.fr\/site\/entreprise-2\/travailler-avec-les-esat\/agro-alimentaire\/\">Lire :<span> Agro-alimentaire<\/span><\/a><\/p>\n","protected":false},"author":1,"featured_media":2349,"parent":0,"menu_order":8,"comment_status":"closed","ping_status":"closed","template":"","meta":{"_crdt_document":"","om_disable_all_campaigns":false,"_uag_custom_page_level_css":"","_monsterinsights_skip_tracking":false,"_monsterinsights_sitenote_active":false,"_monsterinsights_sitenote_note":"","_monsterinsights_sitenote_category":0,"_uf_show_specific_survey":0,"_uf_disable_surveys":false,"_EventAllDay":false,"_EventTimezone":"","_EventStartDate":"","_EventEndDate":"","_EventStartDateUTC":"","_EventEndDateUTC":"","_EventShowMap":false,"_EventShowMapLink":false,"_EventURL":"","_EventCost":"","_EventCostDescription":"","_EventCurrencySymbol":"","_EventCurrencyCode":"","_EventCurrencyPosition":"","_EventDateTimeSeparator":"","_EventTimeRangeSeparator":"","_EventOrganizerID":[],"_EventVenueID":[],"_OrganizerEmail":"","_OrganizerPhone":"","_OrganizerWebsite":"","_VenueAddress":"","_VenueCity":"","_VenueCountry":"","_VenueProvince":"","_VenueState":"","_VenueZip":"","_VenuePhone":"","_VenueURL":"","_VenueStateProvince":"","_VenueLat":"","_VenueLng":"","_VenueShowMap":false,"_VenueShowMapLink":false,"footnotes":""},"class_list":["post-1599","page","type-page","status-publish","has-post-thumbnail","hentry"],"uagb_featured_image_src":{"full":["https:\/\/www.adapei64.fr\/site\/wp-content\/uploads\/2021\/07\/DSC_0210-BD.jpg",1500,1004,false],"thumbnail":["https:\/\/www.adapei64.fr\/site\/wp-content\/uploads\/2021\/07\/DSC_0210-BD-600x600.jpg",600,600,true],"medium":["https:\/\/www.adapei64.fr\/site\/wp-content\/uploads\/2021\/07\/DSC_0210-BD-1000x669.jpg",1000,669,true],"medium_large":["https:\/\/www.adapei64.fr\/site\/wp-content\/uploads\/2021\/07\/DSC_0210-BD-768x514.jpg",768,514,true],"large":["https:\/\/www.adapei64.fr\/site\/wp-content\/uploads\/2021\/07\/DSC_0210-BD.jpg",1500,1004,false],"1536x1536":["https:\/\/www.adapei64.fr\/site\/wp-content\/uploads\/2021\/07\/DSC_0210-BD.jpg",1500,1004,false],"2048x2048":["https:\/\/www.adapei64.fr\/site\/wp-content\/uploads\/2021\/07\/DSC_0210-BD.jpg",1500,1004,false]},"uagb_author_info":{"display_name":"Marie Lafargue","author_link":"https:\/\/www.adapei64.fr\/site\/author\/marie\/"},"uagb_comment_info":0,"uagb_excerpt":"En quoi l&#8217;Adapei peut vous aider ? L&#8217;Adapei des Pyr\u00e9n\u00e9es-Atlantiques accompagne pr\u00e8s de 800 travailleurs en situation de handicap. En ESAT, ou en milieu ordinaire de travail, les travailleurs handicap\u00e9s&hellip; Lire : Agro-alimentaire","distributor_meta":false,"distributor_terms":false,"distributor_media":false,"distributor_original_site_name":"Adapei des Pyr\u00e9n\u00e9es-Atlantiques","distributor_original_site_url":"https:\/\/www.adapei64.fr\/site","push-errors":false,"_links":{"self":[{"href":"https:\/\/www.adapei64.fr\/site\/wp-json\/wp\/v2\/pages\/1599","targetHints":{"allow":["GET"]}}],"collection":[{"href":"https:\/\/www.adapei64.fr\/site\/wp-json\/wp\/v2\/pages"}],"about":[{"href":"https:\/\/www.adapei64.fr\/site\/wp-json\/wp\/v2\/types\/page"}],"author":[{"embeddable":true,"href":"https:\/\/www.adapei64.fr\/site\/wp-json\/wp\/v2\/users\/1"}],"replies":[{"embeddable":true,"href":"https:\/\/www.adapei64.fr\/site\/wp-json\/wp\/v2\/comments?post=1599"}],"version-history":[{"count":44,"href":"https:\/\/www.adapei64.fr\/site\/wp-json\/wp\/v2\/pages\/1599\/revisions"}],"predecessor-version":[{"id":15767,"href":"https:\/\/www.adapei64.fr\/site\/wp-json\/wp\/v2\/pages\/1599\/revisions\/15767"}],"wp:featuredmedia":[{"embeddable":true,"href":"https:\/\/www.adapei64.fr\/site\/wp-json\/wp\/v2\/media\/2349"}],"wp:attachment":[{"href":"https:\/\/www.adapei64.fr\/site\/wp-json\/wp\/v2\/media?parent=1599"}],"curies":[{"name":"wp","href":"https:\/\/api.w.org\/{rel}","templated":true}]}}