{"id":1864,"date":"2021-08-02T14:32:29","date_gmt":"2021-08-02T12:32:29","guid":{"rendered":"http:\/\/adapei64.fr\/wp2\/?page_id=1864"},"modified":"2024-08-06T18:50:58","modified_gmt":"2024-08-06T16:50:58","slug":"jai-besoin-daide-pour-mes-demarches-administratives","status":"publish","type":"page","link":"https:\/\/www.adapei64.fr\/site\/situation-de-handicap\/jai-besoin-daide-pour-mes-demarches-administratives\/","title":{"rendered":"J&#8217;ai besoin d&#8217;aide pour mes d\u00e9marches administratives"},"content":{"rendered":"\n<div style=\"height:70px\" aria-hidden=\"true\" class=\"wp-block-spacer\"><\/div>\n\n\n\n<p class=\"wp-block-paragraph\">Pour mes d\u00e9marches administratives<br>je peux \u00eatre accompagn\u00e9 par la MDPH<br>C&#8217;est la maison d\u00e9partementale des personnes handicap\u00e9es.<\/p>\n\n\n\n<div style=\"height:70px\" aria-hidden=\"true\" class=\"wp-block-spacer\"><\/div>\n\n\n\n<h2 class=\"wp-block-heading\">La MDPH des Pyr\u00e9n\u00e9es-Atlantiques<\/h2>\n\n\n\n<p class=\"wp-block-paragraph\">\u00e0 Pau&nbsp;:<\/p>\n\n\n\n<p class=\"wp-block-paragraph\">Rue Pierre Bonnard Cit\u00e9 administrative<br>64000 Pau<\/p>\n\n\n\n<p class=\"wp-block-paragraph\">T\u00e9l : 05 59 27 50 50<br>Fax : 05 59 27 50 51<\/p>\n\n\n\n<h3 class=\"wp-block-heading\">\u00e0 Anglet :<\/h3>\n\n\n\n<p class=\"wp-block-paragraph\">2 avenue Belle-Marion<br>64600 Anglet<\/p>\n\n\n\n<p class=\"wp-block-paragraph\">T\u00e9l : 05 59 27 50 50<br>Fax : 05 59 59 30 84<\/p>\n\n\n\n<h3 class=\"wp-block-heading\">Sur Internet :<\/h3>\n\n\n\n<p class=\"wp-block-paragraph\"><a href=\"http:\/\/www.mdph64.fr\/accueil.html\" target=\"_blank\" rel=\"noopener\" data-uw-styling-context=\"true\">www.mdph64.fr<\/a><\/p>\n\n\n\n<div style=\"height:70px\" aria-hidden=\"true\" class=\"wp-block-spacer\"><\/div>\n\n\n\n<h2 class=\"wp-block-heading\">Je peux demander des aides<br>\u00e0 la MDPH<\/h2>\n\n\n\n<div class=\"wp-block-columns is-layout-flex wp-container-core-columns-is-layout-7387b849 wp-block-columns-is-layout-flex\">\n<div class=\"wp-block-column is-layout-flow wp-block-column-is-layout-flow\" style=\"flex-basis:80%\">\n<h3 class=\"wp-block-heading\">L&#8217;AAH<\/h3>\n\n\n\n<p class=\"wp-block-paragraph\">L\u2019AAH est l\u2019allocation aux adultes handicap\u00e9s. <br>L\u2019AAH est une somme d\u2019argent.<\/p>\n\n\n\n<p class=\"wp-block-paragraph\">Cette somme d\u2019argent m&#8217;est donn\u00e9e :&nbsp;<\/p>\n\n\n\n<ul class=\"wp-block-list\">\n<li>si je ne peux pas travailler \u00e0 cause de mon handicap<\/li>\n\n\n\n<li>&nbsp;si je ne peux pas travailler suffisamment \u00e0 cause de mon handicap <br>et que je ne gagne pas assez d\u2019argent pour vivre.<\/li>\n<\/ul>\n<\/div>\n\n\n\n<div class=\"wp-block-column is-layout-flow wp-container-core-column-is-layout-78698854 wp-block-column-is-layout-flow\" style=\"flex-basis:20%\">\n<figure class=\"wp-block-image bloc_gris\"><a href=\"https:\/\/www.cnsa.fr\/documentation\/cnsa_fiche_facilealire_7-aah-vf.pdf\" target=\"_blank\" rel=\"noopener\"><img decoding=\"async\" src=\"http:\/\/www.adapei64.fr\/site\/wp-content\/uploads\/2021\/12\/capture_aah.jpg\" alt=\"\"\/><\/a><figcaption class=\"wp-element-caption\">Voir la fiche &#8220;L&#8217;allocation Adulte Handicap\u00e9 (AAH)&#8221;<\/figcaption><\/figure>\n<\/div>\n<\/div>\n\n\n\n<div class=\"wp-block-columns is-layout-flex wp-container-core-columns-is-layout-7387b849 wp-block-columns-is-layout-flex\">\n<div class=\"wp-block-column is-layout-flow wp-block-column-is-layout-flow\" style=\"flex-basis:80%\">\n<h3 class=\"wp-block-heading\">Le Compl\u00e9ment de ressources<\/h3>\n\n\n\n<p class=\"wp-block-paragraph\">Le compl\u00e9ment de ressources<br>est donn\u00e9 aux personnes :<\/p>\n\n\n\n<ul class=\"wp-block-list\">\n<li>qui ont l\u2019AAH<\/li>\n\n\n\n<li>et qui ne peuvent pas travailler.<br>Cette somme d\u2019argent est donn\u00e9e en plus de l\u2019AAH.<\/li>\n<\/ul>\n<\/div>\n\n\n\n<div class=\"wp-block-column is-layout-flow wp-container-core-column-is-layout-78698854 wp-block-column-is-layout-flow\" style=\"flex-basis:20%\">\n<figure class=\"wp-block-image bloc_gris\"><a href=\"https:\/\/www.cnsa.fr\/documentation\/cnsa_fiche_facilealire_9-complress-vf.pdf\" target=\"_blank\" rel=\"noopener\"><img decoding=\"async\" src=\"http:\/\/www.adapei64.fr\/site\/wp-content\/uploads\/2021\/12\/capture_complement_ressources.jpg\" alt=\"\"\/><\/a><figcaption class=\"wp-element-caption\">Voir la fiche &#8220;Le compl\u00e9ment de ressources&#8221;<\/figcaption><\/figure>\n<\/div>\n<\/div>\n\n\n\n<div class=\"wp-block-columns is-layout-flex wp-container-core-columns-is-layout-7387b849 wp-block-columns-is-layout-flex\">\n<div class=\"wp-block-column is-layout-flow wp-block-column-is-layout-flow\" style=\"flex-basis:80%\">\n<h3 class=\"wp-block-heading\">La PCH<\/h3>\n\n\n\n<p class=\"wp-block-paragraph\">La PCH est la prestation de compensation du handicap.<\/p>\n\n\n\n<p class=\"wp-block-paragraph\">La PCH est une somme d\u2019argent<br>pour les personnes qui ont besoin d\u2019une aide<br>dans la vie de tous les jours \u00e0 cause d\u2019un handicap.<\/p>\n\n\n\n<p class=\"wp-block-paragraph\">La PCH aide \u00e0 payer des d\u00e9penses li\u00e9es \u00e0 votre handicap.<\/p>\n<\/div>\n\n\n\n<div class=\"wp-block-column is-layout-flow wp-container-core-column-is-layout-78698854 wp-block-column-is-layout-flow\" style=\"flex-basis:20%\">\n<figure class=\"wp-block-image bloc_gris\"><a href=\"https:\/\/www.cnsa.fr\/documentation\/cnsa_fiche_facile_a_lire_aide_pch.pdf\" target=\"_blank\" rel=\"noopener\"><img decoding=\"async\" src=\"http:\/\/www.adapei64.fr\/site\/wp-content\/uploads\/2021\/12\/capture_pch.jpg\" alt=\"\"\/><\/a><figcaption class=\"wp-element-caption\">Voir la fiche &#8220;La prestation de compensation du handicap (PCH)&#8221;<\/figcaption><\/figure>\n<\/div>\n<\/div>\n\n\n\n<div class=\"wp-block-columns is-layout-flex wp-container-core-columns-is-layout-7387b849 wp-block-columns-is-layout-flex\">\n<div class=\"wp-block-column is-layout-flow wp-block-column-is-layout-flow\" style=\"flex-basis:80%\">\n<h3 class=\"wp-block-heading\">La PCH parentalit\u00e9<\/h3>\n\n\n\n<p class=\"wp-block-paragraph\">Il y a une nouveaut\u00e9 depuis le 1er janvier 2021.&nbsp;<\/p>\n\n\n\n<p class=\"wp-block-paragraph\">La PCH permet aux parents handicap\u00e9s<br>d\u2019avoir une somme d\u2019argent suppl\u00e9mentaire.<\/p>\n\n\n\n<p class=\"wp-block-paragraph\">Pour recevoir cette somme d\u2019argent suppl\u00e9mentaire<br>il faut :<\/p>\n\n\n\n<ul class=\"wp-block-list\">\n<li>avoir des enfants de moins de 7 ans<\/li>\n\n\n\n<li>recevoir la PCH.<\/li>\n<\/ul>\n\n\n\n<p class=\"wp-block-paragraph\">Cette somme d\u2019argent sert \u00e0 payer les d\u00e9penses <br>que les parents handicap\u00e9s ont en plus.&nbsp;&nbsp;<\/p>\n<\/div>\n\n\n\n<div class=\"wp-block-column is-layout-flow wp-container-core-column-is-layout-78698854 wp-block-column-is-layout-flow\" style=\"flex-basis:20%\">\n<figure class=\"wp-block-image bloc_gris\"><a href=\"https:\/\/www.cnsa.fr\/documentation\/cnsa_fiche_facile_a_lire_aide_pch_parentalite.pdf\" target=\"_blank\" rel=\"noopener\"><img decoding=\"async\" src=\"http:\/\/www.adapei64.fr\/site\/wp-content\/uploads\/2021\/12\/capture_pch_parentalite.jpg\" alt=\"\"\/><\/a><figcaption class=\"wp-element-caption\">Voir la fiche &#8220;La prestation de compensation du handicap parentalit\u00e9 (PCH parentalit\u00e9)&#8221;<\/figcaption><\/figure>\n<\/div>\n<\/div>\n\n\n\n<div style=\"height:35px\" aria-hidden=\"true\" class=\"wp-block-spacer\"><\/div>\n\n\n\n<div class=\"wp-block-columns is-layout-flex wp-container-core-columns-is-layout-07579d57 wp-block-columns-is-layout-flex\">\n<div class=\"wp-block-column is-layout-flow wp-block-column-is-layout-flow\" style=\"flex-basis:80%\">\n<p class=\"wp-block-paragraph\">Je peux retrouver toutes les aides<br>pour les personnes en situation de handicap<br>sur le site du gouvernement :<br><a href=\"https:\/\/handicap.gouv.fr\/toutes-les-aides-financieres-pour-le-handicap?source=240f3072-a6a3-4c6c-91b8-48f459c2211f\" target=\"_blank\" rel=\"noopener\">https:\/\/handicap.gouv.fr\/<\/a><\/p>\n<\/div>\n\n\n\n<div class=\"wp-block-column is-layout-flow wp-block-column-is-layout-flow\" style=\"flex-basis:20%\">\n<figure class=\"wp-block-image bloc_gris\"><a href=\"https:\/\/handicap.gouv.fr\/toutes-les-aides-financieres-pour-le-handicap?source=240f3072-a6a3-4c6c-91b8-48f459c2211f\" target=\"_blank\" rel=\"noopener\"><img decoding=\"async\" src=\"http:\/\/www.adapei64.fr\/site\/wp-content\/uploads\/2021\/12\/Logo-gouv-handicap.svg\" alt=\"Secr\u00e9tariat d'\u00e9tat charg\u00e9 des personnes handicap\u00e9es\"\/><\/a><\/figure>\n<\/div>\n<\/div>\n\n\n\n<div style=\"height:70px\" aria-hidden=\"true\" class=\"wp-block-spacer\"><\/div>\n\n\n\n<h2 class=\"wp-block-heading\">La Maison des Assistants de Service Social<br>de l&#8217;Adapei<\/h2>\n\n\n\n<p class=\"wp-block-paragraph\">Si je suis accompagn\u00e9 par un \u00e9tablissement ou service de l&#8217;Adapei,<br>je peux demander \u00e0 mon directeur de me mettre en relation<br>avec la Maison des Assistants de Service Social de l&#8217;Adapei.<\/p>\n","protected":false},"excerpt":{"rendered":"<p>Pour mes d\u00e9marches administrativesje peux \u00eatre accompagn\u00e9 par la MDPHC&#8217;est la maison d\u00e9partementale des personnes handicap\u00e9es. La MDPH des Pyr\u00e9n\u00e9es-Atlantiques \u00e0 Pau&nbsp;: Rue Pierre Bonnard Cit\u00e9 administrative64000 Pau T\u00e9l :&hellip; <a class=\"continue\" href=\"https:\/\/www.adapei64.fr\/site\/situation-de-handicap\/jai-besoin-daide-pour-mes-demarches-administratives\/\">Lire :<span> J&#8217;ai besoin d&#8217;aide pour mes d\u00e9marches administratives<\/span><\/a><\/p>\n","protected":false},"author":1,"featured_media":4621,"parent":1595,"menu_order":1,"comment_status":"closed","ping_status":"closed","template":"","meta":{"_crdt_document":"","om_disable_all_campaigns":false,"_uag_custom_page_level_css":"","_monsterinsights_skip_tracking":false,"_monsterinsights_sitenote_active":false,"_monsterinsights_sitenote_note":"","_monsterinsights_sitenote_category":0,"_uf_show_specific_survey":0,"_uf_disable_surveys":false,"_EventAllDay":false,"_EventTimezone":"","_EventStartDate":"","_EventEndDate":"","_EventStartDateUTC":"","_EventEndDateUTC":"","_EventShowMap":false,"_EventShowMapLink":false,"_EventURL":"","_EventCost":"","_EventCostDescription":"","_EventCurrencySymbol":"","_EventCurrencyCode":"","_EventCurrencyPosition":"","_EventDateTimeSeparator":"","_EventTimeRangeSeparator":"","_EventOrganizerID":[],"_EventVenueID":[],"_OrganizerEmail":"","_OrganizerPhone":"","_OrganizerWebsite":"","_VenueAddress":"","_VenueCity":"","_VenueCountry":"","_VenueProvince":"","_VenueState":"","_VenueZip":"","_VenuePhone":"","_VenueURL":"","_VenueStateProvince":"","_VenueLat":"","_VenueLng":"","_VenueShowMap":false,"_VenueShowMapLink":false,"footnotes":""},"class_list":["post-1864","page","type-page","status-publish","has-post-thumbnail","hentry"],"uagb_featured_image_src":{"full":["https:\/\/www.adapei64.fr\/site\/wp-content\/uploads\/2021\/08\/demarches.jpg",700,700,false],"thumbnail":["https:\/\/www.adapei64.fr\/site\/wp-content\/uploads\/2021\/08\/demarches-600x600.jpg",600,600,true],"medium":["https:\/\/www.adapei64.fr\/site\/wp-content\/uploads\/2021\/08\/demarches.jpg",700,700,false],"medium_large":["https:\/\/www.adapei64.fr\/site\/wp-content\/uploads\/2021\/08\/demarches.jpg",700,700,false],"large":["https:\/\/www.adapei64.fr\/site\/wp-content\/uploads\/2021\/08\/demarches.jpg",700,700,false],"1536x1536":["https:\/\/www.adapei64.fr\/site\/wp-content\/uploads\/2021\/08\/demarches.jpg",700,700,false],"2048x2048":["https:\/\/www.adapei64.fr\/site\/wp-content\/uploads\/2021\/08\/demarches.jpg",700,700,false]},"uagb_author_info":{"display_name":"Marie Lafargue","author_link":"https:\/\/www.adapei64.fr\/site\/author\/marie\/"},"uagb_comment_info":0,"uagb_excerpt":"Pour mes d\u00e9marches administrativesje peux \u00eatre accompagn\u00e9 par la MDPHC&#8217;est la maison d\u00e9partementale des personnes handicap\u00e9es. La MDPH des Pyr\u00e9n\u00e9es-Atlantiques \u00e0 Pau&nbsp;: Rue Pierre Bonnard Cit\u00e9 administrative64000 Pau T\u00e9l :&hellip; Lire : J&#8217;ai besoin d&#8217;aide pour mes d\u00e9marches administratives","distributor_meta":false,"distributor_terms":false,"distributor_media":false,"distributor_original_site_name":"Adapei des Pyr\u00e9n\u00e9es-Atlantiques","distributor_original_site_url":"https:\/\/www.adapei64.fr\/site","push-errors":false,"_links":{"self":[{"href":"https:\/\/www.adapei64.fr\/site\/wp-json\/wp\/v2\/pages\/1864","targetHints":{"allow":["GET"]}}],"collection":[{"href":"https:\/\/www.adapei64.fr\/site\/wp-json\/wp\/v2\/pages"}],"about":[{"href":"https:\/\/www.adapei64.fr\/site\/wp-json\/wp\/v2\/types\/page"}],"author":[{"embeddable":true,"href":"https:\/\/www.adapei64.fr\/site\/wp-json\/wp\/v2\/users\/1"}],"replies":[{"embeddable":true,"href":"https:\/\/www.adapei64.fr\/site\/wp-json\/wp\/v2\/comments?post=1864"}],"version-history":[{"count":29,"href":"https:\/\/www.adapei64.fr\/site\/wp-json\/wp\/v2\/pages\/1864\/revisions"}],"predecessor-version":[{"id":15733,"href":"https:\/\/www.adapei64.fr\/site\/wp-json\/wp\/v2\/pages\/1864\/revisions\/15733"}],"up":[{"embeddable":true,"href":"https:\/\/www.adapei64.fr\/site\/wp-json\/wp\/v2\/pages\/1595"}],"wp:featuredmedia":[{"embeddable":true,"href":"https:\/\/www.adapei64.fr\/site\/wp-json\/wp\/v2\/media\/4621"}],"wp:attachment":[{"href":"https:\/\/www.adapei64.fr\/site\/wp-json\/wp\/v2\/media?parent=1864"}],"curies":[{"name":"wp","href":"https:\/\/api.w.org\/{rel}","templated":true}]}}