{"id":2369,"date":"2021-07-30T13:06:55","date_gmt":"2021-07-30T11:06:55","guid":{"rendered":"http:\/\/adapei64.fr\/wp2\/politique-handicap\/"},"modified":"2024-08-06T19:34:55","modified_gmt":"2024-08-06T17:34:55","slug":"politique-handicap","status":"publish","type":"page","link":"https:\/\/www.adapei64.fr\/site\/pro-medico-social\/politique-rh\/politique-handicap\/","title":{"rendered":"Politique handicap"},"content":{"rendered":"\n<div style=\"height:70px\" aria-hidden=\"true\" class=\"wp-block-spacer\"><\/div>\n\n\n\n<div class=\"wp-block-columns is-layout-flex wp-container-core-columns-is-layout-07579d57 wp-block-columns-is-layout-flex\">\n<div class=\"wp-block-column is-layout-flow wp-block-column-is-layout-flow\" style=\"flex-basis:80%\">\n<p class=\"wp-block-paragraph\">Notre c\u0153ur de m\u00e9tier vise \u00e0 assurer une qualit\u00e9 d\u2019accompagnement, en faveur de nos personnes accueillies. Pour cette raison, l\u2019Adapei se veut exemplaire en mati\u00e8re d\u2019int\u00e9gration et d\u2019accompagnement de professionnels en situation de handicap.<\/p>\n\n\n\n<p class=\"wp-block-paragraph\">Ainsi, l\u2019Association a formalis\u00e9 une <strong>politique handicap \u00ab Pour avancer ensemble avec nos propres diff\u00e9rences ! \u00bb<\/strong>, qui a \u00e9t\u00e9 co-construite avec des professionnels de terrain, les partenaires sociaux et le service RH. Elle s\u2019est engag\u00e9e <strong>depuis 2021, en faveur de l\u2019inclusion et du maintien en emploi des professionnels en situation de handicap<\/strong>, ayant la reconnaissance en qualit\u00e9 de travailleur handicap\u00e9 (RQTH).<\/p>\n\n\n\n<p class=\"wp-block-paragraph\">Les <strong>objectifs<\/strong> sont :<\/p>\n\n\n\n<ul class=\"wp-block-list\">\n<li><strong>Faire \u00e9voluer le regard<\/strong> sur les professionnels en situation de handicap, et favoriser leur expression<\/li>\n\n\n\n<li><strong>Favoriser l&#8217;embauche<\/strong> et garantir l&#8217;insertion professionnelle<\/li>\n\n\n\n<li><strong>Maintenir dans l&#8217;emploi <\/strong>et faciliter les <strong>reconversions<\/strong><\/li>\n\n\n\n<li>Mettre en \u0153uvre des <strong>dispositifs de pr\u00e9vention<\/strong><\/li>\n\n\n\n<li><strong>Adapter l&#8217;environnement de travail<\/strong> et am\u00e9liorer l&#8217;accessibilit\u00e9 de nos \u00e9tablissements<\/li>\n<\/ul>\n\n\n\n<p class=\"wp-block-paragraph\">Cette politique est soutenue par des partenaires ressources tels que l\u2019OETH, CAP EMPLOI, R\u00e9f\u00e9rentes et Relais Handicap, &#8230;<\/p>\n\n\n\n<p class=\"wp-block-paragraph\">Pour faire vivre la d\u00e9marche dans le temps, l\u2019Association <strong>d\u00e9veloppe des webinaires et actions en faveur du handicap au travail, \u00e0 destination de ces professionnels, afin de combattre les pr\u00e9jug\u00e9s et lib\u00e9rer la parole !<\/strong><\/p>\n<\/div>\n\n\n\n<div class=\"wp-block-column is-layout-flow wp-block-column-is-layout-flow\" style=\"flex-basis:20%\">\n<figure class=\"wp-block-image size-full is-resized bloc_bleu\"><a href=\"https:\/\/www.adapei64.fr\/site\/adapei\/\"><img decoding=\"async\" src=\"http:\/\/www.adapei64.fr\/site\/wp-content\/uploads\/2022\/02\/infos-b.svg\" alt=\"\" class=\"wp-image-8077\" style=\"width:auto;height:80px\"\/><\/a><figcaption class=\"wp-element-caption\"><a href=\"https:\/\/www.adapei64.fr\/site\/adapei\/\" data-type=\"page\" data-id=\"728\">En savoir plus sur l&#8217;association<\/a><\/figcaption><\/figure>\n\n\n\n<figure class=\"wp-block-image bloc_bleu\"><a href=\"http:\/\/www.adapei64.fr\/site\/adapei\/projet-associatif-2021-2025\/\"><img decoding=\"async\" src=\"http:\/\/www.adapei64.fr\/site\/wp-content\/uploads\/2020\/11\/ProjetAsso2.png\" alt=\"Projet associatif 2021-2025\"\/><\/a><figcaption class=\"wp-element-caption\"><a href=\"http:\/\/www.adapei64.fr\/site\/adapei\/projet-associatif-2021-2025\/\" target=\"_blank\" rel=\"noreferrer noopener\">Notre projet associatif<\/a><\/figcaption><\/figure>\n\n\n\n<figure class=\"wp-block-image bloc_bleu\"><a href=\"https:\/\/www.adapei64.fr\/site\/adapei\/les-etablissements-et-services\/\"><img decoding=\"async\" src=\"http:\/\/www.adapei64.fr\/site\/wp-content\/uploads\/2021\/02\/TrouverESMS.png\" alt=\"Carte vers les \u00e9tablissements et services de l'Adapei des Pyr\u00e9n\u00e9es-Atlantiques\"\/><\/a><figcaption class=\"wp-element-caption\"><a href=\"https:\/\/www.adapei64.fr\/site\/adapei\/les-etablissements-et-services\/\" data-type=\"page\" data-id=\"1013\">Trouver un \u00e9tablissement ou service<\/a><\/figcaption><\/figure>\n\n\n\n<figure class=\"wp-block-image\"><a href=\"https:\/\/cfr.adapei64.fr\"><img decoding=\"async\" src=\"https:\/\/www.adapei64.fr\/site\/wp-content\/uploads\/2021\/08\/Logo_CFR_Blanc.png\" alt=\"Centre de Formation et de Recherche de l'Adapei des PA\"\/><\/a><\/figure>\n<\/div>\n<\/div>\n","protected":false},"excerpt":{"rendered":"<p>Notre c\u0153ur de m\u00e9tier vise \u00e0 assurer une qualit\u00e9 d\u2019accompagnement, en faveur de nos personnes accueillies. Pour cette raison, l\u2019Adapei se veut exemplaire en mati\u00e8re d\u2019int\u00e9gration et d\u2019accompagnement de professionnels&hellip; <a class=\"continue\" href=\"https:\/\/www.adapei64.fr\/site\/pro-medico-social\/politique-rh\/politique-handicap\/\">Lire :<span> Politique handicap<\/span><\/a><\/p>\n","protected":false},"author":1,"featured_media":9581,"parent":2373,"menu_order":4,"comment_status":"closed","ping_status":"closed","template":"","meta":{"_crdt_document":"","om_disable_all_campaigns":false,"_uag_custom_page_level_css":"","_monsterinsights_skip_tracking":false,"_monsterinsights_sitenote_active":false,"_monsterinsights_sitenote_note":"","_monsterinsights_sitenote_category":0,"_uf_show_specific_survey":0,"_uf_disable_surveys":false,"_EventAllDay":false,"_EventTimezone":"","_EventStartDate":"","_EventEndDate":"","_EventStartDateUTC":"","_EventEndDateUTC":"","_EventShowMap":false,"_EventShowMapLink":false,"_EventURL":"","_EventCost":"","_EventCostDescription":"","_EventCurrencySymbol":"","_EventCurrencyCode":"","_EventCurrencyPosition":"","_EventDateTimeSeparator":"","_EventTimeRangeSeparator":"","_EventOrganizerID":[],"_EventVenueID":[],"_OrganizerEmail":"","_OrganizerPhone":"","_OrganizerWebsite":"","_VenueAddress":"","_VenueCity":"","_VenueCountry":"","_VenueProvince":"","_VenueState":"","_VenueZip":"","_VenuePhone":"","_VenueURL":"","_VenueStateProvince":"","_VenueLat":"","_VenueLng":"","_VenueShowMap":false,"_VenueShowMapLink":false,"footnotes":""},"class_list":["post-2369","page","type-page","status-publish","has-post-thumbnail","hentry"],"uagb_featured_image_src":{"full":["https:\/\/www.adapei64.fr\/site\/wp-content\/uploads\/2022\/02\/handicap.png",440,451,false],"thumbnail":["https:\/\/www.adapei64.fr\/site\/wp-content\/uploads\/2022\/02\/handicap.png",440,451,false],"medium":["https:\/\/www.adapei64.fr\/site\/wp-content\/uploads\/2022\/02\/handicap.png",440,451,false],"medium_large":["https:\/\/www.adapei64.fr\/site\/wp-content\/uploads\/2022\/02\/handicap.png",440,451,false],"large":["https:\/\/www.adapei64.fr\/site\/wp-content\/uploads\/2022\/02\/handicap.png",440,451,false],"1536x1536":["https:\/\/www.adapei64.fr\/site\/wp-content\/uploads\/2022\/02\/handicap.png",440,451,false],"2048x2048":["https:\/\/www.adapei64.fr\/site\/wp-content\/uploads\/2022\/02\/handicap.png",440,451,false]},"uagb_author_info":{"display_name":"Marie Lafargue","author_link":"https:\/\/www.adapei64.fr\/site\/author\/marie\/"},"uagb_comment_info":0,"uagb_excerpt":"Notre c\u0153ur de m\u00e9tier vise \u00e0 assurer une qualit\u00e9 d\u2019accompagnement, en faveur de nos personnes accueillies. Pour cette raison, l\u2019Adapei se veut exemplaire en mati\u00e8re d\u2019int\u00e9gration et d\u2019accompagnement de professionnels&hellip; Lire : Politique handicap","distributor_meta":false,"distributor_terms":false,"distributor_media":false,"distributor_original_site_name":"Adapei des Pyr\u00e9n\u00e9es-Atlantiques","distributor_original_site_url":"https:\/\/www.adapei64.fr\/site","push-errors":false,"_links":{"self":[{"href":"https:\/\/www.adapei64.fr\/site\/wp-json\/wp\/v2\/pages\/2369","targetHints":{"allow":["GET"]}}],"collection":[{"href":"https:\/\/www.adapei64.fr\/site\/wp-json\/wp\/v2\/pages"}],"about":[{"href":"https:\/\/www.adapei64.fr\/site\/wp-json\/wp\/v2\/types\/page"}],"author":[{"embeddable":true,"href":"https:\/\/www.adapei64.fr\/site\/wp-json\/wp\/v2\/users\/1"}],"replies":[{"embeddable":true,"href":"https:\/\/www.adapei64.fr\/site\/wp-json\/wp\/v2\/comments?post=2369"}],"version-history":[{"count":22,"href":"https:\/\/www.adapei64.fr\/site\/wp-json\/wp\/v2\/pages\/2369\/revisions"}],"predecessor-version":[{"id":15777,"href":"https:\/\/www.adapei64.fr\/site\/wp-json\/wp\/v2\/pages\/2369\/revisions\/15777"}],"up":[{"embeddable":true,"href":"https:\/\/www.adapei64.fr\/site\/wp-json\/wp\/v2\/pages\/2373"}],"wp:featuredmedia":[{"embeddable":true,"href":"https:\/\/www.adapei64.fr\/site\/wp-json\/wp\/v2\/media\/9581"}],"wp:attachment":[{"href":"https:\/\/www.adapei64.fr\/site\/wp-json\/wp\/v2\/media?parent=2369"}],"curies":[{"name":"wp","href":"https:\/\/api.w.org\/{rel}","templated":true}]}}