{"id":2397,"date":"2021-08-01T13:16:54","date_gmt":"2021-07-30T11:16:27","guid":{"rendered":"http:\/\/adapei64.fr\/wp2\/je-un-proche-dune-personne-vivant-avec-un-handicap\/les-1eres-difficultes\/"},"modified":"2024-08-06T19:04:33","modified_gmt":"2024-08-06T17:04:33","slug":"les-1eres-difficultes","status":"publish","type":"page","link":"https:\/\/www.adapei64.fr\/site\/proche\/les-1eres-difficultes\/","title":{"rendered":"Les 1\u00e8res difficult\u00e9s"},"content":{"rendered":"\n<div style=\"height:70px\" aria-hidden=\"true\" class=\"wp-block-spacer\"><\/div>\n\n\n\n<p class=\"wp-block-paragraph\">Le handicap n\u00e9cessite une prise en charge pr\u00e9coce.<br>Le d\u00e9pister le plus t\u00f4t possible et assurer une prise en charge adapt\u00e9e de votre enfant sont des \u00e9tapes essentielles pour limiter l\u2019aggravation du handicap et ses incidences sur son \u00e9volution.<\/p>\n\n\n\n<p class=\"wp-block-paragraph\">Le diagnostic n\u2019est pas toujours facile \u00e0 poser pour les professionnels, ni \u00e0 accepter pour les parents.<br>De la maternit\u00e9 \u00e0 l\u2019entr\u00e9e \u00e0 l\u2019\u00e9cole ou en \u00e9tablissement, des professionnels et des structures adapt\u00e9es \u00e0 vos besoins peuvent vous accompagner.<\/p>\n\n\n\n<div style=\"height:70px\" aria-hidden=\"true\" class=\"wp-block-spacer\"><\/div>\n\n\n\n<div class=\"wp-block-columns is-layout-flex wp-container-core-columns-is-layout-07579d57 wp-block-columns-is-layout-flex\">\n<div class=\"wp-block-column is-layout-flow wp-block-column-is-layout-flow\" style=\"flex-basis:80%\">\n<h2 class=\"wp-block-heading\">H\u00f4pitaux et consultations g\u00e9n\u00e9ralistes<\/h2>\n\n\n\n<p class=\"wp-block-paragraph\">Les \u00e9quipes m\u00e9dicales des maternit\u00e9s puis les p\u00e9diatres et les m\u00e9decins g\u00e9n\u00e9ralistes assurent le suivi m\u00e9dical de votre enfant de la naissance \u00e0 sa majorit\u00e9. Ils peuvent donc d\u00e9tecter le handicap de votre enfant et vous orienter vers le suivi le plus adapt\u00e9 \u00e0 son \u00e9volution.<\/p>\n\n\n\n<p class=\"wp-block-paragraph\">Lorsqu\u2019un enfant rencontre des difficult\u00e9s, le m\u00e9decin de ville peut recommander un m\u00e9decin hospitalier pour une consultation sp\u00e9cialis\u00e9e. Un bilan et des examens compl\u00e9mentaires permettront de pr\u00e9ciser la cause de ces difficult\u00e9s. Si un diagnostic est confirm\u00e9, c\u2019est le m\u00e9decin de ville ou le centre de&nbsp;<abbr title=\"Protection Maternelle et Infantile \">PMI<\/abbr>&nbsp;qui prendra le relai pour assurer le suivi m\u00e9dical de votre enfant.<\/p>\n\n\n\n<div style=\"height:70px\" aria-hidden=\"true\" class=\"wp-block-spacer\"><\/div>\n\n\n\n<h2 class=\"wp-block-heading\" id=\"structures-specialisees\">Structures sp\u00e9cialis\u00e9es<\/h2>\n\n\n\n<p class=\"wp-block-paragraph\">Il existe plusieurs structures sp\u00e9cialis\u00e9es dans le d\u00e9pistage et le suivi m\u00e9dical et psychologique des enfants en situation de handicap. Elles peuvent intervenir \u00e0 domicile ou dans des structures m\u00e9dico-sociales.<\/p>\n\n\n\n<div style=\"height:35px\" aria-hidden=\"true\" class=\"wp-block-spacer\"><\/div>\n\n\n\n<h3 class=\"wp-block-heading\">La Protection Maternelle et Infantile (PMI)<\/h3>\n\n\n\n<p class=\"wp-block-paragraph\">Des consultations m\u00e9dicales pr\u00e9ventives gratuites vous sont propos\u00e9es par les centres de&nbsp;<abbr title=\"Protection Maternelle et Infantile \">PMI<\/abbr>&nbsp;et leurs \u00e9quipes pluridisciplinaires (m\u00e9decins, pu\u00e9ricultrices, psychologues, psychomotriciens) pour suivre votre enfant et surveiller sa croissance, de la naissance jusqu\u2019\u00e0 ses 6 ans.<\/p>\n\n\n\n<p class=\"wp-block-paragraph\">Une attention particuli\u00e8re est port\u00e9e au rep\u00e9rage des troubles du d\u00e9veloppement et des troubles sensoriels. Si besoin, vous serez orient\u00e9 vers des services sp\u00e9cialis\u00e9s.<\/p>\n\n\n\n<p class=\"wp-block-paragraph\"><a title=\"Consultez&nbsp;la liste des centres de PMI&nbsp;parisiens (nouvelle fen\u00eatre)\" href=\"https:\/\/allopmi.fr\/pyrenees-atlantiques-64\/\" target=\"_blank\" rel=\"noreferrer noopener\">Consultez&nbsp;la liste des centres de PMI&nbsp;du 64<\/a><\/p>\n\n\n\n<div style=\"height:35px\" aria-hidden=\"true\" class=\"wp-block-spacer\"><\/div>\n\n\n\n<h3 class=\"wp-block-heading\">Centres d\u2019Action M\u00e9dico-Sociale Pr\u00e9coce (<abbr title=\"Centre d'action m\u00e9dico-sociale pr\u00e9coce\">CAMSP<\/abbr>)<\/h3>\n\n\n\n<p class=\"wp-block-paragraph\">Les&nbsp;CASMP interviennent aupr\u00e8s des enfants de moins de 6 ans.&nbsp;Ils d\u00e9pistent au plus t\u00f4t des d\u00e9ficiences motrices, sensorielles ou mentales et mettent en place des soins adapt\u00e9s.&nbsp;Ils peuvent accueillir tout type de handicap.<\/p>\n\n\n\n<p class=\"wp-block-paragraph\">Ils proposent un suivi de votre enfant par des consultations, des s\u00e9ances individuelles ou de groupe et un soutien des parents et des familles.<\/p>\n\n\n\n<p class=\"wp-block-paragraph\">Les actions de pr\u00e9vention, de d\u00e9pistage et de prise en charge se font en partenariat avec les cr\u00e8ches et \u00e9coles, les centres de&nbsp;<abbr title=\"Protection maternelle et infantile\">PMI<\/abbr>, les services hospitaliers et les m\u00e9decins lib\u00e9raux.<\/p>\n\n\n\n<p class=\"wp-block-paragraph\">La totalit\u00e9 des interventions r\u00e9alis\u00e9es par les CAMSP est prise en charge par l\u2019Assurance Maladie.<\/p>\n\n\n\n<p class=\"wp-block-paragraph\">En pr\u00e9parant sa premi\u00e8re exp\u00e9rience de socialisation en dehors de la famille ou du service de soins, les \u00e9quipes donnent tous les atouts \u00e0 l\u2019enfant pour s\u2019int\u00e9grer avec succ\u00e8s en cr\u00e8che ou \u00e0 l\u2019\u00e9cole maternelle. Pour permettre aux enfants de suivre une scolarit\u00e9 adapt\u00e9e, les \u00e9quipes du CAMSP aident la famille \u00e0 \u00e9laborer le GEVASCO \u2013 Guide d\u2019\u00c9valuation de la Scolarisation \u2013 avec la&nbsp;MDPH.<\/p>\n\n\n\n<p class=\"wp-block-paragraph\">Les parents ont directement acc\u00e8s aux CAMSP, sans notification de la Commission des droits et de l\u2019autonomie des personnes handicap\u00e9es (<abbr title=\"Commission des Droits et de l\u2019Autonomie des Personnes Handicap\u00e9es\">CDAPH<\/abbr>). Les parents qui envisagent l\u2019admission de leur enfant au CAMSP, peuvent prendre contact directement avec la structure.<\/p>\n\n\n\n<ul class=\"wp-block-list\">\n<li><a href=\"https:\/\/www.ch-cote-basque.fr\/index.php\/femme-mere-et-enfants\/femme-mere-enfant\/66-services-de-soins\/164-c-a-m-s-p\" rel=\"noopener\">CAMSP DU CHCB<\/a>&nbsp;\u00e0&nbsp; Bayonne<\/li>\n\n\n\n<li><a href=\"https:\/\/www.camspdubearn.fr\/\">CAMSP DU BEARN<\/a>&nbsp;\u00e0 Pau<\/li>\n<\/ul>\n\n\n\n<div style=\"height:35px\" aria-hidden=\"true\" class=\"wp-block-spacer\"><\/div>\n\n\n\n<h3 class=\"wp-block-heading\">Centres M\u00e9dico-Psychologiques (CMP) et Centres M\u00e9dico-Psycho-P\u00e9dagogiques (CMPP)<\/h3>\n\n\n\n<p class=\"wp-block-paragraph\">Le CMP est une structure de soins rattach\u00e9 \u00e0 un h\u00f4pital. Il assure des consultations pour toute personne en souffrance psychique et organise leur orientation \u00e9ventuelle vers des structures adapt\u00e9es (h\u00f4pital de jour, unit\u00e9 d\u2019hospitalisation psychiatrique, foyers\u2026). Il existe des CMP pour adultes et des CMP pour enfants et adolescents. Les consultations sont prises en charge par la s\u00e9curit\u00e9 sociale.<\/p>\n\n\n\n<p class=\"wp-block-paragraph\">Le&nbsp;CMPP&nbsp;est un service m\u00e9dico-social assurant des consultations, des diagnostics et des soins ambulatoires pour des enfants et adolescents de 0 \u00e0 20 ans, rencontrant des difficult\u00e9s d\u2019ordre psychologique ou scolaires. Les familles peuvent consulter le centre de leur propre initiative ou sur le conseil d\u2019un m\u00e9decin, d\u2019un travailleur social, d\u2019un enseignant.<\/p>\n\n\n\n<ul class=\"wp-block-list\">\n<li><a href=\"https:\/\/annuaire.action-sociale.org\/?p=cmpp-de-pau-640781506&amp;details=caracteristiques\">C.M.P.P. DE PAU<\/a><\/li>\n\n\n\n<li><a href=\"https:\/\/annuaire.action-sociale.org\/?p=consultation-medico-psychologiqu-640780326&amp;details=caracteristiques\">CMPP BAYONNE<\/a>, ANGLET (64600)<\/li>\n\n\n\n<li><a href=\"https:\/\/annuaire.action-sociale.org\/?p=cmpp-de-bayonne-640780359&amp;details=caracteristiques\">C.M.P.P. DE BAYONNE<\/a>, BAYONNE (64104)<\/li>\n\n\n\n<li><a href=\"https:\/\/annuaire.action-sociale.org\/?p=centre-medico-psycho-pedagogique-site-d-hendaye-640018529&amp;details=caracteristiques\">CMPP SITE D&#8217;HENDAYE<\/a>, HENDAYE (64700)<\/li>\n\n\n\n<li><a href=\"https:\/\/annuaire.action-sociale.org\/?p=cmpp-de-saint-jean-de-luz-640784146&amp;details=caracteristiques\">C.M.P.P. DE ST JEAN DE LUZ<\/a>, SAINT JEAN DE LUZ (64500)<\/li>\n<\/ul>\n\n\n\n<div style=\"height:35px\" aria-hidden=\"true\" class=\"wp-block-spacer\"><\/div>\n\n\n\n<h3 class=\"wp-block-heading\">Services de Soins Infirmiers \u00c0 Domicile (SSIAD)<\/h3>\n\n\n\n<p class=\"wp-block-paragraph\">Les soins de ces services d\u00e9di\u00e9s aux personnes en perte d\u2019autonomie sont accessibles sur prescription m\u00e9dicale. Ils sont pris en charge par l\u2019Assurance Maladie.<\/p>\n\n\n\n<p class=\"wp-block-paragraph\"><a href=\"https:\/\/annuaire.action-sociale.org\/etablissements\/readaptation-sociale\/service-de-soins-infirmiers-a-domicile--s-s-i-a-d--354\/rgn-aquitaine.html#pyrenees-atlantiques\" target=\"_blank\" rel=\"noopener\">Consultez la liste des SSIAD&nbsp;du 64<\/a><\/p>\n<\/div>\n\n\n\n<div class=\"wp-block-column is-layout-flow wp-block-column-is-layout-flow\" style=\"flex-basis:20%\">\n<figure class=\"wp-block-image size-full is-resized bloc_bleu\"><a href=\"https:\/\/www.adapei64.fr\/site\/adapei\/\"><img decoding=\"async\" src=\"http:\/\/www.adapei64.fr\/site\/wp-content\/uploads\/2022\/02\/infos-b.svg\" alt=\"\" class=\"wp-image-8077\" style=\"width:auto;height:80px\"\/><\/a><figcaption class=\"wp-element-caption\"><a href=\"https:\/\/www.adapei64.fr\/site\/adapei\/\" data-type=\"page\" data-id=\"728\">En savoir plus sur l&#8217;association<\/a><\/figcaption><\/figure>\n\n\n\n<figure class=\"wp-block-image size-full is-resized bloc_bleu\"><img decoding=\"async\" src=\"http:\/\/www.adapei64.fr\/site\/wp-content\/uploads\/2022\/02\/proches-b.svg\" alt=\"\" class=\"wp-image-8075\" style=\"width:auto;height:50px\"\/><figcaption class=\"wp-element-caption\"><a href=\"https:\/\/www.adapei64.fr\/site\/adapei\/nous-contacter\/\" data-type=\"page\" data-id=\"673\">Contacter des parents de l&#8217;Adapei<\/a><\/figcaption><\/figure>\n\n\n\n<figure class=\"wp-block-image bloc_bleu\"><a href=\"https:\/\/www.adapei64.fr\/site\/adapei\/les-etablissements-et-services\/\"><img decoding=\"async\" src=\"http:\/\/www.adapei64.fr\/site\/wp-content\/uploads\/2021\/02\/TrouverESMS.png\" alt=\"Carte vers les \u00e9tablissements et services de l'Adapei des Pyr\u00e9n\u00e9es-Atlantiques\"\/><\/a><figcaption class=\"wp-element-caption\"><a href=\"https:\/\/www.adapei64.fr\/site\/adapei\/les-etablissements-et-services\/\" data-type=\"page\" data-id=\"1013\">Trouver un \u00e9tablissement ou service<\/a><\/figcaption><\/figure>\n<\/div>\n<\/div>\n","protected":false},"excerpt":{"rendered":"<p>Le handicap n\u00e9cessite une prise en charge pr\u00e9coce.Le d\u00e9pister le plus t\u00f4t possible et assurer une prise en charge adapt\u00e9e de votre enfant sont des \u00e9tapes essentielles pour limiter l\u2019aggravation&hellip; <a class=\"continue\" href=\"https:\/\/www.adapei64.fr\/site\/proche\/les-1eres-difficultes\/\">Lire :<span> Les 1\u00e8res difficult\u00e9s<\/span><\/a><\/p>\n","protected":false},"author":1,"featured_media":5629,"parent":1597,"menu_order":0,"comment_status":"closed","ping_status":"closed","template":"","meta":{"_crdt_document":"","om_disable_all_campaigns":false,"_uag_custom_page_level_css":"","_monsterinsights_skip_tracking":false,"_monsterinsights_sitenote_active":false,"_monsterinsights_sitenote_note":"","_monsterinsights_sitenote_category":0,"_uf_show_specific_survey":0,"_uf_disable_surveys":false,"_EventAllDay":false,"_EventTimezone":"","_EventStartDate":"","_EventEndDate":"","_EventStartDateUTC":"","_EventEndDateUTC":"","_EventShowMap":false,"_EventShowMapLink":false,"_EventURL":"","_EventCost":"","_EventCostDescription":"","_EventCurrencySymbol":"","_EventCurrencyCode":"","_EventCurrencyPosition":"","_EventDateTimeSeparator":"","_EventTimeRangeSeparator":"","_EventOrganizerID":[],"_EventVenueID":[],"_OrganizerEmail":"","_OrganizerPhone":"","_OrganizerWebsite":"","_VenueAddress":"","_VenueCity":"","_VenueCountry":"","_VenueProvince":"","_VenueState":"","_VenueZip":"","_VenuePhone":"","_VenueURL":"","_VenueStateProvince":"","_VenueLat":"","_VenueLng":"","_VenueShowMap":false,"_VenueShowMapLink":false,"footnotes":""},"class_list":["post-2397","page","type-page","status-publish","has-post-thumbnail","hentry"],"uagb_featured_image_src":{"full":["https:\/\/www.adapei64.fr\/site\/wp-content\/uploads\/2021\/12\/01-Premiere-difficultes.svg",500,500,false],"thumbnail":["https:\/\/www.adapei64.fr\/site\/wp-content\/uploads\/2021\/12\/01-Premiere-difficultes.svg",500,500,false],"medium":["https:\/\/www.adapei64.fr\/site\/wp-content\/uploads\/2021\/12\/01-Premiere-difficultes.svg",500,500,false],"medium_large":["https:\/\/www.adapei64.fr\/site\/wp-content\/uploads\/2021\/12\/01-Premiere-difficultes.svg",500,500,false],"large":["https:\/\/www.adapei64.fr\/site\/wp-content\/uploads\/2021\/12\/01-Premiere-difficultes.svg",500,500,false],"1536x1536":["https:\/\/www.adapei64.fr\/site\/wp-content\/uploads\/2021\/12\/01-Premiere-difficultes.svg",500,500,false],"2048x2048":["https:\/\/www.adapei64.fr\/site\/wp-content\/uploads\/2021\/12\/01-Premiere-difficultes.svg",500,500,false]},"uagb_author_info":{"display_name":"Marie Lafargue","author_link":"https:\/\/www.adapei64.fr\/site\/author\/marie\/"},"uagb_comment_info":0,"uagb_excerpt":"Le handicap n\u00e9cessite une prise en charge pr\u00e9coce.Le d\u00e9pister le plus t\u00f4t possible et assurer une prise en charge adapt\u00e9e de votre enfant sont des \u00e9tapes essentielles pour limiter l\u2019aggravation&hellip; Lire : Les 1\u00e8res difficult\u00e9s","distributor_meta":false,"distributor_terms":false,"distributor_media":false,"distributor_original_site_name":"Adapei des Pyr\u00e9n\u00e9es-Atlantiques","distributor_original_site_url":"https:\/\/www.adapei64.fr\/site","push-errors":false,"_links":{"self":[{"href":"https:\/\/www.adapei64.fr\/site\/wp-json\/wp\/v2\/pages\/2397","targetHints":{"allow":["GET"]}}],"collection":[{"href":"https:\/\/www.adapei64.fr\/site\/wp-json\/wp\/v2\/pages"}],"about":[{"href":"https:\/\/www.adapei64.fr\/site\/wp-json\/wp\/v2\/types\/page"}],"author":[{"embeddable":true,"href":"https:\/\/www.adapei64.fr\/site\/wp-json\/wp\/v2\/users\/1"}],"replies":[{"embeddable":true,"href":"https:\/\/www.adapei64.fr\/site\/wp-json\/wp\/v2\/comments?post=2397"}],"version-history":[{"count":6,"href":"https:\/\/www.adapei64.fr\/site\/wp-json\/wp\/v2\/pages\/2397\/revisions"}],"predecessor-version":[{"id":15746,"href":"https:\/\/www.adapei64.fr\/site\/wp-json\/wp\/v2\/pages\/2397\/revisions\/15746"}],"up":[{"embeddable":true,"href":"https:\/\/www.adapei64.fr\/site\/wp-json\/wp\/v2\/pages\/1597"}],"wp:featuredmedia":[{"embeddable":true,"href":"https:\/\/www.adapei64.fr\/site\/wp-json\/wp\/v2\/media\/5629"}],"wp:attachment":[{"href":"https:\/\/www.adapei64.fr\/site\/wp-json\/wp\/v2\/media?parent=2397"}],"curies":[{"name":"wp","href":"https:\/\/api.w.org\/{rel}","templated":true}]}}