{"id":2411,"date":"2021-08-12T13:16:54","date_gmt":"2021-07-30T11:16:27","guid":{"rendered":"http:\/\/adapei64.fr\/wp2\/je-un-proche-dune-personne-vivant-avec-un-handicap\/logement\/"},"modified":"2025-07-30T18:09:58","modified_gmt":"2025-07-30T16:09:58","slug":"logement","status":"publish","type":"page","link":"https:\/\/www.adapei64.fr\/site\/proche\/logement\/","title":{"rendered":"Logement"},"content":{"rendered":"\n<div style=\"height:70px\" aria-hidden=\"true\" class=\"wp-block-spacer\"><\/div>\n\n\n\n<div class=\"wp-block-columns is-layout-flex wp-container-core-columns-is-layout-07579d57 wp-block-columns-is-layout-flex\">\n<div class=\"wp-block-column is-layout-flow wp-block-column-is-layout-flow\" style=\"flex-basis:80%\">\n<h2 class=\"wp-block-heading\">Logement autonome<\/h2>\n\n\n\n<p class=\"wp-block-paragraph\">Votre proche peut avoir son propre logement.<br>Il peut b\u00e9n\u00e9ficier d&#8217;un accompagnement&nbsp;<\/p>\n\n\n\n<ul class=\"wp-block-list\">\n<li>par le <a href=\"http:\/\/www.adapei64.fr\/site\/adapei\/les-etablissements-et-services\/enfance-scolarisation\/sesips-ime-sessad-itep\/\">SESIPS<\/a> s&#8217;il a moins de 20 ans,&nbsp;&nbsp;<\/li>\n\n\n\n<li>par un <a href=\"http:\/\/www.adapei64.fr\/site\/proche\/aide-dans-la-vie-quotidienne\/\">SAVS (Service d&#8217;Aide \u00e0 la Vie Sociale)<\/a> s&#8217;il a plus de 20 ans&nbsp;<\/li>\n<\/ul>\n\n\n\n<p class=\"wp-block-paragraph\">pour ses d\u00e9marches administratives, ses loisirs, ses soins et sa sant\u00e9, ses courses&#8230;<\/p>\n\n\n\n<div style=\"height:35px\" aria-hidden=\"true\" class=\"wp-block-spacer\"><\/div>\n\n\n\n<h3 class=\"wp-block-heading\">La majoration pour la vie autonome<\/h3>\n\n\n\n<p class=\"wp-block-paragraph\">La majoration pour la vie autonome (MVA) permet de faire face aux d\u00e9penses courantes d\u2019entretien d\u2019un logement ind\u00e9pendant.&nbsp;<br>Cette majoration compl\u00e8te l\u2019allocation aux adultes handicap\u00e9s per\u00e7ue par les b\u00e9n\u00e9ficiaires pr\u00e9sentant un taux d\u2019incapacit\u00e9 \u00e9gal ou sup\u00e9rieur \u00e0 80%.<br>Elle peut \u00e9galement \u00eatre per\u00e7ue par les b\u00e9n\u00e9ficiaires de l\u2019allocation suppl\u00e9mentaire d\u2019invalidit\u00e9 (ASI) dans les m\u00eames conditions que pour l\u2019AAH.<\/p>\n\n\n\n<div style=\"height:35px\" aria-hidden=\"true\" class=\"wp-block-spacer\"><\/div>\n\n\n\n<h3 class=\"wp-block-heading\">Habiter Facile<\/h3>\n\n\n\n<p class=\"wp-block-paragraph\">Si le logement doit \u00eatre am\u00e9nag\u00e9, votre proche peut demande l&#8217;aide financi\u00e8re &#8220;Habiter Facile&#8221; d\u00e9livr\u00e9e par l&#8217;Agence Nationale de l&#8217;Habitat.<br>Cette aide peut financer jusqu&#8217;\u00e0 la moiti\u00e9 des travaux d&#8217;am\u00e9nagement.<\/p>\n\n\n\n<p class=\"wp-block-paragraph\"><a href=\"https:\/\/www.anah.fr\/proprietaires\/proprietaires-occupants\/adapter-votre-logement-a-votre-handicap-avec-habiter-facile\/\" target=\"_blank\" rel=\"noopener\">En savoir plus sur l&#8217;aide &#8220;Habiter Facile&#8221;<\/a><\/p>\n<\/div>\n\n\n\n<div class=\"wp-block-column is-layout-flow wp-block-column-is-layout-flow\" style=\"flex-basis:20%\">\n<figure class=\"wp-block-image bloc_gris\"><a href=\"http:\/\/www.adapei64.fr\/site\/proche\/reconnaissance-du-handicap\/\"><img decoding=\"async\" src=\"http:\/\/www.adapei64.fr\/site\/wp-content\/uploads\/2021\/12\/02-Reconnaissance-du-handicap.svg\" alt=\"Une personne handicap\u00e9e poste un document\"\/><\/a><figcaption class=\"wp-element-caption\"><a href=\"https:\/\/www.adapei64.fr\/site\/proche\/reconnaissance-du-handicap\/\" data-type=\"page\" data-id=\"2399\">Reconnaissance du handicap<\/a><\/figcaption><\/figure>\n\n\n\n<figure class=\"wp-block-image bloc_gris\"><a href=\"http:\/\/www.adapei64.fr\/site\/proche\/aides-pour-adultes\/\"><img decoding=\"async\" src=\"http:\/\/www.adapei64.fr\/site\/wp-content\/uploads\/2021\/12\/12-Aides-Adultes.svg\" alt=\"Un femme tient une tirelire\"\/><\/a><figcaption class=\"wp-element-caption\"><a href=\"https:\/\/www.adapei64.fr\/site\/proche\/aides-pour-adultes\/\" data-type=\"page\" data-id=\"6080\">Aides pour adultes<\/a><\/figcaption><\/figure>\n<\/div>\n<\/div>\n\n\n\n<div style=\"height:70px\" aria-hidden=\"true\" class=\"wp-block-spacer\"><\/div>\n\n\n\n<div class=\"wp-block-columns is-layout-flex wp-container-core-columns-is-layout-07579d57 wp-block-columns-is-layout-flex\">\n<div class=\"wp-block-column is-layout-flow wp-block-column-is-layout-flow\" style=\"flex-basis:80%\">\n<h2 class=\"wp-block-heading\">Logement en \u00e9tablissement m\u00e9dico-social<\/h2>\n\n\n\n<div style=\"height:35px\" aria-hidden=\"true\" class=\"wp-block-spacer\"><\/div>\n\n\n\n<h3 class=\"wp-block-heading\">Foyer d&#8217;h\u00e9bergement<\/h3>\n\n\n\n<p class=\"wp-block-paragraph\">Si votre proche travaille en ESAT, il peut demander \u00e0 \u00eatre log\u00e9 dans un Foyer d&#8217;h\u00e9bergement.<\/p>\n\n\n\n<p class=\"wp-block-paragraph\">Les foyers d&#8217;h\u00e9bergement peuvent proposer plusieurs formules d&#8217;h\u00e9bergement :<\/p>\n\n\n\n<ul class=\"wp-block-list\">\n<li>habitat collectif,<\/li>\n\n\n\n<li>petits pavillons,<\/li>\n\n\n\n<li>appartements,<\/li>\n\n\n\n<li>&#8230;<\/li>\n<\/ul>\n\n\n\n<p class=\"wp-block-paragraph\">Les foyers d&#8217;h\u00e9bergement proposent \u00e9galement des activit\u00e9s aux r\u00e9sidents (sportives, culturelles, sorties, &#8230;).<\/p>\n\n\n\n<p class=\"wp-block-paragraph\">Ils ne sont pas m\u00e9dicalis\u00e9s. Les soins m\u00e9dicaux, en cas de besoin, sont r\u00e9alis\u00e9s par des m\u00e9decins lib\u00e9raux.<\/p>\n\n\n\n<div style=\"height:35px\" aria-hidden=\"true\" class=\"wp-block-spacer\"><\/div>\n\n\n\n<h3 class=\"wp-block-heading\">Foyer de vie<\/h3>\n\n\n\n<p class=\"wp-block-paragraph\">Le foyer de vie (ou foyer occupationnel) accueille des adultes en situation de handicap ayant une certaine autonomie pour leur proposer des animations et activit\u00e9s en fonction de leur handicap. Certaines structures peuvent \u00e9galement proposer un h\u00e9bergement.<\/p>\n\n\n\n<p class=\"wp-block-paragraph\">Pour pouvoir \u00eatre admis dans un foyer de vie, votre proche doit avoir un taux d\u2019incapacit\u00e9 d\u2019au moins 50 % et b\u00e9n\u00e9ficier d\u2019une autonomie suffisante pour se nourrir, s\u2019habiller,\u2026<\/p>\n<\/div>\n\n\n\n<div class=\"wp-block-column is-layout-flow wp-block-column-is-layout-flow\" style=\"flex-basis:20%\">\n<figure class=\"wp-block-image bloc_bleu\"><a href=\"http:\/\/www.adapei64.fr\/site\/adapei\/les-etablissements-et-services\/vie-sociale-habitat\/\"><img decoding=\"async\" src=\"http:\/\/www.adapei64.fr\/site\/wp-content\/uploads\/2021\/02\/TrouverESMS.png\" alt=\"Carte vers les \u00e9tablissements et services de l'Adapei des Pyr\u00e9n\u00e9es-Atlantiques\"\/><\/a><figcaption class=\"wp-element-caption\">Trouver un \u00e9tablissement ou service<\/figcaption><\/figure>\n<\/div>\n<\/div>\n","protected":false},"excerpt":{"rendered":"<p>Logement autonome Votre proche peut avoir son propre logement.Il peut b\u00e9n\u00e9ficier d&#8217;un accompagnement&nbsp; pour ses d\u00e9marches administratives, ses loisirs, ses soins et sa sant\u00e9, ses courses&#8230; La majoration pour la&hellip; <a class=\"continue\" href=\"https:\/\/www.adapei64.fr\/site\/proche\/logement\/\">Lire :<span> Logement<\/span><\/a><\/p>\n","protected":false},"author":1,"featured_media":5699,"parent":1597,"menu_order":11,"comment_status":"closed","ping_status":"closed","template":"","meta":{"_crdt_document":"","om_disable_all_campaigns":false,"_uag_custom_page_level_css":"","_monsterinsights_skip_tracking":false,"_monsterinsights_sitenote_active":false,"_monsterinsights_sitenote_note":"","_monsterinsights_sitenote_category":0,"_uf_show_specific_survey":0,"_uf_disable_surveys":false,"_EventAllDay":false,"_EventTimezone":"","_EventStartDate":"","_EventEndDate":"","_EventStartDateUTC":"","_EventEndDateUTC":"","_EventShowMap":false,"_EventShowMapLink":false,"_EventURL":"","_EventCost":"","_EventCostDescription":"","_EventCurrencySymbol":"","_EventCurrencyCode":"","_EventCurrencyPosition":"","_EventDateTimeSeparator":"","_EventTimeRangeSeparator":"","_EventOrganizerID":[],"_EventVenueID":[],"_OrganizerEmail":"","_OrganizerPhone":"","_OrganizerWebsite":"","_VenueAddress":"","_VenueCity":"","_VenueCountry":"","_VenueProvince":"","_VenueState":"","_VenueZip":"","_VenuePhone":"","_VenueURL":"","_VenueStateProvince":"","_VenueLat":"","_VenueLng":"","_VenueShowMap":false,"_VenueShowMapLink":false,"footnotes":""},"class_list":["post-2411","page","type-page","status-publish","has-post-thumbnail","hentry"],"uagb_featured_image_src":{"full":["https:\/\/www.adapei64.fr\/site\/wp-content\/uploads\/2021\/12\/10-Logement.svg",500,500,false],"thumbnail":["https:\/\/www.adapei64.fr\/site\/wp-content\/uploads\/2021\/12\/10-Logement.svg",500,500,false],"medium":["https:\/\/www.adapei64.fr\/site\/wp-content\/uploads\/2021\/12\/10-Logement.svg",500,500,false],"medium_large":["https:\/\/www.adapei64.fr\/site\/wp-content\/uploads\/2021\/12\/10-Logement.svg",500,500,false],"large":["https:\/\/www.adapei64.fr\/site\/wp-content\/uploads\/2021\/12\/10-Logement.svg",500,500,false],"1536x1536":["https:\/\/www.adapei64.fr\/site\/wp-content\/uploads\/2021\/12\/10-Logement.svg",500,500,false],"2048x2048":["https:\/\/www.adapei64.fr\/site\/wp-content\/uploads\/2021\/12\/10-Logement.svg",500,500,false]},"uagb_author_info":{"display_name":"Marie Lafargue","author_link":"https:\/\/www.adapei64.fr\/site\/author\/marie\/"},"uagb_comment_info":0,"uagb_excerpt":"Logement autonome Votre proche peut avoir son propre logement.Il peut b\u00e9n\u00e9ficier d&#8217;un accompagnement&nbsp; pour ses d\u00e9marches administratives, ses loisirs, ses soins et sa sant\u00e9, ses courses&#8230; La majoration pour la&hellip; Lire : Logement","distributor_meta":false,"distributor_terms":false,"distributor_media":false,"distributor_original_site_name":"Adapei des Pyr\u00e9n\u00e9es-Atlantiques","distributor_original_site_url":"https:\/\/www.adapei64.fr\/site","push-errors":false,"_links":{"self":[{"href":"https:\/\/www.adapei64.fr\/site\/wp-json\/wp\/v2\/pages\/2411","targetHints":{"allow":["GET"]}}],"collection":[{"href":"https:\/\/www.adapei64.fr\/site\/wp-json\/wp\/v2\/pages"}],"about":[{"href":"https:\/\/www.adapei64.fr\/site\/wp-json\/wp\/v2\/types\/page"}],"author":[{"embeddable":true,"href":"https:\/\/www.adapei64.fr\/site\/wp-json\/wp\/v2\/users\/1"}],"replies":[{"embeddable":true,"href":"https:\/\/www.adapei64.fr\/site\/wp-json\/wp\/v2\/comments?post=2411"}],"version-history":[{"count":17,"href":"https:\/\/www.adapei64.fr\/site\/wp-json\/wp\/v2\/pages\/2411\/revisions"}],"predecessor-version":[{"id":18039,"href":"https:\/\/www.adapei64.fr\/site\/wp-json\/wp\/v2\/pages\/2411\/revisions\/18039"}],"up":[{"embeddable":true,"href":"https:\/\/www.adapei64.fr\/site\/wp-json\/wp\/v2\/pages\/1597"}],"wp:featuredmedia":[{"embeddable":true,"href":"https:\/\/www.adapei64.fr\/site\/wp-json\/wp\/v2\/media\/5699"}],"wp:attachment":[{"href":"https:\/\/www.adapei64.fr\/site\/wp-json\/wp\/v2\/media?parent=2411"}],"curies":[{"name":"wp","href":"https:\/\/api.w.org\/{rel}","templated":true}]}}

<div style="height:70px" aria-hidden="true" class="wp-block-spacer"></div>



<div class="wp-block-columns is-layout-flex wp-container-core-columns-is-layout-07579d57 wp-block-columns-is-layout-flex">
<div class="wp-block-column is-layout-flow wp-block-column-is-layout-flow" style="flex-basis:80%">
<h2 class="wp-block-heading">Logement autonome</h2>



<p class="wp-block-paragraph">Votre proche peut avoir son propre logement.<br>Il peut bénéficier d&#8217;un accompagnement&nbsp;</p>



<ul class="wp-block-list">
<li>par le <a href="http://www.adapei64.fr/site/adapei/les-etablissements-et-services/enfance-scolarisation/sesips-ime-sessad-itep/">SESIPS</a> s&#8217;il a moins de 20 ans,&nbsp;&nbsp;</li>



<li>par un <a href="http://www.adapei64.fr/site/proche/aide-dans-la-vie-quotidienne/">SAVS (Service d&#8217;Aide à la Vie Sociale)</a> s&#8217;il a plus de 20 ans&nbsp;</li>
</ul>



<p class="wp-block-paragraph">pour ses démarches administratives, ses loisirs, ses soins et sa santé, ses courses&#8230;</p>



<div style="height:35px" aria-hidden="true" class="wp-block-spacer"></div>



<h3 class="wp-block-heading">La majoration pour la vie autonome</h3>



<p class="wp-block-paragraph">La majoration pour la vie autonome (MVA) permet de faire face aux dépenses courantes d’entretien d’un logement indépendant.&nbsp;<br>Cette majoration complète l’allocation aux adultes handicapés perçue par les bénéficiaires présentant un taux d’incapacité égal ou supérieur à 80%.<br>Elle peut également être perçue par les bénéficiaires de l’allocation supplémentaire d’invalidité (ASI) dans les mêmes conditions que pour l’AAH.</p>



<div style="height:35px" aria-hidden="true" class="wp-block-spacer"></div>



<h3 class="wp-block-heading">Habiter Facile</h3>



<p class="wp-block-paragraph">Si le logement doit être aménagé, votre proche peut demande l&#8217;aide financière &#8220;Habiter Facile&#8221; délivrée par l&#8217;Agence Nationale de l&#8217;Habitat.<br>Cette aide peut financer jusqu&#8217;à la moitié des travaux d&#8217;aménagement.</p>



<p class="wp-block-paragraph"><a href="https://www.anah.fr/proprietaires/proprietaires-occupants/adapter-votre-logement-a-votre-handicap-avec-habiter-facile/" target="_blank" rel="noopener">En savoir plus sur l&#8217;aide &#8220;Habiter Facile&#8221;</a></p>
</div>



<div class="wp-block-column is-layout-flow wp-block-column-is-layout-flow" style="flex-basis:20%">
<figure class="wp-block-image bloc_gris"><a href="http://www.adapei64.fr/site/proche/reconnaissance-du-handicap/"><img decoding="async" src="http://www.adapei64.fr/site/wp-content/uploads/2021/12/02-Reconnaissance-du-handicap.svg" alt="Une personne handicapée poste un document"/></a><figcaption class="wp-element-caption"><a href="https://www.adapei64.fr/site/proche/reconnaissance-du-handicap/" data-type="page" data-id="2399">Reconnaissance du handicap</a></figcaption></figure>



<figure class="wp-block-image bloc_gris"><a href="http://www.adapei64.fr/site/proche/aides-pour-adultes/"><img decoding="async" src="http://www.adapei64.fr/site/wp-content/uploads/2021/12/12-Aides-Adultes.svg" alt="Un femme tient une tirelire"/></a><figcaption class="wp-element-caption"><a href="https://www.adapei64.fr/site/proche/aides-pour-adultes/" data-type="page" data-id="6080">Aides pour adultes</a></figcaption></figure>
</div>
</div>



<div style="height:70px" aria-hidden="true" class="wp-block-spacer"></div>



<div class="wp-block-columns is-layout-flex wp-container-core-columns-is-layout-07579d57 wp-block-columns-is-layout-flex">
<div class="wp-block-column is-layout-flow wp-block-column-is-layout-flow" style="flex-basis:80%">
<h2 class="wp-block-heading">Logement en établissement médico-social</h2>



<div style="height:35px" aria-hidden="true" class="wp-block-spacer"></div>



<h3 class="wp-block-heading">Foyer d&#8217;hébergement</h3>



<p class="wp-block-paragraph">Si votre proche travaille en ESAT, il peut demander à être logé dans un Foyer d&#8217;hébergement.</p>



<p class="wp-block-paragraph">Les foyers d&#8217;hébergement peuvent proposer plusieurs formules d&#8217;hébergement :</p>



<ul class="wp-block-list">
<li>habitat collectif,</li>



<li>petits pavillons,</li>



<li>appartements,</li>



<li>&#8230;</li>
</ul>



<p class="wp-block-paragraph">Les foyers d&#8217;hébergement proposent également des activités aux résidents (sportives, culturelles, sorties, &#8230;).</p>



<p class="wp-block-paragraph">Ils ne sont pas médicalisés. Les soins médicaux, en cas de besoin, sont réalisés par des médecins libéraux.</p>



<div style="height:35px" aria-hidden="true" class="wp-block-spacer"></div>



<h3 class="wp-block-heading">Foyer de vie</h3>



<p class="wp-block-paragraph">Le foyer de vie (ou foyer occupationnel) accueille des adultes en situation de handicap ayant une certaine autonomie pour leur proposer des animations et activités en fonction de leur handicap. Certaines structures peuvent également proposer un hébergement.</p>



<p class="wp-block-paragraph">Pour pouvoir être admis dans un foyer de vie, votre proche doit avoir un taux d’incapacité d’au moins 50 % et bénéficier d’une autonomie suffisante pour se nourrir, s’habiller,…</p>
</div>



<div class="wp-block-column is-layout-flow wp-block-column-is-layout-flow" style="flex-basis:20%">
<figure class="wp-block-image bloc_bleu"><a href="http://www.adapei64.fr/site/adapei/les-etablissements-et-services/vie-sociale-habitat/"><img decoding="async" src="http://www.adapei64.fr/site/wp-content/uploads/2021/02/TrouverESMS.png" alt="Carte vers les établissements et services de l'Adapei des Pyrénées-Atlantiques"/></a><figcaption class="wp-element-caption">Trouver un établissement ou service</figcaption></figure>
</div>
</div>

<p>Logement autonome Votre proche peut avoir son propre logement.Il peut bénéficier d&#8217;un accompagnement&nbsp; pour ses démarches administratives, ses loisirs, ses soins et sa santé, ses courses&#8230; La majoration pour la&hellip; <a class="continue" href="https://www.adapei64.fr/site/proche/logement/">Lire :<span> Logement</span></a></p>

Logement autonome Votre proche peut avoir son propre logement.Il peut bénéficier d&#8217;un accompagnement&nbsp; pour ses démarches administratives, ses loisirs, ses soins et sa santé, ses courses&#8230; La majoration pour la&hellip; Lire : Logement

Adapei des Pyrénées-Atlantiques
