{"id":7983,"date":"2022-01-28T17:35:54","date_gmt":"2022-01-28T16:35:54","guid":{"rendered":"http:\/\/www.adapei64.fr\/site\/?page_id=7983"},"modified":"2022-01-28T17:47:38","modified_gmt":"2022-01-28T16:47:38","slug":"plan-de-site","status":"publish","type":"page","link":"https:\/\/www.adapei64.fr\/site\/plan-de-site\/","title":{"rendered":"Plan de site"},"content":{"rendered":"<div class=\"wsp-container\"><h2 class=\"wsp-pages-title\">Pages<\/h2>\n<ul class=\"wsp-pages-list\">\n<li class=\"page_item page-item-18818\"><a href=\"https:\/\/www.adapei64.fr\/site\/responsabilite-societale-des-organisations\/\">Responsabilit\u00e9 Soci\u00e9tale des Organisations<\/a><\/li>\n<li class=\"page_item page-item-20286\"><a href=\"https:\/\/www.adapei64.fr\/site\/soutenez-nous\/\">Soutenez-nous !<\/a><\/li>\n<li class=\"page_item page-item-13437\"><a href=\"https:\/\/www.adapei64.fr\/site\/je-represente-une-entreprise-ou-une-collectivite-filiere\/\">Je repr\u00e9sente une entreprise ou une collectivit\u00e9 &#8211; Fili\u00e8re<\/a><\/li>\n<li class=\"page_item page-item-13220\"><a href=\"https:\/\/www.adapei64.fr\/site\/filiere-restauration\/\">Fili\u00e8re restauration<\/a><\/li>\n<li class=\"page_item page-item-728 page_item_has_children\"><a href=\"https:\/\/www.adapei64.fr\/site\/adapei\/\">En savoir plus sur l&#8217;association<\/a>\n<ul class='children'>\n\t<li class=\"page_item page-item-2544\"><a href=\"https:\/\/www.adapei64.fr\/site\/adapei\/nos-valeurs-et-principes\/\">Nos valeurs et principes<\/a><\/li>\n\t<li class=\"page_item page-item-713\"><a href=\"https:\/\/www.adapei64.fr\/site\/adapei\/projet-associatif-2021-2025\/\">Notre projet associatif 2021-2025<\/a><\/li>\n\t<li class=\"page_item page-item-21504\"><a href=\"https:\/\/www.adapei64.fr\/site\/adapei\/notre-projet-associatif-2026-2030\/\">Notre projet associatif 2026-2030<\/a><\/li>\n\t<li class=\"page_item page-item-1013 page_item_has_children\"><a href=\"https:\/\/www.adapei64.fr\/site\/adapei\/les-etablissements-et-services\/\">Les \u00e9tablissements et services<\/a>\n\t<ul class='children'>\n\t\t<li class=\"page_item page-item-1015 page_item_has_children\"><a href=\"https:\/\/www.adapei64.fr\/site\/adapei\/les-etablissements-et-services\/enfance-scolarisation\/\">Enfance et scolarisation<\/a>\n\t\t<ul class='children'>\n\t\t\t<li class=\"page_item page-item-8247\"><a href=\"https:\/\/www.adapei64.fr\/site\/adapei\/les-etablissements-et-services\/enfance-scolarisation\/ime-sessad-uee-georgette-berthe\/\">IME SESSAD UEE Georgette Berthe<\/a><\/li>\n\t\t\t<li class=\"page_item page-item-8288\"><a href=\"https:\/\/www.adapei64.fr\/site\/adapei\/les-etablissements-et-services\/enfance-scolarisation\/ime-lespoir\/\">IME L&#8217;Espoir<\/a><\/li>\n\t\t\t<li class=\"page_item page-item-8302\"><a href=\"https:\/\/www.adapei64.fr\/site\/adapei\/les-etablissements-et-services\/enfance-scolarisation\/sessad-uee-petits-princes\/\">SESSAD &#8211; UEE Les Petits Princes<\/a><\/li>\n\t\t\t<li class=\"page_item page-item-8320\"><a href=\"https:\/\/www.adapei64.fr\/site\/adapei\/les-etablissements-et-services\/enfance-scolarisation\/ime-sessad-francis-jammes\/\">IME SESSAD Francis Jammes<\/a><\/li>\n\t\t\t<li class=\"page_item page-item-8335\"><a href=\"https:\/\/www.adapei64.fr\/site\/adapei\/les-etablissements-et-services\/enfance-scolarisation\/sesips-ime-sessad-itep\/\">SESIPS &#8211; IME SESSAD DITEP<\/a><\/li>\n\t\t<\/ul>\n<\/li>\n\t\t<li class=\"page_item page-item-1017 page_item_has_children\"><a href=\"https:\/\/www.adapei64.fr\/site\/adapei\/les-etablissements-et-services\/vie-sociale-habitat\/\">Vie sociale et habitat<\/a>\n\t\t<ul class='children'>\n\t\t\t<li class=\"page_item page-item-8758\"><a href=\"https:\/\/www.adapei64.fr\/site\/adapei\/les-etablissements-et-services\/vie-sociale-habitat\/foyer-despiute\/\">Foyer d&#8217;Espiute<\/a><\/li>\n\t\t\t<li class=\"page_item page-item-8766\"><a href=\"https:\/\/www.adapei64.fr\/site\/adapei\/les-etablissements-et-services\/vie-sociale-habitat\/residence-du-clos-fleuri\/\">R\u00e9sidence du Clos Fleuri<\/a><\/li>\n\t\t\t<li class=\"page_item page-item-8777\"><a href=\"https:\/\/www.adapei64.fr\/site\/adapei\/les-etablissements-et-services\/vie-sociale-habitat\/foyer-rene-gabe\/\">Foyer Ren\u00e9 Gabe<\/a><\/li>\n\t\t\t<li class=\"page_item page-item-8785\"><a href=\"https:\/\/www.adapei64.fr\/site\/adapei\/les-etablissements-et-services\/vie-sociale-habitat\/foyer-chateau-bellevue\/\">Foyer Ch\u00e2teau Bellevue<\/a><\/li>\n\t\t\t<li class=\"page_item page-item-8793\"><a href=\"https:\/\/www.adapei64.fr\/site\/adapei\/les-etablissements-et-services\/vie-sociale-habitat\/foyer-de-sauvagnon\/\">Foyer de Sauvagnon<\/a><\/li>\n\t\t\t<li class=\"page_item page-item-8802\"><a href=\"https:\/\/www.adapei64.fr\/site\/adapei\/les-etablissements-et-services\/vie-sociale-habitat\/foyer-de-la-virginie\/\">Foyer de la Virginie<\/a><\/li>\n\t\t\t<li class=\"page_item page-item-8807\"><a href=\"https:\/\/www.adapei64.fr\/site\/adapei\/les-etablissements-et-services\/vie-sociale-habitat\/foyer-du-biale\/\">Foyer du Bial\u00e9<\/a><\/li>\n\t\t\t<li class=\"page_item page-item-8815\"><a href=\"https:\/\/www.adapei64.fr\/site\/adapei\/les-etablissements-et-services\/vie-sociale-habitat\/foyer-de-vie-le-gabarn\/\">Foyer de vie Le Gabarn<\/a><\/li>\n\t\t\t<li class=\"page_item page-item-8829\"><a href=\"https:\/\/www.adapei64.fr\/site\/adapei\/les-etablissements-et-services\/vie-sociale-habitat\/foyer-de-vie-despiute\/\">Foyer de vie d&#8217;Espiute<\/a><\/li>\n\t\t\t<li class=\"page_item page-item-8837\"><a href=\"https:\/\/www.adapei64.fr\/site\/adapei\/les-etablissements-et-services\/vie-sociale-habitat\/foyer-de-vie-de-sauvagnon\/\">Foyer de vie de Sauvagnon<\/a><\/li>\n\t\t\t<li class=\"page_item page-item-8845\"><a href=\"https:\/\/www.adapei64.fr\/site\/adapei\/les-etablissements-et-services\/vie-sociale-habitat\/foyer-de-vie-de-la-virginie\/\">Foyer de vie de la Virginie<\/a><\/li>\n\t\t\t<li class=\"page_item page-item-8853\"><a href=\"https:\/\/www.adapei64.fr\/site\/adapei\/les-etablissements-et-services\/vie-sociale-habitat\/foyer-de-vie-daccous\/\">Foyer de vie d&#8217;Accous<\/a><\/li>\n\t\t\t<li class=\"page_item page-item-8864\"><a href=\"https:\/\/www.adapei64.fr\/site\/adapei\/les-etablissements-et-services\/vie-sociale-habitat\/savs-sifa\/\">SAVS SIFA<\/a><\/li>\n\t\t<\/ul>\n<\/li>\n\t\t<li class=\"page_item page-item-1019 page_item_has_children\"><a href=\"https:\/\/www.adapei64.fr\/site\/adapei\/les-etablissements-et-services\/travail\/\">Travail<\/a>\n\t\t<ul class='children'>\n\t\t\t<li class=\"page_item page-item-8969\"><a href=\"https:\/\/www.adapei64.fr\/site\/adapei\/les-etablissements-et-services\/travail\/esat-le-hameau\/\">ESAT le Hameau<\/a><\/li>\n\t\t\t<li class=\"page_item page-item-8983\"><a href=\"https:\/\/www.adapei64.fr\/site\/adapei\/les-etablissements-et-services\/travail\/esat-st-pee\/\">ESAT St P\u00e9e<\/a><\/li>\n\t\t\t<li class=\"page_item page-item-8893\"><a href=\"https:\/\/www.adapei64.fr\/site\/adapei\/les-etablissements-et-services\/travail\/esat-alpha\/\">ESAT Alpha<\/a><\/li>\n\t\t\t<li class=\"page_item page-item-8908\"><a href=\"https:\/\/www.adapei64.fr\/site\/adapei\/les-etablissements-et-services\/travail\/esat-chateau-bellevue\/\">ESAT Ch\u00e2teau Bellevue<\/a><\/li>\n\t\t\t<li class=\"page_item page-item-8922\"><a href=\"https:\/\/www.adapei64.fr\/site\/adapei\/les-etablissements-et-services\/travail\/esat-dorthez\/\">ESAT Christian Lanusse<\/a><\/li>\n\t\t\t<li class=\"page_item page-item-8939\"><a href=\"https:\/\/www.adapei64.fr\/site\/adapei\/les-etablissements-et-services\/travail\/esat-colo-coustau\/\">ESAT Colo-Coustau<\/a><\/li>\n\t\t\t<li class=\"page_item page-item-8954\"><a href=\"https:\/\/www.adapei64.fr\/site\/adapei\/les-etablissements-et-services\/travail\/esat-despiute\/\">ESAT du Ch\u00e2teau d&#8217;Espiute<\/a><\/li>\n\t\t<\/ul>\n<\/li>\n\t\t<li class=\"page_item page-item-4132 page_item_has_children\"><a href=\"https:\/\/www.adapei64.fr\/site\/adapei\/les-etablissements-et-services\/accompagnement-medicalise\/\">Accompagnement m\u00e9dicalis\u00e9<\/a>\n\t\t<ul class='children'>\n\t\t\t<li class=\"page_item page-item-8990\"><a href=\"https:\/\/www.adapei64.fr\/site\/adapei\/les-etablissements-et-services\/accompagnement-medicalise\/fam-le-gabarn\/\">FAM Le Gabarn<\/a><\/li>\n\t\t\t<li class=\"page_item page-item-9000\"><a href=\"https:\/\/www.adapei64.fr\/site\/adapei\/les-etablissements-et-services\/accompagnement-medicalise\/mas-du-domaine-des-roses\/\">MAS du Domaine des Roses<\/a><\/li>\n\t\t\t<li class=\"page_item page-item-9012\"><a href=\"https:\/\/www.adapei64.fr\/site\/adapei\/les-etablissements-et-services\/accompagnement-medicalise\/mas-lou-caminot\/\">MAS Lou Caminot<\/a><\/li>\n\t\t<\/ul>\n<\/li>\n\t\t<li class=\"page_item page-item-1021 page_item_has_children\"><a href=\"https:\/\/www.adapei64.fr\/site\/adapei\/les-etablissements-et-services\/retraite\/\">Retraite<\/a>\n\t\t<ul class='children'>\n\t\t\t<li class=\"page_item page-item-9018\"><a href=\"https:\/\/www.adapei64.fr\/site\/adapei\/les-etablissements-et-services\/retraite\/mapha-du-biale\/\">MAPHA du Bial\u00e9<\/a><\/li>\n\t\t\t<li class=\"page_item page-item-9024\"><a href=\"https:\/\/www.adapei64.fr\/site\/adapei\/les-etablissements-et-services\/retraite\/mapha-larrissoulet\/\">MAPHA L&#8217;Arrissoulet<\/a><\/li>\n\t\t\t<li class=\"page_item page-item-9033\"><a href=\"https:\/\/www.adapei64.fr\/site\/adapei\/les-etablissements-et-services\/retraite\/mapha-chateau-bellevue\/\">MAPHA Ch\u00e2teau Bellevue<\/a><\/li>\n\t\t\t<li class=\"page_item page-item-9044\"><a href=\"https:\/\/www.adapei64.fr\/site\/adapei\/les-etablissements-et-services\/retraite\/mapha-du-clos-fleuri\/\">MAPHA du Clos Fleuri<\/a><\/li>\n\t\t\t<li class=\"page_item page-item-9052\"><a href=\"https:\/\/www.adapei64.fr\/site\/adapei\/les-etablissements-et-services\/retraite\/mapha-rene-gabe\/\">MAPHA Ren\u00e9 Gabe<\/a><\/li>\n\t\t<\/ul>\n<\/li>\n\t\t<li class=\"page_item page-item-1028 page_item_has_children\"><a href=\"https:\/\/www.adapei64.fr\/site\/adapei\/les-etablissements-et-services\/services-transversaux\/\">Services transversaux<\/a>\n\t\t<ul class='children'>\n\t\t\t<li class=\"page_item page-item-9057\"><a href=\"https:\/\/www.adapei64.fr\/site\/adapei\/les-etablissements-et-services\/services-transversaux\/maison-des-assistantes-de-service-social\/\">Maison des Assistant(e)s de Service Social<\/a><\/li>\n\t\t\t<li class=\"page_item page-item-9065\"><a href=\"https:\/\/www.adapei64.fr\/site\/adapei\/les-etablissements-et-services\/services-transversaux\/siege-associatif\/\">Si\u00e8ge associatif<\/a><\/li>\n\t\t\t<li class=\"page_item page-item-9074\"><a href=\"https:\/\/www.adapei64.fr\/site\/adapei\/les-etablissements-et-services\/services-transversaux\/service-emploi-accompagne\/\">Service Emploi Accompagn\u00e9<\/a><\/li>\n\t\t\t<li class=\"page_item page-item-8878\"><a href=\"https:\/\/www.adapei64.fr\/site\/adapei\/les-etablissements-et-services\/services-transversaux\/pole-services-et-appuis-transversaux\/\">P\u00f4le Services et Appuis Transversaux<\/a><\/li>\n\t\t<\/ul>\n<\/li>\n\t<\/ul>\n<\/li>\n\t<li class=\"page_item page-item-2090\"><a href=\"https:\/\/www.adapei64.fr\/site\/adapei\/adherer-a-ladapei-des-pyrenees-atlantiques\/\">Adh\u00e9rer \u00e0 l\u2019Adapei des Pyr\u00e9n\u00e9es-Atlantiques<\/a><\/li>\n\t<li class=\"page_item page-item-662\"><a href=\"https:\/\/www.adapei64.fr\/site\/adapei\/faire-un-don-a-ladapei-des-pyrenees-atlantiques\/\">Faire un don \u00e0 l&#8217;Adapei des Pyr\u00e9n\u00e9es-Atlantiques<\/a><\/li>\n\t<li class=\"page_item page-item-666\"><a href=\"https:\/\/www.adapei64.fr\/site\/adapei\/devenir-benevole\/\">Devenir b\u00e9n\u00e9vole<\/a><\/li>\n\t<li class=\"page_item page-item-673\"><a href=\"https:\/\/www.adapei64.fr\/site\/adapei\/nous-contacter\/\">Nous contacter<\/a><\/li>\n\t<li class=\"page_item page-item-1379\"><a href=\"https:\/\/www.adapei64.fr\/site\/adapei\/nos-partenaires\/\">Nos partenaires<\/a><\/li>\n<\/ul>\n<\/li>\n<li class=\"page_item page-item-1595 page_item_has_children\"><a href=\"https:\/\/www.adapei64.fr\/site\/situation-de-handicap\/\">Je suis en situation de handicap<\/a>\n<ul class='children'>\n\t<li class=\"page_item page-item-2552\"><a href=\"https:\/\/www.adapei64.fr\/site\/situation-de-handicap\/je-veux-faire-reconnaitre-mon-handicap\/\">Je veux faire reconna\u00eetre mon handicap<\/a><\/li>\n\t<li class=\"page_item page-item-1864\"><a href=\"https:\/\/www.adapei64.fr\/site\/situation-de-handicap\/jai-besoin-daide-pour-mes-demarches-administratives\/\">J&#8217;ai besoin d&#8217;aide pour mes d\u00e9marches administratives<\/a><\/li>\n\t<li class=\"page_item page-item-1876\"><a href=\"https:\/\/www.adapei64.fr\/site\/situation-de-handicap\/jai-besoin-daccompagnement-au-travail\/\">J&#8217;ai besoin d&#8217;accompagnement au travail<\/a><\/li>\n\t<li class=\"page_item page-item-8471\"><a href=\"https:\/\/www.adapei64.fr\/site\/situation-de-handicap\/jai-besoin-daide-pour-me-deplacer\/\">J&#8217;ai besoin de me d\u00e9placer<\/a><\/li>\n\t<li class=\"page_item page-item-2554\"><a href=\"https:\/\/www.adapei64.fr\/site\/situation-de-handicap\/jai-besoin-dun-logement\/\">J&#8217;ai besoin d&#8217;un logement<\/a><\/li>\n\t<li class=\"page_item page-item-2556\"><a href=\"https:\/\/www.adapei64.fr\/site\/situation-de-handicap\/je-ne-peux-pas-travailler-mais-jai-besoin-dun-accompagnement-au-quotidien\/\">Je ne peux pas travailler<br \/>j&#8217;ai besoin d&#8217;un accompagnement<br \/> au quotidien<\/a><\/li>\n\t<li class=\"page_item page-item-2558\"><a href=\"https:\/\/www.adapei64.fr\/site\/situation-de-handicap\/jai-besoin-dun-accompagnement-a-la-vie-sociale-ou-dans-mes-loisirs\/\">J&#8217;ai besoin d&#8217;un accompagnement \u00e0 la vie sociale ou dans mes loisirs<\/a><\/li>\n\t<li class=\"page_item page-item-2560\"><a href=\"https:\/\/www.adapei64.fr\/site\/situation-de-handicap\/jai-besoin-daide-pour-ma-retraite\/\">J&#8217;ai besoin d&#8217;aide pour ma retraite<\/a><\/li>\n<\/ul>\n<\/li>\n<li class=\"page_item page-item-1597 page_item_has_children\"><a href=\"https:\/\/www.adapei64.fr\/site\/proche\/\">Je suis un proche d&#8217;une personne en situation de handicap<\/a>\n<ul class='children'>\n\t<li class=\"page_item page-item-2397\"><a href=\"https:\/\/www.adapei64.fr\/site\/proche\/les-1eres-difficultes\/\">Les 1\u00e8res difficult\u00e9s<\/a><\/li>\n\t<li class=\"page_item page-item-2399\"><a href=\"https:\/\/www.adapei64.fr\/site\/proche\/reconnaissance-du-handicap\/\">La reconnaissance du handicap<\/a><\/li>\n\t<li class=\"page_item page-item-2401\"><a href=\"https:\/\/www.adapei64.fr\/site\/proche\/accompagnement-educatif-et-soins\/\">Accompagnement \u00e9ducatif et soins<\/a><\/li>\n\t<li class=\"page_item page-item-6060\"><a href=\"https:\/\/www.adapei64.fr\/site\/proche\/loisirs-et-periscolaire\/\">Loisirs et p\u00e9riscolaire<\/a><\/li>\n\t<li class=\"page_item page-item-2403\"><a href=\"https:\/\/www.adapei64.fr\/site\/proche\/scolarisation\/\">Scolarisation<\/a><\/li>\n\t<li class=\"page_item page-item-2405\"><a href=\"https:\/\/www.adapei64.fr\/site\/proche\/de-16-a-18-ans\/\">De 16 \u00e0 18 ans<\/a><\/li>\n\t<li class=\"page_item page-item-10326\"><a href=\"https:\/\/www.adapei64.fr\/site\/proche\/aides-pour-jeunes\/\">Aides pour les moins de 20 ans<\/a><\/li>\n\t<li class=\"page_item page-item-6065\"><a href=\"https:\/\/www.adapei64.fr\/site\/proche\/mon-proche-ne-peut-pas-travailler\/\">Mon proche ne peut pas travailler<\/a><\/li>\n\t<li class=\"page_item page-item-2409\"><a href=\"https:\/\/www.adapei64.fr\/site\/proche\/travail\/\">Mon proche peut travailler<\/a><\/li>\n\t<li class=\"page_item page-item-2407\"><a href=\"https:\/\/www.adapei64.fr\/site\/proche\/aide-dans-la-vie-quotidienne\/\">Aide dans la vie quotidienne<\/a><\/li>\n\t<li class=\"page_item page-item-2413\"><a href=\"https:\/\/www.adapei64.fr\/site\/proche\/soins\/\">Soins<\/a><\/li>\n\t<li class=\"page_item page-item-2411\"><a href=\"https:\/\/www.adapei64.fr\/site\/proche\/logement\/\">Logement<\/a><\/li>\n\t<li class=\"page_item page-item-6080\"><a href=\"https:\/\/www.adapei64.fr\/site\/proche\/aides-pour-adultes\/\">Aides pour adultes<\/a><\/li>\n\t<li class=\"page_item page-item-8700\"><a href=\"https:\/\/www.adapei64.fr\/site\/proche\/deplacements\/\">D\u00e9placements, transport<\/a><\/li>\n\t<li class=\"page_item page-item-2415\"><a href=\"https:\/\/www.adapei64.fr\/site\/proche\/retraite\/\">A l&#8217;\u00e2ge de la retraite<\/a><\/li>\n<\/ul>\n<\/li>\n<li class=\"page_item page-item-1599 page_item_has_children\"><a href=\"https:\/\/www.adapei64.fr\/site\/entreprise-2\/\">Je repr\u00e9sente une entreprise ou une collectivit\u00e9<\/a>\n<ul class='children'>\n\t<li class=\"page_item page-item-2389 page_item_has_children\"><a href=\"https:\/\/www.adapei64.fr\/site\/entreprise-2\/travailler-avec-les-esat\/\">Travailler avec les ESAT<\/a>\n\t<ul class='children'>\n\t\t<li class=\"page_item page-item-2466\"><a href=\"https:\/\/www.adapei64.fr\/site\/entreprise-2\/travailler-avec-les-esat\/sous-traitance-industrielle-et-travail-a-facon\/\">Sous-traitance industrielle et travail \u00e0 fa\u00e7on<\/a><\/li>\n\t\t<li class=\"page_item page-item-2468\"><a href=\"https:\/\/www.adapei64.fr\/site\/entreprise-2\/travailler-avec-les-esat\/frisure-et-conditionnement\/\">Frisure et conditionnement<\/a><\/li>\n\t\t<li class=\"page_item page-item-9146\"><a href=\"https:\/\/www.adapei64.fr\/site\/entreprise-2\/travailler-avec-les-esat\/agro-alimentaire\/\">Agro-alimentaire<\/a><\/li>\n\t\t<li class=\"page_item page-item-2464\"><a href=\"https:\/\/www.adapei64.fr\/site\/entreprise-2\/travailler-avec-les-esat\/proprete\/\">Propret\u00e9<\/a><\/li>\n\t\t<li class=\"page_item page-item-2472\"><a href=\"https:\/\/www.adapei64.fr\/site\/entreprise-2\/travailler-avec-les-esat\/batiment\/\">B\u00e2timent et menuiserie<\/a><\/li>\n\t\t<li class=\"page_item page-item-2470\"><a href=\"https:\/\/www.adapei64.fr\/site\/entreprise-2\/travailler-avec-les-esat\/seminaire-et-restauration\/\">S\u00e9minaire et restauration<\/a><\/li>\n\t\t<li class=\"page_item page-item-2474\"><a href=\"https:\/\/www.adapei64.fr\/site\/entreprise-2\/travailler-avec-les-esat\/imprimerie-et-couverture-de-livres\/\">Imprimerie et couverture de livres<\/a><\/li>\n\t\t<li class=\"page_item page-item-2462\"><a href=\"https:\/\/www.adapei64.fr\/site\/entreprise-2\/travailler-avec-les-esat\/espaces-verts\/\">Espaces verts<\/a><\/li>\n\t<\/ul>\n<\/li>\n\t<li class=\"page_item page-item-2391\"><a href=\"https:\/\/www.adapei64.fr\/site\/entreprise-2\/recruter-une-personne-vivant-avec-un-handicap\/\">Recruter une personne vivant avec un handicap<\/a><\/li>\n\t<li class=\"page_item page-item-6700\"><a href=\"https:\/\/www.adapei64.fr\/site\/entreprise-2\/participer-au-duo-day\/\">Participer au Duo Day<\/a><\/li>\n\t<li class=\"page_item page-item-2395\"><a href=\"https:\/\/www.adapei64.fr\/site\/entreprise-2\/sensibiliser-mes-collaborateurs-au-handicap\/\">Sensibiliser ou former ses collaborateurs au handicap<\/a><\/li>\n\t<li class=\"page_item page-item-2567\"><a href=\"https:\/\/www.adapei64.fr\/site\/entreprise-2\/acheter-solidaire\/\">Acheter solidaire<\/a><\/li>\n<\/ul>\n<\/li>\n<li class=\"page_item page-item-1601 page_item_has_children\"><a href=\"https:\/\/www.adapei64.fr\/site\/pro-medico-social\/\">Je suis un professionnel du m\u00e9dico-social<\/a>\n<ul class='children'>\n\t<li class=\"page_item page-item-2373 page_item_has_children\"><a href=\"https:\/\/www.adapei64.fr\/site\/pro-medico-social\/politique-rh\/\">Politique RH<\/a>\n\t<ul class='children'>\n\t\t<li class=\"page_item page-item-11049\"><a href=\"https:\/\/www.adapei64.fr\/site\/pro-medico-social\/politique-rh\/politique-recrutement\/\">Politique Recrutement<\/a><\/li>\n\t\t<li class=\"page_item page-item-2365\"><a href=\"https:\/\/www.adapei64.fr\/site\/pro-medico-social\/politique-rh\/politique-mobilite\/\">Politique mobilit\u00e9<\/a><\/li>\n\t\t<li class=\"page_item page-item-10991\"><a href=\"https:\/\/www.adapei64.fr\/site\/pro-medico-social\/politique-rh\/politique-qvct\/\">Politique QVCT<\/a><\/li>\n\t\t<li class=\"page_item page-item-2367\"><a href=\"https:\/\/www.adapei64.fr\/site\/pro-medico-social\/politique-rh\/politique-formation\/\">Politique formation<\/a><\/li>\n\t\t<li class=\"page_item page-item-2369\"><a href=\"https:\/\/www.adapei64.fr\/site\/pro-medico-social\/politique-rh\/politique-handicap\/\">Politique handicap<\/a><\/li>\n\t\t<li class=\"page_item page-item-2371\"><a href=\"https:\/\/www.adapei64.fr\/site\/pro-medico-social\/politique-rh\/index-egalite-hommes-femmes\/\">Politique \u00e9galit\u00e9 Hommes \/ Femmes<\/a><\/li>\n\t<\/ul>\n<\/li>\n\t<li class=\"page_item page-item-2375 page_item_has_children\"><a href=\"https:\/\/www.adapei64.fr\/site\/pro-medico-social\/espace-recrutement\/\">Espace recrutement<\/a>\n\t<ul class='children'>\n\t\t<li class=\"page_item page-item-11174\"><a href=\"https:\/\/www.adapei64.fr\/site\/pro-medico-social\/espace-recrutement\/offres-demploi\/\">Offres d&#8217;emploi<\/a><\/li>\n\t\t<li class=\"page_item page-item-2377\"><a href=\"https:\/\/www.adapei64.fr\/site\/pro-medico-social\/espace-recrutement\/nos-metiers\/\">Nos m\u00e9tiers<\/a><\/li>\n\t\t<li class=\"page_item page-item-2379\"><a href=\"https:\/\/www.adapei64.fr\/site\/pro-medico-social\/espace-recrutement\/temoignages-de-professionnels\/\">T\u00e9moignages de professionnels<\/a><\/li>\n\t\t<li class=\"page_item page-item-2381\"><a href=\"https:\/\/www.adapei64.fr\/site\/pro-medico-social\/espace-recrutement\/cdi-cdd\/\">CDI CDD<\/a><\/li>\n\t\t<li class=\"page_item page-item-2383\"><a href=\"https:\/\/www.adapei64.fr\/site\/pro-medico-social\/espace-recrutement\/apprentissage\/\">Apprentissage<\/a><\/li>\n\t\t<li class=\"page_item page-item-2385\"><a href=\"https:\/\/www.adapei64.fr\/site\/pro-medico-social\/espace-recrutement\/stagiaires\/\">Stagiaires<\/a><\/li>\n\t\t<li class=\"page_item page-item-2387\"><a href=\"https:\/\/www.adapei64.fr\/site\/pro-medico-social\/espace-recrutement\/formateurs\/\">Formateurs<\/a><\/li>\n\t<\/ul>\n<\/li>\n<\/ul>\n<\/li>\n<li class=\"page_item page-item-2133 page_item_has_children\"><a href=\"https:\/\/www.adapei64.fr\/site\/particulier\/\">Je suis un particulier<\/a>\n<ul class='children'>\n\t<li class=\"page_item page-item-2571\"><a href=\"https:\/\/www.adapei64.fr\/site\/particulier\/faire-appel-aux-service-dun-esat\/\">Consommer solidaire<\/a><\/li>\n<\/ul>\n<\/li>\n<li class=\"page_item page-item-7906\"><a href=\"https:\/\/www.adapei64.fr\/site\/appels-doffres\/\">Appels d&#8217;offres<\/a><\/li>\n<li class=\"page_item page-item-824\"><a href=\"https:\/\/www.adapei64.fr\/site\/mentions-legales\/\">Mentions l\u00e9gales<\/a><\/li>\n<li class=\"page_item page-item-3\"><a href=\"https:\/\/www.adapei64.fr\/site\/politique-de-confidentialite\/\">Politique de confidentialit\u00e9<\/a><\/li>\n<li class=\"page_item page-item-456\"><a href=\"https:\/\/www.adapei64.fr\/site\/\">#456 (pas de titre)<\/a><\/li>\n<li class=\"page_item page-item-758\"><a href=\"https:\/\/www.adapei64.fr\/site\/accessibilite\/\">Accessibilit\u00e9<\/a><\/li>\n<li class=\"page_item page-item-7983\"><a href=\"https:\/\/www.adapei64.fr\/site\/plan-de-site\/\">Plan de site<\/a><\/li>\n<li class=\"page_item page-item-2550\"><a href=\"https:\/\/www.adapei64.fr\/site\/adapei\/le-conseil-dadministration\/les-commissions\/\">Les commissions<\/a><\/li>\n<\/ul>\n<\/div>\n","protected":false},"excerpt":{"rendered":"","protected":false},"author":1,"featured_media":654,"parent":0,"menu_order":19,"comment_status":"closed","ping_status":"closed","template":"","meta":{"_crdt_document":"","om_disable_all_campaigns":false,"_uag_custom_page_level_css":"","_monsterinsights_skip_tracking":false,"_monsterinsights_sitenote_active":false,"_monsterinsights_sitenote_note":"","_monsterinsights_sitenote_category":0,"_uf_show_specific_survey":0,"_uf_disable_surveys":false,"_EventAllDay":false,"_EventTimezone":"","_EventStartDate":"","_EventEndDate":"","_EventStartDateUTC":"","_EventEndDateUTC":"","_EventShowMap":false,"_EventShowMapLink":false,"_EventURL":"","_EventCost":"","_EventCostDescription":"","_EventCurrencySymbol":"","_EventCurrencyCode":"","_EventCurrencyPosition":"","_EventDateTimeSeparator":"","_EventTimeRangeSeparator":"","_EventOrganizerID":[],"_EventVenueID":[],"_OrganizerEmail":"","_OrganizerPhone":"","_OrganizerWebsite":"","_VenueAddress":"","_VenueCity":"","_VenueCountry":"","_VenueProvince":"","_VenueState":"","_VenueZip":"","_VenuePhone":"","_VenueURL":"","_VenueStateProvince":"","_VenueLat":"","_VenueLng":"","_VenueShowMap":false,"_VenueShowMapLink":false,"footnotes":""},"class_list":["post-7983","page","type-page","status-publish","has-post-thumbnail","hentry"],"uagb_featured_image_src":{"full":["https:\/\/www.adapei64.fr\/site\/wp-content\/uploads\/2020\/11\/pa2021-2025.jpg",1848,1304,false],"thumbnail":["https:\/\/www.adapei64.fr\/site\/wp-content\/uploads\/2020\/11\/pa2021-2025-600x600.jpg",600,600,true],"medium":["https:\/\/www.adapei64.fr\/site\/wp-content\/uploads\/2020\/11\/pa2021-2025-1000x706.jpg",1000,706,true],"medium_large":["https:\/\/www.adapei64.fr\/site\/wp-content\/uploads\/2020\/11\/pa2021-2025-768x542.jpg",768,542,true],"large":["https:\/\/www.adapei64.fr\/site\/wp-content\/uploads\/2020\/11\/pa2021-2025.jpg",1848,1304,false],"1536x1536":["https:\/\/www.adapei64.fr\/site\/wp-content\/uploads\/2020\/11\/pa2021-2025-1536x1084.jpg",1536,1084,true],"2048x2048":["https:\/\/www.adapei64.fr\/site\/wp-content\/uploads\/2020\/11\/pa2021-2025.jpg",1848,1304,false]},"uagb_author_info":{"display_name":"Marie Lafargue","author_link":"https:\/\/www.adapei64.fr\/site\/author\/marie\/"},"uagb_comment_info":0,"uagb_excerpt":null,"distributor_meta":false,"distributor_terms":false,"distributor_media":false,"distributor_original_site_name":"Adapei des Pyr\u00e9n\u00e9es-Atlantiques","distributor_original_site_url":"https:\/\/www.adapei64.fr\/site","push-errors":false,"_links":{"self":[{"href":"https:\/\/www.adapei64.fr\/site\/wp-json\/wp\/v2\/pages\/7983","targetHints":{"allow":["GET"]}}],"collection":[{"href":"https:\/\/www.adapei64.fr\/site\/wp-json\/wp\/v2\/pages"}],"about":[{"href":"https:\/\/www.adapei64.fr\/site\/wp-json\/wp\/v2\/types\/page"}],"author":[{"embeddable":true,"href":"https:\/\/www.adapei64.fr\/site\/wp-json\/wp\/v2\/users\/1"}],"replies":[{"embeddable":true,"href":"https:\/\/www.adapei64.fr\/site\/wp-json\/wp\/v2\/comments?post=7983"}],"version-history":[{"count":0,"href":"https:\/\/www.adapei64.fr\/site\/wp-json\/wp\/v2\/pages\/7983\/revisions"}],"wp:featuredmedia":[{"embeddable":true,"href":"https:\/\/www.adapei64.fr\/site\/wp-json\/wp\/v2\/media\/654"}],"wp:attachment":[{"href":"https:\/\/www.adapei64.fr\/site\/wp-json\/wp\/v2\/media?parent=7983"}],"curies":[{"name":"wp","href":"https:\/\/api.w.org\/{rel}","templated":true}]}}