{"id":8247,"date":"2022-02-11T12:24:43","date_gmt":"2022-02-11T11:24:43","guid":{"rendered":"http:\/\/www.adapei64.fr\/site\/?page_id=8247"},"modified":"2024-09-23T10:33:38","modified_gmt":"2024-09-23T08:33:38","slug":"ime-sessad-uee-georgette-berthe","status":"publish","type":"page","link":"https:\/\/www.adapei64.fr\/site\/adapei\/les-etablissements-et-services\/enfance-scolarisation\/ime-sessad-uee-georgette-berthe\/","title":{"rendered":"IME SESSAD UEE Georgette Berthe"},"content":{"rendered":"\n<div class=\"wp-block-columns is-layout-flex wp-container-core-columns-is-layout-07579d57 wp-block-columns-is-layout-flex\">\n<div class=\"wp-block-column is-layout-flow wp-block-column-is-layout-flow\" style=\"flex-basis:80%\">\n<p class=\"wp-block-paragraph\">L\u2019<strong>IME<\/strong>&nbsp;\u00abGeorgette Berthe\u00bb est un \u00e9tablissement sp\u00e9cialis\u00e9 qui accueille des enfants et des adolescents pr\u00e9sentant une d\u00e9ficience intellectuelle moyenne ou s\u00e9v\u00e8re et\/ou des troubles de la personnalit\u00e9 ainsi que des enfants et adolescents atteints d\u2019autisme ou de Trouble Envahissant du D\u00e9veloppement.<\/p>\n\n\n\n<p class=\"wp-block-paragraph\">Son agr\u00e9ment est de 47&nbsp;places :<\/p>\n\n\n\n<ul class=\"wp-block-list\">\n<li>&nbsp;L\u2019externat pour une tranche d\u2019\u00e2ge de 4 \u00e0 20 ans<\/li>\n\n\n\n<li>&nbsp;20 places en internat pour une tranche d\u2019\u00e2ge de 7 \u00e0 20 ans<\/li>\n<\/ul>\n\n\n\n<p class=\"wp-block-paragraph\">L&#8217;IME est organis\u00e9 en 2 secteurs :<\/p>\n\n\n\n<ul class=\"wp-block-list\">\n<li>&nbsp;La Maison Violette qui accueille des enfants et des jeunes porteurs d\u2019autisme, 17&nbsp;places.<\/li>\n\n\n\n<li>&nbsp;La Maison Rouge qui accueille des enfants et des jeunes porteurs de plurihandicaps, 30 places.<\/li>\n<\/ul>\n\n\n\n<p class=\"wp-block-paragraph\">Le&nbsp;<strong>SESSAD<\/strong>&nbsp;a un agr\u00e9ment de 5 places pour une tranche d\u2019\u00e2ge qui accueille des enfants ou des adolescents \u00e2g\u00e9s de 3 \u00e0 20 ans, pr\u00e9sentant une d\u00e9ficience intellectuelle l\u00e9g\u00e8re, moyenne ou s\u00e9v\u00e8re.<\/p>\n\n\n\n<p class=\"wp-block-paragraph\">L&#8217;<strong>UEE<\/strong>&nbsp;(Unit\u00e9 d&#8217;Enseigement El\u00e9mentaire) permet&nbsp;\u00e0 7 enfants de 6 \u00e0 11 ans, pr\u00e9sentant des TED\/TSA,&nbsp;d&#8217;\u00eatre scolaris\u00e9s \u00e0 l&#8217;\u00e9cole \u00e9l\u00e9mentaire publique de Bizanos. L&#8217;objectif de l&#8217;UEE est de proposer aux enfants&nbsp;un parcours scolaire coh\u00e9rent et sans rupture.<\/p>\n\n\n\n<h2 class=\"wp-block-heading\">Activit\u00e9s<\/h2>\n\n\n\n<ul class=\"wp-block-list\">\n<li>&nbsp;Classes sp\u00e9cialis\u00e9es, dans l\u2019\u00e9tablissement ou int\u00e9gr\u00e9es en milieu ordinaire<\/li>\n\n\n\n<li>&nbsp;Activit\u00e9s&nbsp;\u00e9ducatives, param\u00e9dicales, de r\u00e9\u00e9ducation et de soins,<\/li>\n\n\n\n<li>&nbsp;Activit\u00e9s musicales,<\/li>\n\n\n\n<li>&nbsp;Activit\u00e9s de socialisation (visites culturelles, sorties en ville,\u2026.),<\/li>\n\n\n\n<li>&nbsp;Activit\u00e9s informatiques,<\/li>\n\n\n\n<li>&nbsp;Activit\u00e9s sportives (\u00e9quitation, piscine, \u2026..),<\/li>\n\n\n\n<li>&nbsp;Sensibilisation \u00e0 des activit\u00e9s professionnelles<\/li>\n<\/ul>\n<\/div>\n\n\n\n<div class=\"wp-block-column is-layout-flow wp-block-column-is-layout-flow\" style=\"flex-basis:20%\">\n<div class=\"wp-block-group bloc_gris coord_esms is-vertical is-layout-flex wp-container-core-group-is-layout-2c90304e wp-block-group-is-layout-flex\">\n<h2 class=\"wp-block-heading\">Coordonn\u00e9es<\/h2>\n\n\n\n<p class=\"wp-block-paragraph\">Complexe G. Berthe,&nbsp;<br>1 all\u00e9e des Hirondelles<br>64320 Bizanos&nbsp;<\/p>\n\n\n\n<p class=\"wp-block-paragraph\">T\u00e9l. : 05 59 14 89 90&nbsp; &nbsp;<\/p>\n<\/div>\n\n\n\n<div class=\"wp-block-group bloc_gris contact_esms is-vertical is-layout-flex wp-container-core-group-is-layout-2c90304e wp-block-group-is-layout-flex\">\n<h2 class=\"wp-block-heading\">Contact<\/h2>\n\n\n\n<p class=\"wp-block-paragraph\">LE GUYADER St\u00e9phania,<br><em>Directrice<\/em><\/p>\n\n\n\n<p class=\"wp-block-paragraph\">PEYROUTET Serge,<br><em>Chef de service Internat<\/em><\/p>\n\n\n\n<p class=\"wp-block-paragraph\">KIMPER Marc-Joesuah,<br><em>Chef de service Externat<\/em><\/p>\n\n\n\n<p class=\"wp-block-paragraph\">CAMY V\u00e9ronique<br><em>Cheffe de service du p\u00f4le ambulatoire<br>SESSAD, Unit\u00e9 d&#8217;Enseignement Externalis\u00e9e<\/em><\/p>\n<\/div>\n<\/div>\n<\/div>\n\n\n\n<h2 class=\"wp-block-heading\">Localisation<\/h2>\n\n\n\n<p class=\"wp-block-paragraph\"><iframe title=\"1 all\u00e9e des hirondelles, 64320 Bizanos\" src=\"https:\/\/maps.google.com\/maps?q=1%20all%C3%A9e%20des%20hirondelles%2C%2064320%20Bizanos&amp;t=m&amp;z=14&amp;output=embed&amp;iwloc=near\" aria-label=\"1 all\u00e9e des hirondelles, 64320 Bizanos\"><\/iframe><\/p>\n","protected":false},"excerpt":{"rendered":"<p>L\u2019IME&nbsp;\u00abGeorgette Berthe\u00bb est un \u00e9tablissement sp\u00e9cialis\u00e9 qui accueille des enfants et des adolescents pr\u00e9sentant une d\u00e9ficience intellectuelle moyenne ou s\u00e9v\u00e8re et\/ou des troubles de la personnalit\u00e9 ainsi que des enfants&hellip; <a class=\"continue\" href=\"https:\/\/www.adapei64.fr\/site\/adapei\/les-etablissements-et-services\/enfance-scolarisation\/ime-sessad-uee-georgette-berthe\/\">Lire :<span> IME SESSAD UEE Georgette Berthe<\/span><\/a><\/p>\n","protected":false},"author":1,"featured_media":1038,"parent":1015,"menu_order":0,"comment_status":"closed","ping_status":"closed","template":"","meta":{"_crdt_document":"","om_disable_all_campaigns":false,"_uag_custom_page_level_css":"","_monsterinsights_skip_tracking":false,"_monsterinsights_sitenote_active":false,"_monsterinsights_sitenote_note":"","_monsterinsights_sitenote_category":0,"_uf_show_specific_survey":0,"_uf_disable_surveys":false,"_EventAllDay":false,"_EventTimezone":"","_EventStartDate":"","_EventEndDate":"","_EventStartDateUTC":"","_EventEndDateUTC":"","_EventShowMap":false,"_EventShowMapLink":false,"_EventURL":"","_EventCost":"","_EventCostDescription":"","_EventCurrencySymbol":"","_EventCurrencyCode":"","_EventCurrencyPosition":"","_EventDateTimeSeparator":"","_EventTimeRangeSeparator":"","_EventOrganizerID":[],"_EventVenueID":[],"_OrganizerEmail":"","_OrganizerPhone":"","_OrganizerWebsite":"","_VenueAddress":"","_VenueCity":"","_VenueCountry":"","_VenueProvince":"","_VenueState":"","_VenueZip":"","_VenuePhone":"","_VenueURL":"","_VenueStateProvince":"","_VenueLat":"","_VenueLng":"","_VenueShowMap":false,"_VenueShowMapLink":false,"footnotes":""},"class_list":["post-8247","page","type-page","status-publish","has-post-thumbnail","hentry"],"uagb_featured_image_src":{"full":["https:\/\/www.adapei64.fr\/site\/wp-content\/uploads\/2020\/11\/IME-G.-Berthe-4.jpg",975,484,false],"thumbnail":["https:\/\/www.adapei64.fr\/site\/wp-content\/uploads\/2020\/11\/IME-G.-Berthe-4-600x484.jpg",600,484,true],"medium":["https:\/\/www.adapei64.fr\/site\/wp-content\/uploads\/2020\/11\/IME-G.-Berthe-4.jpg",975,484,false],"medium_large":["https:\/\/www.adapei64.fr\/site\/wp-content\/uploads\/2020\/11\/IME-G.-Berthe-4-768x381.jpg",768,381,true],"large":["https:\/\/www.adapei64.fr\/site\/wp-content\/uploads\/2020\/11\/IME-G.-Berthe-4.jpg",975,484,false],"1536x1536":["https:\/\/www.adapei64.fr\/site\/wp-content\/uploads\/2020\/11\/IME-G.-Berthe-4.jpg",975,484,false],"2048x2048":["https:\/\/www.adapei64.fr\/site\/wp-content\/uploads\/2020\/11\/IME-G.-Berthe-4.jpg",975,484,false]},"uagb_author_info":{"display_name":"Marie Lafargue","author_link":"https:\/\/www.adapei64.fr\/site\/author\/marie\/"},"uagb_comment_info":0,"uagb_excerpt":"L\u2019IME&nbsp;\u00abGeorgette Berthe\u00bb est un \u00e9tablissement sp\u00e9cialis\u00e9 qui accueille des enfants et des adolescents pr\u00e9sentant une d\u00e9ficience intellectuelle moyenne ou s\u00e9v\u00e8re et\/ou des troubles de la personnalit\u00e9 ainsi que des enfants&hellip; Lire : IME SESSAD UEE Georgette Berthe","distributor_meta":false,"distributor_terms":false,"distributor_media":false,"distributor_original_site_name":"Adapei des Pyr\u00e9n\u00e9es-Atlantiques","distributor_original_site_url":"https:\/\/www.adapei64.fr\/site","push-errors":false,"_links":{"self":[{"href":"https:\/\/www.adapei64.fr\/site\/wp-json\/wp\/v2\/pages\/8247","targetHints":{"allow":["GET"]}}],"collection":[{"href":"https:\/\/www.adapei64.fr\/site\/wp-json\/wp\/v2\/pages"}],"about":[{"href":"https:\/\/www.adapei64.fr\/site\/wp-json\/wp\/v2\/types\/page"}],"author":[{"embeddable":true,"href":"https:\/\/www.adapei64.fr\/site\/wp-json\/wp\/v2\/users\/1"}],"replies":[{"embeddable":true,"href":"https:\/\/www.adapei64.fr\/site\/wp-json\/wp\/v2\/comments?post=8247"}],"version-history":[{"count":38,"href":"https:\/\/www.adapei64.fr\/site\/wp-json\/wp\/v2\/pages\/8247\/revisions"}],"predecessor-version":[{"id":16127,"href":"https:\/\/www.adapei64.fr\/site\/wp-json\/wp\/v2\/pages\/8247\/revisions\/16127"}],"up":[{"embeddable":true,"href":"https:\/\/www.adapei64.fr\/site\/wp-json\/wp\/v2\/pages\/1015"}],"wp:featuredmedia":[{"embeddable":true,"href":"https:\/\/www.adapei64.fr\/site\/wp-json\/wp\/v2\/media\/1038"}],"wp:attachment":[{"href":"https:\/\/www.adapei64.fr\/site\/wp-json\/wp\/v2\/media?parent=8247"}],"curies":[{"name":"wp","href":"https:\/\/api.w.org\/{rel}","templated":true}]}}

<div class="wp-block-columns is-layout-flex wp-container-core-columns-is-layout-07579d57 wp-block-columns-is-layout-flex">
<div class="wp-block-column is-layout-flow wp-block-column-is-layout-flow" style="flex-basis:80%">
<p class="wp-block-paragraph">L’<strong>IME</strong>&nbsp;«Georgette Berthe» est un établissement spécialisé qui accueille des enfants et des adolescents présentant une déficience intellectuelle moyenne ou sévère et/ou des troubles de la personnalité ainsi que des enfants et adolescents atteints d’autisme ou de Trouble Envahissant du Développement.</p>



<p class="wp-block-paragraph">Son agrément est de 47&nbsp;places :</p>



<ul class="wp-block-list">
<li>&nbsp;L’externat pour une tranche d’âge de 4 à 20 ans</li>



<li>&nbsp;20 places en internat pour une tranche d’âge de 7 à 20 ans</li>
</ul>



<p class="wp-block-paragraph">L&#8217;IME est organisé en 2 secteurs :</p>



<ul class="wp-block-list">
<li>&nbsp;La Maison Violette qui accueille des enfants et des jeunes porteurs d’autisme, 17&nbsp;places.</li>



<li>&nbsp;La Maison Rouge qui accueille des enfants et des jeunes porteurs de plurihandicaps, 30 places.</li>
</ul>



<p class="wp-block-paragraph">Le&nbsp;<strong>SESSAD</strong>&nbsp;a un agrément de 5 places pour une tranche d’âge qui accueille des enfants ou des adolescents âgés de 3 à 20 ans, présentant une déficience intellectuelle légère, moyenne ou sévère.</p>



<p class="wp-block-paragraph">L&#8217;<strong>UEE</strong>&nbsp;(Unité d&#8217;Enseigement Elémentaire) permet&nbsp;à 7 enfants de 6 à 11 ans, présentant des TED/TSA,&nbsp;d&#8217;être scolarisés à l&#8217;école élémentaire publique de Bizanos. L&#8217;objectif de l&#8217;UEE est de proposer aux enfants&nbsp;un parcours scolaire cohérent et sans rupture.</p>



<h2 class="wp-block-heading">Activités</h2>



<ul class="wp-block-list">
<li>&nbsp;Classes spécialisées, dans l’établissement ou intégrées en milieu ordinaire</li>



<li>&nbsp;Activités&nbsp;éducatives, paramédicales, de rééducation et de soins,</li>



<li>&nbsp;Activités musicales,</li>



<li>&nbsp;Activités de socialisation (visites culturelles, sorties en ville,….),</li>



<li>&nbsp;Activités informatiques,</li>



<li>&nbsp;Activités sportives (équitation, piscine, …..),</li>



<li>&nbsp;Sensibilisation à des activités professionnelles</li>
</ul>
</div>



<div class="wp-block-column is-layout-flow wp-block-column-is-layout-flow" style="flex-basis:20%">
<div class="wp-block-group bloc_gris coord_esms is-vertical is-layout-flex wp-container-core-group-is-layout-2c90304e wp-block-group-is-layout-flex">
<h2 class="wp-block-heading">Coordonnées</h2>



<p class="wp-block-paragraph">Complexe G. Berthe,&nbsp;<br>1 allée des Hirondelles<br>64320 Bizanos&nbsp;</p>



<p class="wp-block-paragraph">Tél. : 05 59 14 89 90&nbsp; &nbsp;</p>
</div>



<div class="wp-block-group bloc_gris contact_esms is-vertical is-layout-flex wp-container-core-group-is-layout-2c90304e wp-block-group-is-layout-flex">
<h2 class="wp-block-heading">Contact</h2>



<p class="wp-block-paragraph">LE GUYADER Stéphania,<br><em>Directrice</em></p>



<p class="wp-block-paragraph">PEYROUTET Serge,<br><em>Chef de service Internat</em></p>



<p class="wp-block-paragraph">KIMPER Marc-Joesuah,<br><em>Chef de service Externat</em></p>



<p class="wp-block-paragraph">CAMY Véronique<br><em>Cheffe de service du pôle ambulatoire<br>SESSAD, Unité d&#8217;Enseignement Externalisée</em></p>
</div>
</div>
</div>



<h2 class="wp-block-heading">Localisation</h2>



<p class="wp-block-paragraph"><iframe title="1 allée des hirondelles, 64320 Bizanos" src="https://maps.google.com/maps?q=1%20all%C3%A9e%20des%20hirondelles%2C%2064320%20Bizanos&amp;t=m&amp;z=14&amp;output=embed&amp;iwloc=near" aria-label="1 allée des hirondelles, 64320 Bizanos"></iframe></p>

<p>L’IME&nbsp;«Georgette Berthe» est un établissement spécialisé qui accueille des enfants et des adolescents présentant une déficience intellectuelle moyenne ou sévère et/ou des troubles de la personnalité ainsi que des enfants&hellip; <a class="continue" href="https://www.adapei64.fr/site/adapei/les-etablissements-et-services/enfance-scolarisation/ime-sessad-uee-georgette-berthe/">Lire :<span> IME SESSAD UEE Georgette Berthe</span></a></p>

L’IME&nbsp;«Georgette Berthe» est un établissement spécialisé qui accueille des enfants et des adolescents présentant une déficience intellectuelle moyenne ou sévère et/ou des troubles de la personnalité ainsi que des enfants&hellip; Lire : IME SESSAD UEE Georgette Berthe

Adapei des Pyrénées-Atlantiques
