{"id":8288,"date":"2022-02-11T13:01:01","date_gmt":"2022-02-11T12:01:01","guid":{"rendered":"http:\/\/www.adapei64.fr\/site\/?page_id=8288"},"modified":"2024-09-23T10:34:05","modified_gmt":"2024-09-23T08:34:05","slug":"ime-lespoir","status":"publish","type":"page","link":"https:\/\/www.adapei64.fr\/site\/adapei\/les-etablissements-et-services\/enfance-scolarisation\/ime-lespoir\/","title":{"rendered":"IME L&#8217;Espoir"},"content":{"rendered":"\n<div class=\"wp-block-columns is-layout-flex wp-container-core-columns-is-layout-07579d57 wp-block-columns-is-layout-flex\">\n<div class=\"wp-block-column is-layout-flow wp-block-column-is-layout-flow\" style=\"flex-basis:80%\">\n<p class=\"wp-block-paragraph\">Rattach\u00e9 au&nbsp;<a href=\"https:\/\/www.adapei64.fr\/site\/adapei\/les-etablissements-et-services\/enfance-scolarisation\/ime-sessad-uee-georgette-berthe\/\" rel=\"noopener\">complexe Georgette Berthe,<\/a>&nbsp;l&#8217;IME&nbsp;\u00abL\u2019Espoir\u00bb est un \u00e9tablissement sp\u00e9cialis\u00e9 qui accueille 15 enfants et des adolescents de 4 \u00e0 20 ans pr\u00e9sentant une d\u00e9ficience mentale&nbsp;moyenne ou s\u00e9v\u00e8re.<\/p>\n\n\n\n<h2 class=\"wp-block-heading\">Activit\u00e9<\/h2>\n\n\n\n<ul class=\"wp-block-list\">\n<li>&nbsp;Classe sp\u00e9cialis\u00e9 en interne<\/li>\n\n\n\n<li>&nbsp;Activit\u00e9s&nbsp;\u00e9ducatives, param\u00e9dicales, de r\u00e9\u00e9ducation et de soins,&nbsp;<\/li>\n\n\n\n<li>&nbsp;Activit\u00e9s musicales,&nbsp;<\/li>\n\n\n\n<li>&nbsp;Activit\u00e9s de socialisation (visites culturelles, sorties en ville,\u2026.),&nbsp;<\/li>\n\n\n\n<li>&nbsp;Activit\u00e9s informatiques,&nbsp;<\/li>\n\n\n\n<li>&nbsp;Activit\u00e9s sportives (sports adapt\u00e9s, piscine, \u2026..),&nbsp;<\/li>\n\n\n\n<li>&nbsp;Sensibilisation \u00e0 des activit\u00e9s professionnelles&nbsp;<\/li>\n<\/ul>\n<\/div>\n\n\n\n<div class=\"wp-block-column is-layout-flow wp-block-column-is-layout-flow\" style=\"flex-basis:33.33%\">\n<div class=\"wp-block-group bloc_gris coord_esms is-vertical is-layout-flex wp-container-core-group-is-layout-2c90304e wp-block-group-is-layout-flex\">\n<h2 class=\"wp-block-heading\">Coordonn\u00e9es<\/h2>\n\n\n\n<p class=\"wp-block-paragraph\">Complexe G. Berthe,&nbsp;<br>Villa Chatigni\u00e8re&nbsp;<br>38 avenue de Lattre de Tassigny<br>64400 Oloron Ste Marie&nbsp; &nbsp;<\/p>\n\n\n\n<p class=\"wp-block-paragraph\">T\u00e9l. : 05 59 39 40 21&nbsp; &nbsp;<\/p>\n<\/div>\n\n\n\n<div class=\"wp-block-group bloc_gris contact_esms is-vertical is-layout-flex wp-container-core-group-is-layout-2c90304e wp-block-group-is-layout-flex\">\n<h2 class=\"wp-block-heading\">Contact<\/h2>\n\n\n\n<p class=\"wp-block-paragraph\">LE GUYADER St\u00e9phania,<br><em>Directrice<br><\/em><br>PEYROUTET Serge,<br><em>Chef de service<\/em><\/p>\n<\/div>\n<\/div>\n<\/div>\n\n\n\n<h2 class=\"wp-block-heading\">Localisation<\/h2>\n\n\n\n<p class=\"wp-block-paragraph\"><iframe title=\"38 avenue de lattre de tassigny, 64400 Oloron\" src=\"https:\/\/maps.google.com\/maps?q=38%20avenue%20de%20lattre%20de%20tassigny%2C%2064400%20Oloron&amp;t=m&amp;z=14&amp;output=embed&amp;iwloc=near\" aria-label=\"38 avenue de lattre de tassigny, 64400 Oloron\"><\/iframe><\/p>\n","protected":false},"excerpt":{"rendered":"<p>Rattach\u00e9 au&nbsp;complexe Georgette Berthe,&nbsp;l&#8217;IME&nbsp;\u00abL\u2019Espoir\u00bb est un \u00e9tablissement sp\u00e9cialis\u00e9 qui accueille 15 enfants et des adolescents de 4 \u00e0 20 ans pr\u00e9sentant une d\u00e9ficience mentale&nbsp;moyenne ou s\u00e9v\u00e8re. Activit\u00e9 Coordonn\u00e9es Complexe G.&hellip; <a class=\"continue\" href=\"https:\/\/www.adapei64.fr\/site\/adapei\/les-etablissements-et-services\/enfance-scolarisation\/ime-lespoir\/\">Lire :<span> IME L&#8217;Espoir<\/span><\/a><\/p>\n","protected":false},"author":1,"featured_media":43,"parent":1015,"menu_order":1,"comment_status":"closed","ping_status":"closed","template":"","meta":{"_crdt_document":"","om_disable_all_campaigns":false,"_uag_custom_page_level_css":"","_monsterinsights_skip_tracking":false,"_monsterinsights_sitenote_active":false,"_monsterinsights_sitenote_note":"","_monsterinsights_sitenote_category":0,"_uf_show_specific_survey":0,"_uf_disable_surveys":false,"_EventAllDay":false,"_EventTimezone":"","_EventStartDate":"","_EventEndDate":"","_EventStartDateUTC":"","_EventEndDateUTC":"","_EventShowMap":false,"_EventShowMapLink":false,"_EventURL":"","_EventCost":"","_EventCostDescription":"","_EventCurrencySymbol":"","_EventCurrencyCode":"","_EventCurrencyPosition":"","_EventDateTimeSeparator":"","_EventTimeRangeSeparator":"","_EventOrganizerID":[],"_EventVenueID":[],"_OrganizerEmail":"","_OrganizerPhone":"","_OrganizerWebsite":"","_VenueAddress":"","_VenueCity":"","_VenueCountry":"","_VenueProvince":"","_VenueState":"","_VenueZip":"","_VenuePhone":"","_VenueURL":"","_VenueStateProvince":"","_VenueLat":"","_VenueLng":"","_VenueShowMap":false,"_VenueShowMapLink":false,"footnotes":""},"class_list":["post-8288","page","type-page","status-publish","has-post-thumbnail","hentry"],"uagb_featured_image_src":{"full":["https:\/\/www.adapei64.fr\/site\/wp-content\/uploads\/2020\/10\/IME-Espoir-3_0.jpg",1100,500,false],"thumbnail":["https:\/\/www.adapei64.fr\/site\/wp-content\/uploads\/2020\/10\/IME-Espoir-3_0-150x150.jpg",150,150,true],"medium":["https:\/\/www.adapei64.fr\/site\/wp-content\/uploads\/2020\/10\/IME-Espoir-3_0-300x136.jpg",300,136,true],"medium_large":["https:\/\/www.adapei64.fr\/site\/wp-content\/uploads\/2020\/10\/IME-Espoir-3_0-768x349.jpg",768,349,true],"large":["https:\/\/www.adapei64.fr\/site\/wp-content\/uploads\/2020\/10\/IME-Espoir-3_0-1024x465.jpg",1024,465,true],"1536x1536":["https:\/\/www.adapei64.fr\/site\/wp-content\/uploads\/2020\/10\/IME-Espoir-3_0.jpg",1100,500,false],"2048x2048":["https:\/\/www.adapei64.fr\/site\/wp-content\/uploads\/2020\/10\/IME-Espoir-3_0.jpg",1100,500,false]},"uagb_author_info":{"display_name":"Marie Lafargue","author_link":"https:\/\/www.adapei64.fr\/site\/author\/marie\/"},"uagb_comment_info":0,"uagb_excerpt":"Rattach\u00e9 au&nbsp;complexe Georgette Berthe,&nbsp;l&#8217;IME&nbsp;\u00abL\u2019Espoir\u00bb est un \u00e9tablissement sp\u00e9cialis\u00e9 qui accueille 15 enfants et des adolescents de 4 \u00e0 20 ans pr\u00e9sentant une d\u00e9ficience mentale&nbsp;moyenne ou s\u00e9v\u00e8re. Activit\u00e9 Coordonn\u00e9es Complexe G.&hellip; Lire : IME L&#8217;Espoir","distributor_meta":false,"distributor_terms":false,"distributor_media":false,"distributor_original_site_name":"Adapei des Pyr\u00e9n\u00e9es-Atlantiques","distributor_original_site_url":"https:\/\/www.adapei64.fr\/site","push-errors":false,"_links":{"self":[{"href":"https:\/\/www.adapei64.fr\/site\/wp-json\/wp\/v2\/pages\/8288","targetHints":{"allow":["GET"]}}],"collection":[{"href":"https:\/\/www.adapei64.fr\/site\/wp-json\/wp\/v2\/pages"}],"about":[{"href":"https:\/\/www.adapei64.fr\/site\/wp-json\/wp\/v2\/types\/page"}],"author":[{"embeddable":true,"href":"https:\/\/www.adapei64.fr\/site\/wp-json\/wp\/v2\/users\/1"}],"replies":[{"embeddable":true,"href":"https:\/\/www.adapei64.fr\/site\/wp-json\/wp\/v2\/comments?post=8288"}],"version-history":[{"count":23,"href":"https:\/\/www.adapei64.fr\/site\/wp-json\/wp\/v2\/pages\/8288\/revisions"}],"predecessor-version":[{"id":16128,"href":"https:\/\/www.adapei64.fr\/site\/wp-json\/wp\/v2\/pages\/8288\/revisions\/16128"}],"up":[{"embeddable":true,"href":"https:\/\/www.adapei64.fr\/site\/wp-json\/wp\/v2\/pages\/1015"}],"wp:featuredmedia":[{"embeddable":true,"href":"https:\/\/www.adapei64.fr\/site\/wp-json\/wp\/v2\/media\/43"}],"wp:attachment":[{"href":"https:\/\/www.adapei64.fr\/site\/wp-json\/wp\/v2\/media?parent=8288"}],"curies":[{"name":"wp","href":"https:\/\/api.w.org\/{rel}","templated":true}]}}

<div class="wp-block-columns is-layout-flex wp-container-core-columns-is-layout-07579d57 wp-block-columns-is-layout-flex">
<div class="wp-block-column is-layout-flow wp-block-column-is-layout-flow" style="flex-basis:80%">
<p class="wp-block-paragraph">Rattaché au&nbsp;<a href="https://www.adapei64.fr/site/adapei/les-etablissements-et-services/enfance-scolarisation/ime-sessad-uee-georgette-berthe/" rel="noopener">complexe Georgette Berthe,</a>&nbsp;l&#8217;IME&nbsp;«L’Espoir» est un établissement spécialisé qui accueille 15 enfants et des adolescents de 4 à 20 ans présentant une déficience mentale&nbsp;moyenne ou sévère.</p>



<h2 class="wp-block-heading">Activité</h2>



<ul class="wp-block-list">
<li>&nbsp;Classe spécialisé en interne</li>



<li>&nbsp;Activités&nbsp;éducatives, paramédicales, de rééducation et de soins,&nbsp;</li>



<li>&nbsp;Activités musicales,&nbsp;</li>



<li>&nbsp;Activités de socialisation (visites culturelles, sorties en ville,….),&nbsp;</li>



<li>&nbsp;Activités informatiques,&nbsp;</li>



<li>&nbsp;Activités sportives (sports adaptés, piscine, …..),&nbsp;</li>



<li>&nbsp;Sensibilisation à des activités professionnelles&nbsp;</li>
</ul>
</div>



<div class="wp-block-column is-layout-flow wp-block-column-is-layout-flow" style="flex-basis:33.33%">
<div class="wp-block-group bloc_gris coord_esms is-vertical is-layout-flex wp-container-core-group-is-layout-2c90304e wp-block-group-is-layout-flex">
<h2 class="wp-block-heading">Coordonnées</h2>



<p class="wp-block-paragraph">Complexe G. Berthe,&nbsp;<br>Villa Chatignière&nbsp;<br>38 avenue de Lattre de Tassigny<br>64400 Oloron Ste Marie&nbsp; &nbsp;</p>



<p class="wp-block-paragraph">Tél. : 05 59 39 40 21&nbsp; &nbsp;</p>
</div>



<div class="wp-block-group bloc_gris contact_esms is-vertical is-layout-flex wp-container-core-group-is-layout-2c90304e wp-block-group-is-layout-flex">
<h2 class="wp-block-heading">Contact</h2>



<p class="wp-block-paragraph">LE GUYADER Stéphania,<br><em>Directrice<br></em><br>PEYROUTET Serge,<br><em>Chef de service</em></p>
</div>
</div>
</div>



<h2 class="wp-block-heading">Localisation</h2>



<p class="wp-block-paragraph"><iframe title="38 avenue de lattre de tassigny, 64400 Oloron" src="https://maps.google.com/maps?q=38%20avenue%20de%20lattre%20de%20tassigny%2C%2064400%20Oloron&amp;t=m&amp;z=14&amp;output=embed&amp;iwloc=near" aria-label="38 avenue de lattre de tassigny, 64400 Oloron"></iframe></p>

<p>Rattaché au&nbsp;complexe Georgette Berthe,&nbsp;l&#8217;IME&nbsp;«L’Espoir» est un établissement spécialisé qui accueille 15 enfants et des adolescents de 4 à 20 ans présentant une déficience mentale&nbsp;moyenne ou sévère. Activité Coordonnées Complexe G.&hellip; <a class="continue" href="https://www.adapei64.fr/site/adapei/les-etablissements-et-services/enfance-scolarisation/ime-lespoir/">Lire :<span> IME L&#8217;Espoir</span></a></p>

Rattaché au&nbsp;complexe Georgette Berthe,&nbsp;l&#8217;IME&nbsp;«L’Espoir» est un établissement spécialisé qui accueille 15 enfants et des adolescents de 4 à 20 ans présentant une déficience mentale&nbsp;moyenne ou sévère. Activité Coordonnées Complexe G.&hellip; Lire : IME L&#8217;Espoir

Adapei des Pyrénées-Atlantiques
