{"id":8302,"date":"2022-02-11T13:06:15","date_gmt":"2022-02-11T12:06:15","guid":{"rendered":"http:\/\/www.adapei64.fr\/site\/?page_id=8302"},"modified":"2024-09-23T10:20:23","modified_gmt":"2024-09-23T08:20:23","slug":"sessad-uee-petits-princes","status":"publish","type":"page","link":"https:\/\/www.adapei64.fr\/site\/adapei\/les-etablissements-et-services\/enfance-scolarisation\/sessad-uee-petits-princes\/","title":{"rendered":"SESSAD &#8211; UEE Les Petits Princes"},"content":{"rendered":"\n<div class=\"wp-block-columns is-layout-flex wp-container-core-columns-is-layout-07579d57 wp-block-columns-is-layout-flex\">\n<div class=\"wp-block-column is-layout-flow wp-block-column-is-layout-flow\" style=\"flex-basis:80%\">\n<p class=\"wp-block-paragraph\">En partenariat avec Autisme Pau B\u00e9arn, et rattach\u00e9 au <a href=\"https:\/\/www.adapei64.fr\/site\/adapei\/les-etablissements-et-services\/enfance-scolarisation\/ime-sessad-uee-georgette-berthe\/\">Complexe Georgette Berthe<\/a>, le SESSAD&nbsp;accueille 10&nbsp;enfants et adolescents \u00e2g\u00e9s de 3 \u00e0 20 ans, pr\u00e9sentant une d\u00e9ficience intellectuelle l\u00e9g\u00e8re, moyenne ou s\u00e9v\u00e8re.<br><a href=\"https:\/\/www.adapei64.fr\/site\/wp-content\/uploads\/2022\/02\/PlaquetteSESSADPetitsPrinces.pdf\" target=\"_blank\" rel=\"noopener\">T\u00e9l\u00e9charger la plaquette du SESSAD&nbsp;des Petits Princes<\/a><\/p>\n\n\n\n<p class=\"wp-block-paragraph\">Depuis septembre&nbsp;2015, il accueille&nbsp;7 enfants en unit\u00e9 d&#8217;enseignement maternelle&nbsp;\u00e0 l&#8217;\u00e9cole&nbsp;de Bizanos.<br><a href=\"https:\/\/www.adapei64.fr\/site\/wp-content\/uploads\/2022\/02\/PlaquetteUEM.pdf\" target=\"_blank\" rel=\"noopener\">T\u00e9l\u00e9charger la plaquette de pr\u00e9sentation de l&#8217;Unit\u00e9 d&#8217;Enseignement Maternelle<\/a><\/p>\n\n\n\n<h2 class=\"wp-block-heading\">Activit\u00e9s<\/h2>\n\n\n\n<ul class=\"wp-block-list\">\n<li>&nbsp;Classes sp\u00e9cialis\u00e9es, dans l\u2019\u00e9tablissement ou int\u00e9gr\u00e9es en milieu ordinaire&nbsp;<\/li>\n\n\n\n<li>&nbsp;Activit\u00e9s manuelles (cuisine, bois, jardinage,\u2026.),&nbsp;<\/li>\n\n\n\n<li>&nbsp;Activit\u00e9s musicales,&nbsp;<\/li>\n\n\n\n<li>&nbsp;Activit\u00e9s de socialisation (visites culturelles, sorties en ville,\u2026.),&nbsp;<\/li>\n\n\n\n<li>&nbsp;Activit\u00e9s informatiques,&nbsp;<\/li>\n\n\n\n<li>&nbsp;Activit\u00e9s sportives (\u00e9quitation, piscine, \u2026..),&nbsp;<\/li>\n\n\n\n<li>&nbsp;Sensibilisation \u00e0 des activit\u00e9s professionnelles&nbsp;<\/li>\n<\/ul>\n\n\n\n<figure class=\"wp-block-embed is-type-video is-provider-youtube wp-block-embed-youtube wp-embed-aspect-16-9 wp-has-aspect-ratio\"><div class=\"wp-block-embed__wrapper\">\n<iframe loading=\"lazy\" title=\"Sessad les petits princes, une prise en charge \u00e0 la carte\" width=\"500\" height=\"281\" src=\"https:\/\/www.youtube.com\/embed\/K9CZZ754lE0?feature=oembed\" frameborder=\"0\" allow=\"accelerometer; autoplay; clipboard-write; encrypted-media; gyroscope; picture-in-picture; web-share\" referrerpolicy=\"strict-origin-when-cross-origin\" allowfullscreen><\/iframe>\n<\/div><\/figure>\n<\/div>\n\n\n\n<div class=\"wp-block-column is-layout-flow wp-block-column-is-layout-flow\" style=\"flex-basis:20%\">\n<div class=\"wp-block-group bloc_gris coord_esms is-vertical is-layout-flex wp-container-core-group-is-layout-2c90304e wp-block-group-is-layout-flex\">\n<h2 class=\"wp-block-heading\">Coordonn\u00e9es<\/h2>\n\n\n\n<p class=\"wp-block-paragraph\">Complexe G. Berthe,<br>30 bis rue Emile Ginot<br>64000 Pau&nbsp;<\/p>\n\n\n\n<p class=\"wp-block-paragraph\">T\u00e9l. : 05 59 83 26 71&nbsp; &nbsp;<\/p>\n<\/div>\n\n\n\n<div class=\"wp-block-group bloc_gris contact_esms is-vertical is-layout-flex wp-container-core-group-is-layout-2c90304e wp-block-group-is-layout-flex\">\n<h2 class=\"wp-block-heading\">Contact<\/h2>\n\n\n\n<p class=\"wp-block-paragraph\">LE GUYADER St\u00e9phania,<br><em>Directrice<\/em><\/p>\n\n\n\n<p class=\"wp-block-paragraph\">CAMY V\u00e9ronique,<br><em>Cheffe de service du p\u00f4le ambulatoire<br>SESSAD \u00a0et Unit\u00e9\u00a0d&#8217;Enseignement\u00a0Externalis\u00e9e<\/em><\/p>\n<\/div>\n<\/div>\n<\/div>\n\n\n\n<h2 class=\"wp-block-heading\">Localisation<\/h2>\n\n\n\n<p class=\"wp-block-paragraph\"><iframe title=\"30bis rue Emile Ginot 64000 Pau\" src=\"https:\/\/maps.google.com\/maps?q=30bis%20rue%20Emile%20Ginot%2064000%20Pau&amp;t=m&amp;z=16&amp;output=embed&amp;iwloc=near\" aria-label=\"30bis rue Emile Ginot 64000 Pau\"><\/iframe><\/p>\n","protected":false},"excerpt":{"rendered":"<p>En partenariat avec Autisme Pau B\u00e9arn, et rattach\u00e9 au Complexe Georgette Berthe, le SESSAD&nbsp;accueille 10&nbsp;enfants et adolescents \u00e2g\u00e9s de 3 \u00e0 20 ans, pr\u00e9sentant une d\u00e9ficience intellectuelle l\u00e9g\u00e8re, moyenne ou&hellip; <a class=\"continue\" href=\"https:\/\/www.adapei64.fr\/site\/adapei\/les-etablissements-et-services\/enfance-scolarisation\/sessad-uee-petits-princes\/\">Lire :<span> SESSAD &#8211; UEE Les Petits Princes<\/span><\/a><\/p>\n","protected":false},"author":1,"featured_media":85,"parent":1015,"menu_order":2,"comment_status":"closed","ping_status":"closed","template":"","meta":{"_crdt_document":"","om_disable_all_campaigns":false,"_uag_custom_page_level_css":"","_monsterinsights_skip_tracking":false,"_monsterinsights_sitenote_active":false,"_monsterinsights_sitenote_note":"","_monsterinsights_sitenote_category":0,"_uf_show_specific_survey":0,"_uf_disable_surveys":false,"_EventAllDay":false,"_EventTimezone":"","_EventStartDate":"","_EventEndDate":"","_EventStartDateUTC":"","_EventEndDateUTC":"","_EventShowMap":false,"_EventShowMapLink":false,"_EventURL":"","_EventCost":"","_EventCostDescription":"","_EventCurrencySymbol":"","_EventCurrencyCode":"","_EventCurrencyPosition":"","_EventDateTimeSeparator":"","_EventTimeRangeSeparator":"","_EventOrganizerID":[],"_EventVenueID":[],"_OrganizerEmail":"","_OrganizerPhone":"","_OrganizerWebsite":"","_VenueAddress":"","_VenueCity":"","_VenueCountry":"","_VenueProvince":"","_VenueState":"","_VenueZip":"","_VenuePhone":"","_VenueURL":"","_VenueStateProvince":"","_VenueLat":"","_VenueLng":"","_VenueShowMap":false,"_VenueShowMapLink":false,"footnotes":""},"class_list":["post-8302","page","type-page","status-publish","has-post-thumbnail","hentry"],"uagb_featured_image_src":{"full":["https:\/\/www.adapei64.fr\/site\/wp-content\/uploads\/2020\/10\/UEM-PP-3.jpg",1100,651,false],"thumbnail":["https:\/\/www.adapei64.fr\/site\/wp-content\/uploads\/2020\/10\/UEM-PP-3-150x150.jpg",150,150,true],"medium":["https:\/\/www.adapei64.fr\/site\/wp-content\/uploads\/2020\/10\/UEM-PP-3-300x178.jpg",300,178,true],"medium_large":["https:\/\/www.adapei64.fr\/site\/wp-content\/uploads\/2020\/10\/UEM-PP-3-768x455.jpg",768,455,true],"large":["https:\/\/www.adapei64.fr\/site\/wp-content\/uploads\/2020\/10\/UEM-PP-3-1024x606.jpg",1024,606,true],"1536x1536":["https:\/\/www.adapei64.fr\/site\/wp-content\/uploads\/2020\/10\/UEM-PP-3.jpg",1100,651,false],"2048x2048":["https:\/\/www.adapei64.fr\/site\/wp-content\/uploads\/2020\/10\/UEM-PP-3.jpg",1100,651,false]},"uagb_author_info":{"display_name":"Marie Lafargue","author_link":"https:\/\/www.adapei64.fr\/site\/author\/marie\/"},"uagb_comment_info":0,"uagb_excerpt":"En partenariat avec Autisme Pau B\u00e9arn, et rattach\u00e9 au Complexe Georgette Berthe, le SESSAD&nbsp;accueille 10&nbsp;enfants et adolescents \u00e2g\u00e9s de 3 \u00e0 20 ans, pr\u00e9sentant une d\u00e9ficience intellectuelle l\u00e9g\u00e8re, moyenne ou&hellip; Lire : SESSAD &#8211; UEE Les Petits Princes","distributor_meta":false,"distributor_terms":false,"distributor_media":false,"distributor_original_site_name":"Adapei des Pyr\u00e9n\u00e9es-Atlantiques","distributor_original_site_url":"https:\/\/www.adapei64.fr\/site","push-errors":false,"_links":{"self":[{"href":"https:\/\/www.adapei64.fr\/site\/wp-json\/wp\/v2\/pages\/8302","targetHints":{"allow":["GET"]}}],"collection":[{"href":"https:\/\/www.adapei64.fr\/site\/wp-json\/wp\/v2\/pages"}],"about":[{"href":"https:\/\/www.adapei64.fr\/site\/wp-json\/wp\/v2\/types\/page"}],"author":[{"embeddable":true,"href":"https:\/\/www.adapei64.fr\/site\/wp-json\/wp\/v2\/users\/1"}],"replies":[{"embeddable":true,"href":"https:\/\/www.adapei64.fr\/site\/wp-json\/wp\/v2\/comments?post=8302"}],"version-history":[{"count":25,"href":"https:\/\/www.adapei64.fr\/site\/wp-json\/wp\/v2\/pages\/8302\/revisions"}],"predecessor-version":[{"id":16109,"href":"https:\/\/www.adapei64.fr\/site\/wp-json\/wp\/v2\/pages\/8302\/revisions\/16109"}],"up":[{"embeddable":true,"href":"https:\/\/www.adapei64.fr\/site\/wp-json\/wp\/v2\/pages\/1015"}],"wp:featuredmedia":[{"embeddable":true,"href":"https:\/\/www.adapei64.fr\/site\/wp-json\/wp\/v2\/media\/85"}],"wp:attachment":[{"href":"https:\/\/www.adapei64.fr\/site\/wp-json\/wp\/v2\/media?parent=8302"}],"curies":[{"name":"wp","href":"https:\/\/api.w.org\/{rel}","templated":true}]}}