{"id":8864,"date":"2022-02-21T10:17:17","date_gmt":"2022-02-21T09:17:17","guid":{"rendered":"http:\/\/www.adapei64.fr\/site\/?page_id=8864"},"modified":"2025-09-15T16:23:10","modified_gmt":"2025-09-15T14:23:10","slug":"savs-sifa","status":"publish","type":"page","link":"https:\/\/www.adapei64.fr\/site\/adapei\/les-etablissements-et-services\/vie-sociale-habitat\/savs-sifa\/","title":{"rendered":"SAVS SIFA"},"content":{"rendered":"\n<div class=\"wp-block-columns is-layout-flex wp-container-core-columns-is-layout-07579d57 wp-block-columns-is-layout-flex\">\n<div class=\"wp-block-column is-layout-flow wp-block-column-is-layout-flow\" style=\"flex-basis:80%\">\n<p class=\"wp-block-paragraph\">Le Service d\u2019Insertion par la Formation et l\u2019Accompagnement propose un accompagnement social et professionnel&nbsp;\u00e0 des adultes qui vivent une situation de handicap li\u00e9e \u00e0 des difficult\u00e9s intellectuelles et\/ou psychiques.<\/p>\n\n\n\n<h2 class=\"wp-block-heading\">ACTIVIT\u00c9S<\/h2>\n\n\n\n<ul class=\"wp-block-list\">\n<li>&nbsp;Apport d&#8217;un soutien personnel.<\/li>\n\n\n\n<li>&nbsp;D\u00e9veloppment des capacit\u00e9s d&#8217;autonomie.<\/li>\n\n\n\n<li>&nbsp;Aide \u00e0 l&#8217;insertion sociale et professionnelle.<\/li>\n\n\n\n<li>&nbsp;Soutien personnel par le biais d&#8217;entretiens individuels<\/li>\n\n\n\n<li>&nbsp;Aide \u00e0 l\u2019obtention ou d\u00e9fense de vos droits<\/li>\n\n\n\n<li>&nbsp;Aide \u00e0 la recherche d&#8217;aides financi\u00e8res et mat\u00e9rielles<\/li>\n\n\n\n<li>&nbsp;Aide \u00e0 la gestion de vos documents administratifs<\/li>\n\n\n\n<li>&nbsp;Aide \u00e0 la recherche de logement, ou d&#8217;un lieu d&#8217;h\u00e9bergement<\/li>\n\n\n\n<li>&nbsp;Aide \u00e0 l\u2019Installation dans un logement et conseils pour le respect des droits et des devoirs du locataire<\/li>\n\n\n\n<li>&nbsp;Conseils pour la gestion de votre budget, pr\u00e9vision et ma\u00eetrise des d\u00e9penses\u2026<\/li>\n\n\n\n<li>&nbsp;Conseils pour les actes de la vie quotidienne : alimentation, habillement, hygi\u00e8ne de vie, d\u00e9placements, communication&#8230;<\/li>\n\n\n\n<li>&nbsp;Informations et conseils sur la sant\u00e9, le suivi m\u00e9dical&#8230;<\/li>\n\n\n\n<li>&nbsp;Aide \u00e0 l\u2019acc\u00e8s \u00e0 des activit\u00e9s de loisirs, \u00e0 la culture, \u00e0 des activit\u00e9s sportives&#8230;<\/li>\n\n\n\n<li>&nbsp;Aide au bilan et \u00e0 l&#8217;orientation.<\/li>\n\n\n\n<li>&nbsp;Aide pour favoriser l&#8217;acc\u00e8s \u00e0 des formations.<\/li>\n\n\n\n<li>&nbsp;Aide et conseils pour rechercher un emploi.<\/li>\n\n\n\n<li>&nbsp;Suivi en entreprise.<\/li>\n\n\n\n<li>&nbsp;Ing\u00e9nierie de formation \u00e0 l\u2019attention des Travailleurs Handicap\u00e9s d\u2019ESAT<\/li>\n\n\n\n<li>&nbsp;Dispositif Diff\u00e9rent et Comp\u00e9tent.<\/li>\n<\/ul>\n\n\n\n<p class=\"wp-block-paragraph\"><strong>Atelier informatique<\/strong><\/p>\n\n\n\n<p class=\"wp-block-paragraph\">L\u2019atelier Informatique du SIFA permet de d\u00e9couvrir et d\u2019utiliser des ordinateurs. Des animateurs qualifi\u00e9s vous accompagnent dans votre apprentissage.<br>Vous pouvez ainsi :<\/p>\n\n\n\n<ul class=\"wp-block-list\">\n<li>&nbsp;D\u00e9velopper vos connaissances scolaires: Math\u00e9matiques, Fran\u00e7ais\u2026<\/li>\n\n\n\n<li>&nbsp;D\u00e9velopper vos comp\u00e9tences sociales : gestion du budget, sant\u00e9, code de la route, &nbsp;s\u00e9curit\u00e9 domestique\u2026<\/li>\n\n\n\n<li>&nbsp;Enrichir votre culture g\u00e9n\u00e9rale : d\u00e9couverte des arts, des sciences et techniques, du sport\u2026<\/li>\n\n\n\n<li>&nbsp;R\u00e9aliser des traitements de textes, des journaux, des diaporamas\u2026<\/li>\n\n\n\n<li>&nbsp;D\u00e9couvrir et utiliser Internet\u2026<\/li>\n<\/ul>\n\n\n\n<p class=\"wp-block-paragraph\">Le lien&nbsp;vers&nbsp;le blog du SIFA :<br><a href=\"https:\/\/atelier-informatique-sifa.blogspot.fr\/\" target=\"_blank\" rel=\"noopener\">https:\/\/atelier-informatique-sifa.blogspot.fr<\/a><\/p>\n<\/div>\n\n\n\n<div class=\"wp-block-column is-layout-flow wp-block-column-is-layout-flow\" style=\"flex-basis:20%\">\n<div class=\"wp-block-group bloc_gris coord_esms is-vertical is-layout-flex wp-container-core-group-is-layout-2c90304e wp-block-group-is-layout-flex\">\n<h2 class=\"wp-block-heading\">Coordonn\u00e9es<\/h2>\n\n\n\n<p class=\"wp-block-paragraph\">P\u00f4le Laherr\u00e8re<br>14 avenue Saragosse<br>64000 Pau&nbsp;<br>T\u00e9l. : 05 59 14 31 91 &nbsp;&nbsp;&nbsp;&nbsp;<\/p>\n\n\n\n<p class=\"wp-block-paragraph\"><strong>Antenne de Salies de B\u00e9arn :<\/strong><br>17 avenue des Docteurs Foix<br>64270 Salies de B\u00e9arn&nbsp;<br>T\u00e9l : 05 59 38 16 58 &nbsp;&nbsp;<\/p>\n\n\n\n<p class=\"wp-block-paragraph\"><strong>Antenne d&#8217;Anglet :<\/strong><br>3 bis, Chemin Jorlis<br>64600 ANGLET<br>T\u00e9l : 05 59 29 24 95<\/p>\n\n\n\n<p class=\"wp-block-paragraph\"><strong>Le SAVS SIFA sur internet :<\/strong><br><a href=\"https:\/\/atelier-informatique-sifa.blogspot.fr\/\" target=\"_blank\" rel=\"noopener\">https:\/\/atelier-informatique-sifa.blogspot.fr<\/a><\/p>\n\n\n\n<p class=\"wp-block-paragraph\"><a href=\"https:\/\/www.youtube.com\/channel\/UCP0aAwlcPjBf6ZLffJBNJug\/videos\" target=\"_blank\" rel=\"noopener\">Chaine Youtube de l&#8217;atelier&nbsp;informatique&nbsp;du SIFA<\/a><\/p>\n<\/div>\n\n\n\n<div class=\"wp-block-group bloc_gris contact_esms is-vertical is-layout-flex wp-container-core-group-is-layout-2c90304e wp-block-group-is-layout-flex\">\n<h2 class=\"wp-block-heading\">Contact<\/h2>\n\n\n\n<p class=\"wp-block-paragraph\">Les travailleurs sociaux <br>de permanence<br>au 05 59 14 31 91<\/p>\n\n\n\n<p class=\"wp-block-paragraph\"><strong>Direction :&nbsp;<\/strong><br>BRUNET Audrey,<br><em>Directrice<\/em><\/p>\n\n\n\n<p class=\"wp-block-paragraph\">CAMPAGNE IBARCQ R\u00e9mi,<br><i>Chef de service<\/i><\/p>\n<\/div>\n<\/div>\n<\/div>\n\n\n\n<h2 class=\"wp-block-heading\">Localisation<\/h2>\n\n\n\n<p class=\"wp-block-paragraph\">14 avenue Saragosse, Pau<\/p>\n\n\n\n<p class=\"wp-block-paragraph\">17 Avenue des Docteurs Foix, Salies-de-B\u00e9arn, France<\/p>\n\n\n\n<p class=\"wp-block-paragraph\">3 bis, Chemin Jorlis<br>64600 ANGLET<\/p>\n","protected":false},"excerpt":{"rendered":"<p>Le Service d\u2019Insertion par la Formation et l\u2019Accompagnement propose un accompagnement social et professionnel&nbsp;\u00e0 des adultes qui vivent une situation de handicap li\u00e9e \u00e0 des difficult\u00e9s intellectuelles et\/ou psychiques. ACTIVIT\u00c9S&hellip; <a class=\"continue\" href=\"https:\/\/www.adapei64.fr\/site\/adapei\/les-etablissements-et-services\/vie-sociale-habitat\/savs-sifa\/\">Lire :<span> SAVS SIFA<\/span><\/a><\/p>\n","protected":false},"author":1,"featured_media":3389,"parent":1017,"menu_order":12,"comment_status":"closed","ping_status":"closed","template":"","meta":{"_crdt_document":"","om_disable_all_campaigns":false,"_uag_custom_page_level_css":"","_monsterinsights_skip_tracking":false,"_monsterinsights_sitenote_active":false,"_monsterinsights_sitenote_note":"","_monsterinsights_sitenote_category":0,"_uf_show_specific_survey":0,"_uf_disable_surveys":false,"_EventAllDay":false,"_EventTimezone":"","_EventStartDate":"","_EventEndDate":"","_EventStartDateUTC":"","_EventEndDateUTC":"","_EventShowMap":false,"_EventShowMapLink":false,"_EventURL":"","_EventCost":"","_EventCostDescription":"","_EventCurrencySymbol":"","_EventCurrencyCode":"","_EventCurrencyPosition":"","_EventDateTimeSeparator":"","_EventTimeRangeSeparator":"","_EventOrganizerID":[],"_EventVenueID":[],"_OrganizerEmail":"","_OrganizerPhone":"","_OrganizerWebsite":"","_VenueAddress":"","_VenueCity":"","_VenueCountry":"","_VenueProvince":"","_VenueState":"","_VenueZip":"","_VenuePhone":"","_VenueURL":"","_VenueStateProvince":"","_VenueLat":"","_VenueLng":"","_VenueShowMap":false,"_VenueShowMapLink":false,"footnotes":""},"class_list":["post-8864","page","type-page","status-publish","has-post-thumbnail","hentry"],"uagb_featured_image_src":{"full":["https:\/\/www.adapei64.fr\/site\/wp-content\/uploads\/2021\/08\/Sifa-12.jpg",1100,456,false],"thumbnail":["https:\/\/www.adapei64.fr\/site\/wp-content\/uploads\/2021\/08\/Sifa-12-600x456.jpg",600,456,true],"medium":["https:\/\/www.adapei64.fr\/site\/wp-content\/uploads\/2021\/08\/Sifa-12-1000x415.jpg",1000,415,true],"medium_large":["https:\/\/www.adapei64.fr\/site\/wp-content\/uploads\/2021\/08\/Sifa-12-768x318.jpg",768,318,true],"large":["https:\/\/www.adapei64.fr\/site\/wp-content\/uploads\/2021\/08\/Sifa-12.jpg",1100,456,false],"1536x1536":["https:\/\/www.adapei64.fr\/site\/wp-content\/uploads\/2021\/08\/Sifa-12.jpg",1100,456,false],"2048x2048":["https:\/\/www.adapei64.fr\/site\/wp-content\/uploads\/2021\/08\/Sifa-12.jpg",1100,456,false]},"uagb_author_info":{"display_name":"Marie Lafargue","author_link":"https:\/\/www.adapei64.fr\/site\/author\/marie\/"},"uagb_comment_info":0,"uagb_excerpt":"Le Service d\u2019Insertion par la Formation et l\u2019Accompagnement propose un accompagnement social et professionnel&nbsp;\u00e0 des adultes qui vivent une situation de handicap li\u00e9e \u00e0 des difficult\u00e9s intellectuelles et\/ou psychiques. ACTIVIT\u00c9S&hellip; Lire : SAVS SIFA","distributor_meta":false,"distributor_terms":false,"distributor_media":false,"distributor_original_site_name":"Adapei des Pyr\u00e9n\u00e9es-Atlantiques","distributor_original_site_url":"https:\/\/www.adapei64.fr\/site","push-errors":false,"_links":{"self":[{"href":"https:\/\/www.adapei64.fr\/site\/wp-json\/wp\/v2\/pages\/8864","targetHints":{"allow":["GET"]}}],"collection":[{"href":"https:\/\/www.adapei64.fr\/site\/wp-json\/wp\/v2\/pages"}],"about":[{"href":"https:\/\/www.adapei64.fr\/site\/wp-json\/wp\/v2\/types\/page"}],"author":[{"embeddable":true,"href":"https:\/\/www.adapei64.fr\/site\/wp-json\/wp\/v2\/users\/1"}],"replies":[{"embeddable":true,"href":"https:\/\/www.adapei64.fr\/site\/wp-json\/wp\/v2\/comments?post=8864"}],"version-history":[{"count":28,"href":"https:\/\/www.adapei64.fr\/site\/wp-json\/wp\/v2\/pages\/8864\/revisions"}],"predecessor-version":[{"id":18231,"href":"https:\/\/www.adapei64.fr\/site\/wp-json\/wp\/v2\/pages\/8864\/revisions\/18231"}],"up":[{"embeddable":true,"href":"https:\/\/www.adapei64.fr\/site\/wp-json\/wp\/v2\/pages\/1017"}],"wp:featuredmedia":[{"embeddable":true,"href":"https:\/\/www.adapei64.fr\/site\/wp-json\/wp\/v2\/media\/3389"}],"wp:attachment":[{"href":"https:\/\/www.adapei64.fr\/site\/wp-json\/wp\/v2\/media?parent=8864"}],"curies":[{"name":"wp","href":"https:\/\/api.w.org\/{rel}","templated":true}]}}

<div class="wp-block-columns is-layout-flex wp-container-core-columns-is-layout-07579d57 wp-block-columns-is-layout-flex">
<div class="wp-block-column is-layout-flow wp-block-column-is-layout-flow" style="flex-basis:80%">
<p class="wp-block-paragraph">Le Service d’Insertion par la Formation et l’Accompagnement propose un accompagnement social et professionnel&nbsp;à des adultes qui vivent une situation de handicap liée à des difficultés intellectuelles et/ou psychiques.</p>



<h2 class="wp-block-heading">ACTIVITÉS</h2>



<ul class="wp-block-list">
<li>&nbsp;Apport d&#8217;un soutien personnel.</li>



<li>&nbsp;Développment des capacités d&#8217;autonomie.</li>



<li>&nbsp;Aide à l&#8217;insertion sociale et professionnelle.</li>



<li>&nbsp;Soutien personnel par le biais d&#8217;entretiens individuels</li>



<li>&nbsp;Aide à l’obtention ou défense de vos droits</li>



<li>&nbsp;Aide à la recherche d&#8217;aides financières et matérielles</li>



<li>&nbsp;Aide à la gestion de vos documents administratifs</li>



<li>&nbsp;Aide à la recherche de logement, ou d&#8217;un lieu d&#8217;hébergement</li>



<li>&nbsp;Aide à l’Installation dans un logement et conseils pour le respect des droits et des devoirs du locataire</li>



<li>&nbsp;Conseils pour la gestion de votre budget, prévision et maîtrise des dépenses…</li>



<li>&nbsp;Conseils pour les actes de la vie quotidienne : alimentation, habillement, hygiène de vie, déplacements, communication&#8230;</li>



<li>&nbsp;Informations et conseils sur la santé, le suivi médical&#8230;</li>



<li>&nbsp;Aide à l’accès à des activités de loisirs, à la culture, à des activités sportives&#8230;</li>



<li>&nbsp;Aide au bilan et à l&#8217;orientation.</li>



<li>&nbsp;Aide pour favoriser l&#8217;accès à des formations.</li>



<li>&nbsp;Aide et conseils pour rechercher un emploi.</li>



<li>&nbsp;Suivi en entreprise.</li>



<li>&nbsp;Ingénierie de formation à l’attention des Travailleurs Handicapés d’ESAT</li>



<li>&nbsp;Dispositif Différent et Compétent.</li>
</ul>



<p class="wp-block-paragraph"><strong>Atelier informatique</strong></p>



<p class="wp-block-paragraph">L’atelier Informatique du SIFA permet de découvrir et d’utiliser des ordinateurs. Des animateurs qualifiés vous accompagnent dans votre apprentissage.<br>Vous pouvez ainsi :</p>



<ul class="wp-block-list">
<li>&nbsp;Développer vos connaissances scolaires: Mathématiques, Français…</li>



<li>&nbsp;Développer vos compétences sociales : gestion du budget, santé, code de la route, &nbsp;sécurité domestique…</li>



<li>&nbsp;Enrichir votre culture générale : découverte des arts, des sciences et techniques, du sport…</li>



<li>&nbsp;Réaliser des traitements de textes, des journaux, des diaporamas…</li>



<li>&nbsp;Découvrir et utiliser Internet…</li>
</ul>



<p class="wp-block-paragraph">Le lien&nbsp;vers&nbsp;le blog du SIFA :<br><a href="https://atelier-informatique-sifa.blogspot.fr/" target="_blank" rel="noopener">https://atelier-informatique-sifa.blogspot.fr</a></p>
</div>



<div class="wp-block-column is-layout-flow wp-block-column-is-layout-flow" style="flex-basis:20%">
<div class="wp-block-group bloc_gris coord_esms is-vertical is-layout-flex wp-container-core-group-is-layout-2c90304e wp-block-group-is-layout-flex">
<h2 class="wp-block-heading">Coordonnées</h2>



<p class="wp-block-paragraph">Pôle Laherrère<br>14 avenue Saragosse<br>64000 Pau&nbsp;<br>Tél. : 05 59 14 31 91 &nbsp;&nbsp;&nbsp;&nbsp;</p>



<p class="wp-block-paragraph"><strong>Antenne de Salies de Béarn :</strong><br>17 avenue des Docteurs Foix<br>64270 Salies de Béarn&nbsp;<br>Tél : 05 59 38 16 58 &nbsp;&nbsp;</p>



<p class="wp-block-paragraph"><strong>Antenne d&#8217;Anglet :</strong><br>3 bis, Chemin Jorlis<br>64600 ANGLET<br>Tél : 05 59 29 24 95</p>



<p class="wp-block-paragraph"><strong>Le SAVS SIFA sur internet :</strong><br><a href="https://atelier-informatique-sifa.blogspot.fr/" target="_blank" rel="noopener">https://atelier-informatique-sifa.blogspot.fr</a></p>



<p class="wp-block-paragraph"><a href="https://www.youtube.com/channel/UCP0aAwlcPjBf6ZLffJBNJug/videos" target="_blank" rel="noopener">Chaine Youtube de l&#8217;atelier&nbsp;informatique&nbsp;du SIFA</a></p>
</div>



<div class="wp-block-group bloc_gris contact_esms is-vertical is-layout-flex wp-container-core-group-is-layout-2c90304e wp-block-group-is-layout-flex">
<h2 class="wp-block-heading">Contact</h2>



<p class="wp-block-paragraph">Les travailleurs sociaux <br>de permanence<br>au 05 59 14 31 91</p>



<p class="wp-block-paragraph"><strong>Direction :&nbsp;</strong><br>BRUNET Audrey,<br><em>Directrice</em></p>



<p class="wp-block-paragraph">CAMPAGNE IBARCQ Rémi,<br><i>Chef de service</i></p>
</div>
</div>
</div>



<h2 class="wp-block-heading">Localisation</h2>



<p class="wp-block-paragraph">14 avenue Saragosse, Pau</p>



<p class="wp-block-paragraph">17 Avenue des Docteurs Foix, Salies-de-Béarn, France</p>



<p class="wp-block-paragraph">3 bis, Chemin Jorlis<br>64600 ANGLET</p>

<p>Le Service d’Insertion par la Formation et l’Accompagnement propose un accompagnement social et professionnel&nbsp;à des adultes qui vivent une situation de handicap liée à des difficultés intellectuelles et/ou psychiques. ACTIVITÉS&hellip; <a class="continue" href="https://www.adapei64.fr/site/adapei/les-etablissements-et-services/vie-sociale-habitat/savs-sifa/">Lire :<span> SAVS SIFA</span></a></p>

Le Service d’Insertion par la Formation et l’Accompagnement propose un accompagnement social et professionnel&nbsp;à des adultes qui vivent une situation de handicap liée à des difficultés intellectuelles et/ou psychiques. ACTIVITÉS&hellip; Lire : SAVS SIFA

Adapei des Pyrénées-Atlantiques
