{"id":8878,"date":"2022-02-21T10:43:07","date_gmt":"2022-02-21T09:43:07","guid":{"rendered":"http:\/\/www.adapei64.fr\/site\/?page_id=8878"},"modified":"2024-09-23T10:21:24","modified_gmt":"2024-09-23T08:21:24","slug":"pole-services-et-appuis-transversaux","status":"publish","type":"page","link":"https:\/\/www.adapei64.fr\/site\/adapei\/les-etablissements-et-services\/services-transversaux\/pole-services-et-appuis-transversaux\/","title":{"rendered":"P\u00f4le Services et Appuis Transversaux"},"content":{"rendered":"\n<div class=\"wp-block-columns is-layout-flex wp-container-core-columns-is-layout-07579d57 wp-block-columns-is-layout-flex\">\n<div class=\"wp-block-column is-layout-flow wp-block-column-is-layout-flow\" style=\"flex-basis:80%\">\n<p class=\"wp-block-paragraph\">Port\u00e9e par sa volont\u00e9 d\u2019\u00eatre une Association Apprenante,&nbsp;inscrite fortement dans l\u2019humain et le prendre soin de chacun,&nbsp;l\u2019Adapei des Pyr\u00e9n\u00e9es Atlantiques est une association ancr\u00e9e&nbsp;dans ses acquis ant\u00e9rieurs mais r\u00e9solument tourn\u00e9e vers l\u2019avenir&nbsp;et visionnaire, pour \u00ab rendre possible les possibles \u00bb.<br>Par son P\u00f4le Services et Appuis Transversaux,&nbsp;l\u2019Adapei des Pyr\u00e9n\u00e9es-Atlantiques renforce sa volont\u00e9 d\u2019\u00eatre&nbsp;une association innovante, en optimisant le d\u00e9veloppement&nbsp;de dynamiques et de logiques transversales en accord avec&nbsp;l\u2019orientation 7 du projet associatif 2021 \/ 2025.<\/p>\n\n\n\n<p class=\"wp-block-paragraph\">Le P\u00f4le Services et Appuis Transversaux regroupe :<\/p>\n\n\n\n<ul class=\"wp-block-list\">\n<li>&nbsp;<strong>le&nbsp;<a href=\"https:\/\/www.adapei64.fr\/site\/adapei\/les-etablissements-et-services\/vie-sociale-habitat\/savs-sifa\/\" target=\"_blank\" rel=\"noopener\">SAV SIFA<\/a><\/strong>&nbsp;<\/li>\n\n\n\n<li>&nbsp;<strong>la&nbsp;<a href=\"https:\/\/www.adapei64.fr\/site\/adapei\/les-etablissements-et-services\/services-transversaux\/maison-des-assistantes-de-service-social\/\" target=\"_blank\" rel=\"noopener\">Maison des Assistant de Service Social<\/a><\/strong>&nbsp;<\/li>\n\n\n\n<li>&nbsp;<strong>une coordonatrice de parcours<\/strong><br>La coordonnatrice de parcours contribue \u00e0 la mise en oeuvre de la&nbsp;d\u00e9marche \u00ab Une r\u00e9ponse accompagn\u00e9e pour tous \u00bb.<br>En effet, l\u2019Adapei des Pyr\u00e9n\u00e9es-Atlantiques, \u00e0 travers la cr\u00e9ation de&nbsp;ce poste, affirme sa volont\u00e9 de proposer une cellule d\u2019appui \u00e0 ses&nbsp;\u00e9tablissements et services afin de favoriser la continuit\u00e9 de parcours&nbsp;des personnes accompagn\u00e9es.&nbsp;<\/li>\n\n\n\n<li>&nbsp;<strong>une \u00e9quipe mobile autisme \u00e0 destination des ESAT<\/strong><br>A travers la cr\u00e9ation d\u2019un dispositif sp\u00e9cifi que d\u2019accompagnement&nbsp;d\u2019adultes avec un TSA, ce projet s\u2019inscrit dans une volont\u00e9 de l\u2019Adapei&nbsp;des Pyr\u00e9n\u00e9es-Atlantiques de r\u00e9pondre \u00e0 un objectif transversal :&nbsp;proposer une continuit\u00e9 de parcours de vie r\u00e9pondant aux besoins&nbsp;de la personne, mais \u00e9galement \u00e0 un objectif sp\u00e9cifi que : permettre&nbsp;\u00e0 des adultes avec TSA accueillis dans les ESAT de l\u2019Adapei des PA&nbsp;de b\u00e9n\u00e9ficier d\u2019un accompagnement sp\u00e9cifique en r\u00e9f\u00e9rence aux&nbsp;recommandations de bonnes pratiques&nbsp;professionnelles de l\u2019HAS et&nbsp;de l\u2019ANESM (2011, 2012 et 2017).&nbsp;<\/li>\n\n\n\n<li>&nbsp;<strong>une charg\u00e9e de mission sant\u00e9<\/strong><br>Les principales missions de la charg\u00e9e de mission sant\u00e9 consistent&nbsp;\u00e0 coordonner et animer la politique de sant\u00e9 des \u00e9tablissements et<br>services de l\u2019Adapei des Pyr\u00e9n\u00e9es-Atlantiques.<br>Les principaux enjeux :<br>&#8211; Encourager et soutenir la transversalit\u00e9 entre les professionnels,<br>&#8211; Etre un appui dans la continuit\u00e9 des parcours de vie des personnes&nbsp;accompagn\u00e9es en lien avec les \u00e9quipes m\u00e9dico-sociales,<br>&#8211; Favoriser les \u00e9changes, proposer des ressources pour valoriser les&nbsp;pratiques professionnelles soignantes en lien avec les pratiques&nbsp;\u00e9ducatives.<\/li>\n<\/ul>\n<\/div>\n\n\n\n<div class=\"wp-block-column is-layout-flow wp-block-column-is-layout-flow\" style=\"flex-basis:20%\">\n<div class=\"wp-block-group bloc_gris coord_esms is-vertical is-layout-flex wp-container-core-group-is-layout-2c90304e wp-block-group-is-layout-flex\">\n<h2 class=\"wp-block-heading\">Coordonn\u00e9es<\/h2>\n\n\n\n<p class=\"wp-block-paragraph\">P\u00f4le Laherr\u00e8re<br>14 avenue Saragosse<br>64000 PAU<br>05 59 14 31 97<\/p>\n<\/div>\n\n\n\n<div class=\"wp-block-group bloc_gris contact_esms is-vertical is-layout-flex wp-container-core-group-is-layout-2c90304e wp-block-group-is-layout-flex\">\n<h2 class=\"wp-block-heading\">Contact<\/h2>\n\n\n\n<p class=\"wp-block-paragraph\"><strong>Direction :\u00a0<\/strong><br>BRUNET Audrey,<br><em>Directrice<\/em><\/p>\n\n\n\n<p class=\"wp-block-paragraph\"><strong>Coordonnatrice de parcours<\/strong><br>CONDOU Am\u00e9lie <\/p>\n\n\n\n<p class=\"wp-block-paragraph\"><strong>Psychologue Equipe mobile autisme<\/strong><br>TREMAUD Ma\u00ebla <\/p>\n\n\n\n<p class=\"wp-block-paragraph\"><strong>Charg\u00e9e de mission sant\u00e9<\/strong><br>BELLARD Sylvie <\/p>\n<\/div>\n<\/div>\n<\/div>\n\n\n\n<h2 class=\"wp-block-heading\">Localisation<\/h2>\n\n\n\n<p class=\"wp-block-paragraph\">\t\t\t<iframe loading=\"lazy\" src=\"https:\/\/maps.google.com\/maps?q=14%20avenue%20Saragosse%2C%20Pau&amp;t=m&amp;z=15&amp;output=embed&amp;iwloc=near\" title=\"14 avenue Saragosse, Pau\" aria-label=\"14 avenue Saragosse, Pau\"><\/iframe><\/p>\n","protected":false},"excerpt":{"rendered":"<p>Port\u00e9e par sa volont\u00e9 d\u2019\u00eatre une Association Apprenante,&nbsp;inscrite fortement dans l\u2019humain et le prendre soin de chacun,&nbsp;l\u2019Adapei des Pyr\u00e9n\u00e9es Atlantiques est une association ancr\u00e9e&nbsp;dans ses acquis ant\u00e9rieurs mais r\u00e9solument tourn\u00e9e&hellip; <a class=\"continue\" href=\"https:\/\/www.adapei64.fr\/site\/adapei\/les-etablissements-et-services\/services-transversaux\/pole-services-et-appuis-transversaux\/\">Lire :<span> P\u00f4le Services et Appuis Transversaux<\/span><\/a><\/p>\n","protected":false},"author":1,"featured_media":8879,"parent":1028,"menu_order":3,"comment_status":"closed","ping_status":"closed","template":"","meta":{"_crdt_document":"","om_disable_all_campaigns":false,"_uag_custom_page_level_css":"","_monsterinsights_skip_tracking":false,"_monsterinsights_sitenote_active":false,"_monsterinsights_sitenote_note":"","_monsterinsights_sitenote_category":0,"_uf_show_specific_survey":0,"_uf_disable_surveys":false,"_EventAllDay":false,"_EventTimezone":"","_EventStartDate":"","_EventEndDate":"","_EventStartDateUTC":"","_EventEndDateUTC":"","_EventShowMap":false,"_EventShowMapLink":false,"_EventURL":"","_EventCost":"","_EventCostDescription":"","_EventCurrencySymbol":"","_EventCurrencyCode":"","_EventCurrencyPosition":"","_EventDateTimeSeparator":"","_EventTimeRangeSeparator":"","_EventOrganizerID":[],"_EventVenueID":[],"_OrganizerEmail":"","_OrganizerPhone":"","_OrganizerWebsite":"","_VenueAddress":"","_VenueCity":"","_VenueCountry":"","_VenueProvince":"","_VenueState":"","_VenueZip":"","_VenuePhone":"","_VenueURL":"","_VenueStateProvince":"","_VenueLat":"","_VenueLng":"","_VenueShowMap":false,"_VenueShowMapLink":false,"footnotes":""},"class_list":["post-8878","page","type-page","status-publish","has-post-thumbnail","hentry"],"uagb_featured_image_src":{"full":["https:\/\/www.adapei64.fr\/site\/wp-content\/uploads\/2022\/02\/M3vh4Dd3nAI.jpg",1280,720,false],"thumbnail":["https:\/\/www.adapei64.fr\/site\/wp-content\/uploads\/2022\/02\/M3vh4Dd3nAI-600x600.jpg",600,600,true],"medium":["https:\/\/www.adapei64.fr\/site\/wp-content\/uploads\/2022\/02\/M3vh4Dd3nAI-1000x563.jpg",1000,563,true],"medium_large":["https:\/\/www.adapei64.fr\/site\/wp-content\/uploads\/2022\/02\/M3vh4Dd3nAI-768x432.jpg",768,432,true],"large":["https:\/\/www.adapei64.fr\/site\/wp-content\/uploads\/2022\/02\/M3vh4Dd3nAI.jpg",1280,720,false],"1536x1536":["https:\/\/www.adapei64.fr\/site\/wp-content\/uploads\/2022\/02\/M3vh4Dd3nAI.jpg",1280,720,false],"2048x2048":["https:\/\/www.adapei64.fr\/site\/wp-content\/uploads\/2022\/02\/M3vh4Dd3nAI.jpg",1280,720,false]},"uagb_author_info":{"display_name":"Marie Lafargue","author_link":"https:\/\/www.adapei64.fr\/site\/author\/marie\/"},"uagb_comment_info":0,"uagb_excerpt":"Port\u00e9e par sa volont\u00e9 d\u2019\u00eatre une Association Apprenante,&nbsp;inscrite fortement dans l\u2019humain et le prendre soin de chacun,&nbsp;l\u2019Adapei des Pyr\u00e9n\u00e9es Atlantiques est une association ancr\u00e9e&nbsp;dans ses acquis ant\u00e9rieurs mais r\u00e9solument tourn\u00e9e&hellip; Lire : P\u00f4le Services et Appuis Transversaux","distributor_meta":false,"distributor_terms":false,"distributor_media":false,"distributor_original_site_name":"Adapei des Pyr\u00e9n\u00e9es-Atlantiques","distributor_original_site_url":"https:\/\/www.adapei64.fr\/site","push-errors":false,"_links":{"self":[{"href":"https:\/\/www.adapei64.fr\/site\/wp-json\/wp\/v2\/pages\/8878","targetHints":{"allow":["GET"]}}],"collection":[{"href":"https:\/\/www.adapei64.fr\/site\/wp-json\/wp\/v2\/pages"}],"about":[{"href":"https:\/\/www.adapei64.fr\/site\/wp-json\/wp\/v2\/types\/page"}],"author":[{"embeddable":true,"href":"https:\/\/www.adapei64.fr\/site\/wp-json\/wp\/v2\/users\/1"}],"replies":[{"embeddable":true,"href":"https:\/\/www.adapei64.fr\/site\/wp-json\/wp\/v2\/comments?post=8878"}],"version-history":[{"count":27,"href":"https:\/\/www.adapei64.fr\/site\/wp-json\/wp\/v2\/pages\/8878\/revisions"}],"predecessor-version":[{"id":16110,"href":"https:\/\/www.adapei64.fr\/site\/wp-json\/wp\/v2\/pages\/8878\/revisions\/16110"}],"up":[{"embeddable":true,"href":"https:\/\/www.adapei64.fr\/site\/wp-json\/wp\/v2\/pages\/1028"}],"wp:featuredmedia":[{"embeddable":true,"href":"https:\/\/www.adapei64.fr\/site\/wp-json\/wp\/v2\/media\/8879"}],"wp:attachment":[{"href":"https:\/\/www.adapei64.fr\/site\/wp-json\/wp\/v2\/media?parent=8878"}],"curies":[{"name":"wp","href":"https:\/\/api.w.org\/{rel}","templated":true}]}}

Pôle Services et Appuis Transversaux

<div class="wp-block-columns is-layout-flex wp-container-core-columns-is-layout-07579d57 wp-block-columns-is-layout-flex">
<div class="wp-block-column is-layout-flow wp-block-column-is-layout-flow" style="flex-basis:80%">
<p class="wp-block-paragraph">Portée par sa volonté d’être une Association Apprenante,&nbsp;inscrite fortement dans l’humain et le prendre soin de chacun,&nbsp;l’Adapei des Pyrénées Atlantiques est une association ancrée&nbsp;dans ses acquis antérieurs mais résolument tournée vers l’avenir&nbsp;et visionnaire, pour « rendre possible les possibles ».<br>Par son Pôle Services et Appuis Transversaux,&nbsp;l’Adapei des Pyrénées-Atlantiques renforce sa volonté d’être&nbsp;une association innovante, en optimisant le développement&nbsp;de dynamiques et de logiques transversales en accord avec&nbsp;l’orientation 7 du projet associatif 2021 / 2025.</p>



<p class="wp-block-paragraph">Le Pôle Services et Appuis Transversaux regroupe :</p>



<ul class="wp-block-list">
<li>&nbsp;<strong>le&nbsp;<a href="https://www.adapei64.fr/site/adapei/les-etablissements-et-services/vie-sociale-habitat/savs-sifa/" target="_blank" rel="noopener">SAV SIFA</a></strong>&nbsp;</li>



<li>&nbsp;<strong>la&nbsp;<a href="https://www.adapei64.fr/site/adapei/les-etablissements-et-services/services-transversaux/maison-des-assistantes-de-service-social/" target="_blank" rel="noopener">Maison des Assistant de Service Social</a></strong>&nbsp;</li>



<li>&nbsp;<strong>une coordonatrice de parcours</strong><br>La coordonnatrice de parcours contribue à la mise en oeuvre de la&nbsp;démarche « Une réponse accompagnée pour tous ».<br>En effet, l’Adapei des Pyrénées-Atlantiques, à travers la création de&nbsp;ce poste, affirme sa volonté de proposer une cellule d’appui à ses&nbsp;établissements et services afin de favoriser la continuité de parcours&nbsp;des personnes accompagnées.&nbsp;</li>



<li>&nbsp;<strong>une équipe mobile autisme à destination des ESAT</strong><br>A travers la création d’un dispositif spécifi que d’accompagnement&nbsp;d’adultes avec un TSA, ce projet s’inscrit dans une volonté de l’Adapei&nbsp;des Pyrénées-Atlantiques de répondre à un objectif transversal :&nbsp;proposer une continuité de parcours de vie répondant aux besoins&nbsp;de la personne, mais également à un objectif spécifi que : permettre&nbsp;à des adultes avec TSA accueillis dans les ESAT de l’Adapei des PA&nbsp;de bénéficier d’un accompagnement spécifique en référence aux&nbsp;recommandations de bonnes pratiques&nbsp;professionnelles de l’HAS et&nbsp;de l’ANESM (2011, 2012 et 2017).&nbsp;</li>



<li>&nbsp;<strong>une chargée de mission santé</strong><br>Les principales missions de la chargée de mission santé consistent&nbsp;à coordonner et animer la politique de santé des établissements et<br>services de l’Adapei des Pyrénées-Atlantiques.<br>Les principaux enjeux :<br>&#8211; Encourager et soutenir la transversalité entre les professionnels,<br>&#8211; Etre un appui dans la continuité des parcours de vie des personnes&nbsp;accompagnées en lien avec les équipes médico-sociales,<br>&#8211; Favoriser les échanges, proposer des ressources pour valoriser les&nbsp;pratiques professionnelles soignantes en lien avec les pratiques&nbsp;éducatives.</li>
</ul>
</div>



<div class="wp-block-column is-layout-flow wp-block-column-is-layout-flow" style="flex-basis:20%">
<div class="wp-block-group bloc_gris coord_esms is-vertical is-layout-flex wp-container-core-group-is-layout-2c90304e wp-block-group-is-layout-flex">
<h2 class="wp-block-heading">Coordonnées</h2>



<p class="wp-block-paragraph">Pôle Laherrère<br>14 avenue Saragosse<br>64000 PAU<br>05 59 14 31 97</p>
</div>



<div class="wp-block-group bloc_gris contact_esms is-vertical is-layout-flex wp-container-core-group-is-layout-2c90304e wp-block-group-is-layout-flex">
<h2 class="wp-block-heading">Contact</h2>



<p class="wp-block-paragraph"><strong>Direction : </strong><br>BRUNET Audrey,<br><em>Directrice</em></p>



<p class="wp-block-paragraph"><strong>Coordonnatrice de parcours</strong><br>CONDOU Amélie </p>



<p class="wp-block-paragraph"><strong>Psychologue Equipe mobile autisme</strong><br>TREMAUD Maëla </p>



<p class="wp-block-paragraph"><strong>Chargée de mission santé</strong><br>BELLARD Sylvie </p>
</div>
</div>
</div>



<h2 class="wp-block-heading">Localisation</h2>



<p class="wp-block-paragraph">			<iframe loading="lazy" src="https://maps.google.com/maps?q=14%20avenue%20Saragosse%2C%20Pau&amp;t=m&amp;z=15&amp;output=embed&amp;iwloc=near" title="14 avenue Saragosse, Pau" aria-label="14 avenue Saragosse, Pau"></iframe></p>

<p>Portée par sa volonté d’être une Association Apprenante,&nbsp;inscrite fortement dans l’humain et le prendre soin de chacun,&nbsp;l’Adapei des Pyrénées Atlantiques est une association ancrée&nbsp;dans ses acquis antérieurs mais résolument tournée&hellip; <a class="continue" href="https://www.adapei64.fr/site/adapei/les-etablissements-et-services/services-transversaux/pole-services-et-appuis-transversaux/">Lire :<span> Pôle Services et Appuis Transversaux</span></a></p>

Portée par sa volonté d’être une Association Apprenante,&nbsp;inscrite fortement dans l’humain et le prendre soin de chacun,&nbsp;l’Adapei des Pyrénées Atlantiques est une association ancrée&nbsp;dans ses acquis antérieurs mais résolument tournée&hellip; Lire : Pôle Services et Appuis Transversaux

Adapei des Pyrénées-Atlantiques
