{"id":8908,"date":"2022-02-21T11:41:58","date_gmt":"2022-02-21T10:41:58","guid":{"rendered":"http:\/\/www.adapei64.fr\/site\/?page_id=8908"},"modified":"2024-09-23T10:08:02","modified_gmt":"2024-09-23T08:08:02","slug":"esat-chateau-bellevue","status":"publish","type":"page","link":"https:\/\/www.adapei64.fr\/site\/adapei\/les-etablissements-et-services\/travail\/esat-chateau-bellevue\/","title":{"rendered":"ESAT Ch\u00e2teau Bellevue"},"content":{"rendered":"\n<div class=\"wp-block-columns is-layout-flex wp-container-core-columns-is-layout-07579d57 wp-block-columns-is-layout-flex\">\n<div class=\"wp-block-column is-layout-flow wp-block-column-is-layout-flow\" style=\"flex-basis:80%\">\n<h2 class=\"wp-block-heading\">ACTIVIT\u00c9S<\/h2>\n\n\n\n<ul class=\"wp-block-list\">\n<li><strong>Agroalimentaire<\/strong>\n<ul class=\"wp-block-list\">\n<li>Elevage de volaille (canards gras, poulets&#8230; Laboratoire aux normes europ\u00e9ennes)<\/li>\n\n\n\n<li>Conserverie (foie gras, produits du terroir, certification IGP)<\/li>\n\n\n\n<li>Herboristerie (tisanes, sirops aromatiques, sels aromatiques)&nbsp;<\/li>\n\n\n\n<li>Apiculture<\/li>\n<\/ul>\n<\/li>\n\n\n\n<li><strong>Boutiques des ESAT<\/strong>\n<ul class=\"wp-block-list\">\n<li><b>Boutique sur site, <\/b><br>Domaine de Regis, RN 117, 64000 Orthez<br>Ouverte du lundi au vendredi de 9h \u00e0 17h<\/li>\n\n\n\n<li><b>Boutique de Salies<\/b><br>2 Cr du Jardin public, 64270 Salies-de-B\u00e9arn<br>Du mardi au vendredi : 10h &#8211; 16h<br>Le samedi : 10h &#8211; 18h<\/li>\n\n\n\n<li><b>Vente en ligne<\/b> sur <a href=\"http:\/\/www.foie-gras-bellevue.com\/\">www.foie-gras-bellevue.com<\/a>&nbsp;(paiement s\u00e9curis\u00e9)<\/li>\n<\/ul>\n<\/li>\n<\/ul>\n\n\n\n<ul class=\"wp-block-list\">\n<li><strong>Espaces verts<\/strong>&nbsp;(entreprises et particuliers)<\/li>\n\n\n\n<li><strong>Prestation &amp; mise \u00e0 disposition individuelle en entreprise&nbsp;<\/strong><\/li>\n<\/ul>\n<\/div>\n\n\n\n<div class=\"wp-block-column is-layout-flow wp-block-column-is-layout-flow\" style=\"flex-basis:20%\">\n<div class=\"wp-block-group bloc_gris coord_esms is-vertical is-layout-flex wp-container-core-group-is-layout-2c90304e wp-block-group-is-layout-flex\">\n<h2 class=\"wp-block-heading\">Coordonn\u00e9es<\/h2>\n\n\n\n<p class=\"wp-block-paragraph\">Complexe Bellevue,<br>113 chemin Bellevue<br>64300 Baigts de B\u00e9arn&nbsp;<\/p>\n\n\n\n<p class=\"wp-block-paragraph\">T\u00e9l. : 05 59 65 33 02 <br>E-mail : <u><a href=\"mailto:bellevue.commerce@adapei64.fr\">bellevue.commerce@adapei64.fr<\/a><\/u><\/p>\n<\/div>\n\n\n\n<div class=\"wp-block-group bloc_gris contact_esms is-vertical is-layout-flex wp-container-core-group-is-layout-2c90304e wp-block-group-is-layout-flex\">\n<h2 class=\"wp-block-heading\">Contact<\/h2>\n\n\n\n<p class=\"wp-block-paragraph\">GOBIN Etienne,<br><em>Directeur<\/em><\/p>\n\n\n\n<p class=\"wp-block-paragraph\">CANTON Estelle,<br><em>Adjointe technique<\/em><\/p>\n<\/div>\n<\/div>\n<\/div>\n\n\n\n<h2 class=\"wp-block-heading\">Localisation<\/h2>\n\n\n\n<p class=\"wp-block-paragraph\"><iframe title=\"113 chemin Bellevue - 64300 Baigts de B\u00e9arn\" src=\"https:\/\/maps.google.com\/maps?q=113%20chemin%20Bellevue%20-%2064300%20Baigts%20de%20B%C3%A9arn&amp;t=m&amp;z=15&amp;output=embed&amp;iwloc=near\" aria-label=\"113 chemin Bellevue - 64300 Baigts de B\u00e9arn\"><\/iframe><\/p>\n","protected":false},"excerpt":{"rendered":"<p>ACTIVIT\u00c9S Coordonn\u00e9es Complexe Bellevue,113 chemin Bellevue64300 Baigts de B\u00e9arn&nbsp; T\u00e9l. : 05 59 65 33 02 E-mail : bellevue.commerce@adapei64.fr Contact GOBIN Etienne,Directeur CANTON Estelle,Adjointe technique Localisation<\/p>\n","protected":false},"author":1,"featured_media":31,"parent":1019,"menu_order":3,"comment_status":"closed","ping_status":"closed","template":"","meta":{"_crdt_document":"","om_disable_all_campaigns":false,"_uag_custom_page_level_css":"","_monsterinsights_skip_tracking":false,"_monsterinsights_sitenote_active":false,"_monsterinsights_sitenote_note":"","_monsterinsights_sitenote_category":0,"_uf_show_specific_survey":0,"_uf_disable_surveys":false,"_EventAllDay":false,"_EventTimezone":"","_EventStartDate":"","_EventEndDate":"","_EventStartDateUTC":"","_EventEndDateUTC":"","_EventShowMap":false,"_EventShowMapLink":false,"_EventURL":"","_EventCost":"","_EventCostDescription":"","_EventCurrencySymbol":"","_EventCurrencyCode":"","_EventCurrencyPosition":"","_EventDateTimeSeparator":"","_EventTimeRangeSeparator":"","_EventOrganizerID":[],"_EventVenueID":[],"_OrganizerEmail":"","_OrganizerPhone":"","_OrganizerWebsite":"","_VenueAddress":"","_VenueCity":"","_VenueCountry":"","_VenueProvince":"","_VenueState":"","_VenueZip":"","_VenuePhone":"","_VenueURL":"","_VenueStateProvince":"","_VenueLat":"","_VenueLng":"","_VenueShowMap":false,"_VenueShowMapLink":false,"footnotes":""},"class_list":["post-8908","page","type-page","status-publish","has-post-thumbnail","hentry"],"uagb_featured_image_src":{"full":["https:\/\/www.adapei64.fr\/site\/wp-content\/uploads\/2020\/10\/EsatBellevue.jpg",1100,467,false],"thumbnail":["https:\/\/www.adapei64.fr\/site\/wp-content\/uploads\/2020\/10\/EsatBellevue-150x150.jpg",150,150,true],"medium":["https:\/\/www.adapei64.fr\/site\/wp-content\/uploads\/2020\/10\/EsatBellevue-300x127.jpg",300,127,true],"medium_large":["https:\/\/www.adapei64.fr\/site\/wp-content\/uploads\/2020\/10\/EsatBellevue-768x326.jpg",768,326,true],"large":["https:\/\/www.adapei64.fr\/site\/wp-content\/uploads\/2020\/10\/EsatBellevue-1024x435.jpg",1024,435,true],"1536x1536":["https:\/\/www.adapei64.fr\/site\/wp-content\/uploads\/2020\/10\/EsatBellevue.jpg",1100,467,false],"2048x2048":["https:\/\/www.adapei64.fr\/site\/wp-content\/uploads\/2020\/10\/EsatBellevue.jpg",1100,467,false]},"uagb_author_info":{"display_name":"Marie Lafargue","author_link":"https:\/\/www.adapei64.fr\/site\/author\/marie\/"},"uagb_comment_info":0,"uagb_excerpt":"ACTIVIT\u00c9S Coordonn\u00e9es Complexe Bellevue,113 chemin Bellevue64300 Baigts de B\u00e9arn&nbsp; T\u00e9l. : 05 59 65 33 02 E-mail : bellevue.commerce@adapei64.fr Contact GOBIN Etienne,Directeur CANTON Estelle,Adjointe technique Localisation","distributor_meta":false,"distributor_terms":false,"distributor_media":false,"distributor_original_site_name":"Adapei des Pyr\u00e9n\u00e9es-Atlantiques","distributor_original_site_url":"https:\/\/www.adapei64.fr\/site","push-errors":false,"_links":{"self":[{"href":"https:\/\/www.adapei64.fr\/site\/wp-json\/wp\/v2\/pages\/8908","targetHints":{"allow":["GET"]}}],"collection":[{"href":"https:\/\/www.adapei64.fr\/site\/wp-json\/wp\/v2\/pages"}],"about":[{"href":"https:\/\/www.adapei64.fr\/site\/wp-json\/wp\/v2\/types\/page"}],"author":[{"embeddable":true,"href":"https:\/\/www.adapei64.fr\/site\/wp-json\/wp\/v2\/users\/1"}],"replies":[{"embeddable":true,"href":"https:\/\/www.adapei64.fr\/site\/wp-json\/wp\/v2\/comments?post=8908"}],"version-history":[{"count":48,"href":"https:\/\/www.adapei64.fr\/site\/wp-json\/wp\/v2\/pages\/8908\/revisions"}],"predecessor-version":[{"id":16102,"href":"https:\/\/www.adapei64.fr\/site\/wp-json\/wp\/v2\/pages\/8908\/revisions\/16102"}],"up":[{"embeddable":true,"href":"https:\/\/www.adapei64.fr\/site\/wp-json\/wp\/v2\/pages\/1019"}],"wp:featuredmedia":[{"embeddable":true,"href":"https:\/\/www.adapei64.fr\/site\/wp-json\/wp\/v2\/media\/31"}],"wp:attachment":[{"href":"https:\/\/www.adapei64.fr\/site\/wp-json\/wp\/v2\/media?parent=8908"}],"curies":[{"name":"wp","href":"https:\/\/api.w.org\/{rel}","templated":true}]}}