{"id":8954,"date":"2022-02-21T12:53:07","date_gmt":"2022-02-21T11:53:07","guid":{"rendered":"http:\/\/www.adapei64.fr\/site\/?page_id=8954"},"modified":"2024-09-23T10:18:30","modified_gmt":"2024-09-23T08:18:30","slug":"esat-despiute","status":"publish","type":"page","link":"https:\/\/www.adapei64.fr\/site\/adapei\/les-etablissements-et-services\/travail\/esat-despiute\/","title":{"rendered":"ESAT du Ch\u00e2teau d&#8217;Espiute"},"content":{"rendered":"\n<div class=\"wp-block-columns is-layout-flex wp-container-core-columns-is-layout-07579d57 wp-block-columns-is-layout-flex\">\n<div class=\"wp-block-column is-layout-flow wp-block-column-is-layout-flow\" style=\"flex-basis:80%\">\n<h2 class=\"wp-block-heading\">ACTIVIT\u00c9S<\/h2>\n\n\n\n<ul class=\"wp-block-list\">\n<li><b>Productions agro-alimentaires :<\/b>\n<ul class=\"wp-block-list\">\n<li>Elevages de poulets et pintades, \u00e9lev\u00e9s en plein air et abattus sur place<\/li>\n\n\n\n<li>Mara\u00eechage bio (l\u00e9gumes de saison et fraises)<\/li>\n<\/ul>\n<\/li>\n\n\n\n<li><b>Prestation d&#8217;abattage :<\/b>\n<ul class=\"wp-block-list\">\n<li>Abattoir de gallinac\u00e9es agr\u00e9\u00e9<\/li>\n<\/ul>\n<\/li>\n\n\n\n<li><strong>Espaces verts&nbsp;<\/strong>(entreprises et particuliers)<\/li>\n\n\n\n<li><strong>Sous traitance&nbsp;industrielle<\/strong>\n<ul class=\"wp-block-list\">\n<li>Contr\u00f4le qualit\u00e9<\/li>\n\n\n\n<li>Tri<\/li>\n\n\n\n<li>Assemblage<\/li>\n\n\n\n<li>Conditionnement<\/li>\n\n\n\n<li>Op\u00e9rations diverses (\u00e9bavurage, per\u00e7age, &#8230;)<\/li>\n\n\n\n<li>Mise sous pli, routage<\/li>\n<\/ul>\n<\/li>\n\n\n\n<li><b>Commercialisation<\/b>\n<ul class=\"wp-block-list\">\n<li>Boutique des ESAT sur site (9h30-12h30 \/ 13h30-16h)<\/li>\n\n\n\n<li>Livraisons en entreprises<\/li>\n\n\n\n<li>Pr\u00e9sence sur les march\u00e9s : St Palais (vendredi), Maul\u00e9on (samedi) et Sauveterre-de-B\u00e9arn (samedi)<\/li>\n<\/ul>\n<\/li>\n\n\n\n<li><strong>Service aux entreprises<\/strong>\n<ul class=\"wp-block-list\">\n<li>&nbsp;Prestation &amp; mise \u00e0 disposition individuelle en entreprise<\/li>\n<\/ul>\n<\/li>\n<\/ul>\n\n\n\n<figure class=\"wp-block-embed is-type-video is-provider-youtube wp-block-embed-youtube wp-embed-aspect-16-9 wp-has-aspect-ratio\"><div class=\"wp-block-embed__wrapper\">\n<iframe loading=\"lazy\" title=\"Chateau d&#039;Espiute -  Conversion vers l&#039;agriculture biologique\" width=\"500\" height=\"281\" src=\"https:\/\/www.youtube.com\/embed\/mTYSntOPEWo?feature=oembed\" frameborder=\"0\" allow=\"accelerometer; autoplay; clipboard-write; encrypted-media; gyroscope; picture-in-picture; web-share\" referrerpolicy=\"strict-origin-when-cross-origin\" allowfullscreen><\/iframe>\n<\/div><\/figure>\n<\/div>\n\n\n\n<div class=\"wp-block-column is-layout-flow wp-block-column-is-layout-flow\" style=\"flex-basis:20%\">\n<div class=\"wp-block-group bloc_gris coord_esms is-vertical is-layout-flex wp-container-core-group-is-layout-2c90304e wp-block-group-is-layout-flex\">\n<h2 class=\"wp-block-heading\">Coordonn\u00e9es<\/h2>\n\n\n\n<p class=\"wp-block-paragraph\">Complexe du Ch\u00e2teau d&#8217;Espiute<br>FOYER-ESAT<br>4 Route d&#8217;Etcharry<br>64390 Espiute<\/p>\n\n\n\n<p class=\"wp-block-paragraph\">T\u00e9l : 05 59 38 54 70 <br>E-mail : <u><a href=\"mailto:marie.pierrard@adapei64.fr\">marie.pierrard@adapei64.fr<\/a><\/u><\/p>\n<\/div>\n\n\n\n<div class=\"wp-block-group bloc_gris contact_esms is-vertical is-layout-flex wp-container-core-group-is-layout-2c90304e wp-block-group-is-layout-flex\">\n<h2 class=\"wp-block-heading\">Contact<\/h2>\n\n\n\n<p class=\"wp-block-paragraph\">RENARD\u00a0Julie,<br>Directrice<\/p>\n\n\n\n<p class=\"wp-block-paragraph\">PIERRARD Marie,<br><em>Adjointe Technique<\/em><\/p>\n<\/div>\n<\/div>\n<\/div>\n\n\n\n<h2 class=\"wp-block-heading\">Localisation<\/h2>\n\n\n\n<p class=\"wp-block-paragraph\"><iframe title=\"complexe du ch\u00e2teau 64390 espiute\" src=\"https:\/\/maps.google.com\/maps?q=complexe%20du%20ch%C3%A2teau%2064390%20espiute&amp;t=m&amp;z=15&amp;output=embed&amp;iwloc=near\" aria-label=\"complexe du ch\u00e2teau 64390 espiute\"><\/iframe><\/p>\n","protected":false},"excerpt":{"rendered":"<p>ACTIVIT\u00c9S Coordonn\u00e9es Complexe du Ch\u00e2teau d&#8217;EspiuteFOYER-ESAT4 Route d&#8217;Etcharry64390 Espiute T\u00e9l : 05 59 38 54 70 E-mail : marie.pierrard@adapei64.fr Contact RENARD\u00a0Julie,Directrice PIERRARD Marie,Adjointe Technique Localisation<\/p>\n","protected":false},"author":1,"featured_media":9112,"parent":1019,"menu_order":6,"comment_status":"closed","ping_status":"closed","template":"","meta":{"_crdt_document":"","om_disable_all_campaigns":false,"_uag_custom_page_level_css":"","_monsterinsights_skip_tracking":false,"_monsterinsights_sitenote_active":false,"_monsterinsights_sitenote_note":"","_monsterinsights_sitenote_category":0,"_uf_show_specific_survey":0,"_uf_disable_surveys":false,"_EventAllDay":false,"_EventTimezone":"","_EventStartDate":"","_EventEndDate":"","_EventStartDateUTC":"","_EventEndDateUTC":"","_EventShowMap":false,"_EventShowMapLink":false,"_EventURL":"","_EventCost":"","_EventCostDescription":"","_EventCurrencySymbol":"","_EventCurrencyCode":"","_EventCurrencyPosition":"","_EventDateTimeSeparator":"","_EventTimeRangeSeparator":"","_EventOrganizerID":[],"_EventVenueID":[],"_OrganizerEmail":"","_OrganizerPhone":"","_OrganizerWebsite":"","_VenueAddress":"","_VenueCity":"","_VenueCountry":"","_VenueProvince":"","_VenueState":"","_VenueZip":"","_VenuePhone":"","_VenueURL":"","_VenueStateProvince":"","_VenueLat":"","_VenueLng":"","_VenueShowMap":false,"_VenueShowMapLink":false,"footnotes":""},"class_list":["post-8954","page","type-page","status-publish","has-post-thumbnail","hentry"],"uagb_featured_image_src":{"full":["https:\/\/www.adapei64.fr\/site\/wp-content\/uploads\/2022\/02\/espiute02.jpg",607,497,false],"thumbnail":["https:\/\/www.adapei64.fr\/site\/wp-content\/uploads\/2022\/02\/espiute02-600x497.jpg",600,497,true],"medium":["https:\/\/www.adapei64.fr\/site\/wp-content\/uploads\/2022\/02\/espiute02.jpg",607,497,false],"medium_large":["https:\/\/www.adapei64.fr\/site\/wp-content\/uploads\/2022\/02\/espiute02.jpg",607,497,false],"large":["https:\/\/www.adapei64.fr\/site\/wp-content\/uploads\/2022\/02\/espiute02.jpg",607,497,false],"1536x1536":["https:\/\/www.adapei64.fr\/site\/wp-content\/uploads\/2022\/02\/espiute02.jpg",607,497,false],"2048x2048":["https:\/\/www.adapei64.fr\/site\/wp-content\/uploads\/2022\/02\/espiute02.jpg",607,497,false]},"uagb_author_info":{"display_name":"Marie Lafargue","author_link":"https:\/\/www.adapei64.fr\/site\/author\/marie\/"},"uagb_comment_info":0,"uagb_excerpt":"ACTIVIT\u00c9S Coordonn\u00e9es Complexe du Ch\u00e2teau d&#8217;EspiuteFOYER-ESAT4 Route d&#8217;Etcharry64390 Espiute T\u00e9l : 05 59 38 54 70 E-mail : marie.pierrard@adapei64.fr Contact RENARD\u00a0Julie,Directrice PIERRARD Marie,Adjointe Technique Localisation","distributor_meta":false,"distributor_terms":false,"distributor_media":false,"distributor_original_site_name":"Adapei des Pyr\u00e9n\u00e9es-Atlantiques","distributor_original_site_url":"https:\/\/www.adapei64.fr\/site","push-errors":false,"_links":{"self":[{"href":"https:\/\/www.adapei64.fr\/site\/wp-json\/wp\/v2\/pages\/8954","targetHints":{"allow":["GET"]}}],"collection":[{"href":"https:\/\/www.adapei64.fr\/site\/wp-json\/wp\/v2\/pages"}],"about":[{"href":"https:\/\/www.adapei64.fr\/site\/wp-json\/wp\/v2\/types\/page"}],"author":[{"embeddable":true,"href":"https:\/\/www.adapei64.fr\/site\/wp-json\/wp\/v2\/users\/1"}],"replies":[{"embeddable":true,"href":"https:\/\/www.adapei64.fr\/site\/wp-json\/wp\/v2\/comments?post=8954"}],"version-history":[{"count":54,"href":"https:\/\/www.adapei64.fr\/site\/wp-json\/wp\/v2\/pages\/8954\/revisions"}],"predecessor-version":[{"id":16106,"href":"https:\/\/www.adapei64.fr\/site\/wp-json\/wp\/v2\/pages\/8954\/revisions\/16106"}],"up":[{"embeddable":true,"href":"https:\/\/www.adapei64.fr\/site\/wp-json\/wp\/v2\/pages\/1019"}],"wp:featuredmedia":[{"embeddable":true,"href":"https:\/\/www.adapei64.fr\/site\/wp-json\/wp\/v2\/media\/9112"}],"wp:attachment":[{"href":"https:\/\/www.adapei64.fr\/site\/wp-json\/wp\/v2\/media?parent=8954"}],"curies":[{"name":"wp","href":"https:\/\/api.w.org\/{rel}","templated":true}]}}