{"id":9057,"date":"2022-02-21T17:03:38","date_gmt":"2022-02-21T16:03:38","guid":{"rendered":"http:\/\/www.adapei64.fr\/site\/?page_id=9057"},"modified":"2024-09-23T16:11:51","modified_gmt":"2024-09-23T14:11:51","slug":"maison-des-assistantes-de-service-social","status":"publish","type":"page","link":"https:\/\/www.adapei64.fr\/site\/adapei\/les-etablissements-et-services\/services-transversaux\/maison-des-assistantes-de-service-social\/","title":{"rendered":"Maison des Assistant(e)s de Service Social"},"content":{"rendered":"\n<div class=\"wp-block-columns is-layout-flex wp-container-core-columns-is-layout-07579d57 wp-block-columns-is-layout-flex\">\n<div class=\"wp-block-column is-layout-flow wp-block-column-is-layout-flow\" style=\"flex-basis:80%\">\n<p class=\"wp-block-paragraph\">La Maison des Assistant(e)s de Service Social, ouverte&nbsp;en novembre 2017, est un service du PSAT (P\u00f4le Services et Appuis Transversaux) et a pour objectifs de :<\/p>\n\n\n\n<ul class=\"wp-block-list\">\n<li>Cr\u00e9er un service social sp\u00e9cialis\u00e9 d&#8217;appui en direction de toutes les personnes&nbsp;accompagn\u00e9es de I&#8217; Adapei<\/li>\n\n\n\n<li>Proposer un lieu d&#8217;\u00e9coute sp\u00e9cialis\u00e9e, de conseils, de pr\u00e9vention et d&#8217;orientation&nbsp;pour les personnes accompagn\u00e9es et leurs familles<\/li>\n\n\n\n<li>Cr\u00e9er un service ressource pour les diff\u00e9rents partenaires<\/li>\n\n\n\n<li>Mutualiser les moyens et les comp\u00e9tences<\/li>\n\n\n\n<li>Proposer une expertise sociale sur des th\u00e9matiques identifi\u00e9es<\/li>\n\n\n\n<li>Effectuer une veille juridique et assurer des actions de formation et d&#8217; information<\/li>\n<\/ul>\n\n\n\n<p class=\"wp-block-paragraph\">Elle est compos\u00e9e de 7&nbsp;professionnels, dont&nbsp;5 assistant(e)s sociaux.<\/p>\n<\/div>\n\n\n\n<div class=\"wp-block-column is-layout-flow wp-block-column-is-layout-flow\" style=\"flex-basis:20%\">\n<div class=\"wp-block-group bloc_gris coord_esms is-vertical is-layout-flex wp-container-core-group-is-layout-2c90304e wp-block-group-is-layout-flex\">\n<h2 class=\"wp-block-heading\">Coordonn\u00e9es<\/h2>\n\n\n\n<p class=\"wp-block-paragraph\">P\u00f4le Laherr\u00e8re<br>14 avenue Saragosse<br>\u200b64000 Pau<br>T\u00e9l. : 05 59 14 31 97<\/p>\n<\/div>\n\n\n\n<div class=\"wp-block-group bloc_gris contact_esms is-vertical is-layout-flex wp-container-core-group-is-layout-2c90304e wp-block-group-is-layout-flex\">\n<h2 class=\"wp-block-heading\">Contact<\/h2>\n\n\n\n<p class=\"wp-block-paragraph\">BRUNET Audrey,<br><em>Directrice<\/em><\/p>\n\n\n\n<p class=\"wp-block-paragraph\">MAUHOURAT Yan,<br><i>Chef de service<\/i><\/p>\n<\/div>\n<\/div>\n<\/div>\n\n\n\n<h2 class=\"wp-block-heading\">Localisation<\/h2>\n\n\n\n<p class=\"wp-block-paragraph\"><iframe title=\"14 avenue Saragosse, Pau\" src=\"https:\/\/maps.google.com\/maps?q=14%20avenue%20Saragosse%2C%20Pau&amp;t=m&amp;z=15&amp;output=embed&amp;iwloc=near\" aria-label=\"14 avenue Saragosse, Pau\"><\/iframe><\/p>\n","protected":false},"excerpt":{"rendered":"<p>La Maison des Assistant(e)s de Service Social, ouverte&nbsp;en novembre 2017, est un service du PSAT (P\u00f4le Services et Appuis Transversaux) et a pour objectifs de : Elle est compos\u00e9e de&hellip; <a class=\"continue\" href=\"https:\/\/www.adapei64.fr\/site\/adapei\/les-etablissements-et-services\/services-transversaux\/maison-des-assistantes-de-service-social\/\">Lire :<span> Maison des Assistant(e)s de Service Social<\/span><\/a><\/p>\n","protected":false},"author":1,"featured_media":0,"parent":1028,"menu_order":0,"comment_status":"closed","ping_status":"closed","template":"","meta":{"_crdt_document":"","om_disable_all_campaigns":false,"_uag_custom_page_level_css":"","_monsterinsights_skip_tracking":false,"_monsterinsights_sitenote_active":false,"_monsterinsights_sitenote_note":"","_monsterinsights_sitenote_category":0,"_uf_show_specific_survey":0,"_uf_disable_surveys":false,"_EventAllDay":false,"_EventTimezone":"","_EventStartDate":"","_EventEndDate":"","_EventStartDateUTC":"","_EventEndDateUTC":"","_EventShowMap":false,"_EventShowMapLink":false,"_EventURL":"","_EventCost":"","_EventCostDescription":"","_EventCurrencySymbol":"","_EventCurrencyCode":"","_EventCurrencyPosition":"","_EventDateTimeSeparator":"","_EventTimeRangeSeparator":"","_EventOrganizerID":[],"_EventVenueID":[],"_OrganizerEmail":"","_OrganizerPhone":"","_OrganizerWebsite":"","_VenueAddress":"","_VenueCity":"","_VenueCountry":"","_VenueProvince":"","_VenueState":"","_VenueZip":"","_VenuePhone":"","_VenueURL":"","_VenueStateProvince":"","_VenueLat":"","_VenueLng":"","_VenueShowMap":false,"_VenueShowMapLink":false,"footnotes":""},"class_list":["post-9057","page","type-page","status-publish","hentry"],"uagb_featured_image_src":{"full":false,"thumbnail":false,"medium":false,"medium_large":false,"large":false,"1536x1536":false,"2048x2048":false},"uagb_author_info":{"display_name":"Marie Lafargue","author_link":"https:\/\/www.adapei64.fr\/site\/author\/marie\/"},"uagb_comment_info":0,"uagb_excerpt":"La Maison des Assistant(e)s de Service Social, ouverte&nbsp;en novembre 2017, est un service du PSAT (P\u00f4le Services et Appuis Transversaux) et a pour objectifs de : Elle est compos\u00e9e de&hellip; Lire : Maison des Assistant(e)s de Service Social","distributor_meta":false,"distributor_terms":false,"distributor_media":false,"distributor_original_site_name":"Adapei des Pyr\u00e9n\u00e9es-Atlantiques","distributor_original_site_url":"https:\/\/www.adapei64.fr\/site","push-errors":false,"_links":{"self":[{"href":"https:\/\/www.adapei64.fr\/site\/wp-json\/wp\/v2\/pages\/9057","targetHints":{"allow":["GET"]}}],"collection":[{"href":"https:\/\/www.adapei64.fr\/site\/wp-json\/wp\/v2\/pages"}],"about":[{"href":"https:\/\/www.adapei64.fr\/site\/wp-json\/wp\/v2\/types\/page"}],"author":[{"embeddable":true,"href":"https:\/\/www.adapei64.fr\/site\/wp-json\/wp\/v2\/users\/1"}],"replies":[{"embeddable":true,"href":"https:\/\/www.adapei64.fr\/site\/wp-json\/wp\/v2\/comments?post=9057"}],"version-history":[{"count":18,"href":"https:\/\/www.adapei64.fr\/site\/wp-json\/wp\/v2\/pages\/9057\/revisions"}],"predecessor-version":[{"id":16143,"href":"https:\/\/www.adapei64.fr\/site\/wp-json\/wp\/v2\/pages\/9057\/revisions\/16143"}],"up":[{"embeddable":true,"href":"https:\/\/www.adapei64.fr\/site\/wp-json\/wp\/v2\/pages\/1028"}],"wp:attachment":[{"href":"https:\/\/www.adapei64.fr\/site\/wp-json\/wp\/v2\/media?parent=9057"}],"curies":[{"name":"wp","href":"https:\/\/api.w.org\/{rel}","templated":true}]}}