{"id":9065,"date":"2022-02-21T17:16:17","date_gmt":"2022-02-21T16:16:17","guid":{"rendered":"http:\/\/www.adapei64.fr\/site\/?page_id=9065"},"modified":"2024-09-23T09:59:53","modified_gmt":"2024-09-23T07:59:53","slug":"siege-associatif","status":"publish","type":"page","link":"https:\/\/www.adapei64.fr\/site\/adapei\/les-etablissements-et-services\/services-transversaux\/siege-associatif\/","title":{"rendered":"Si\u00e8ge associatif"},"content":{"rendered":"\n<div class=\"wp-block-columns is-layout-flex wp-container-core-columns-is-layout-07579d57 wp-block-columns-is-layout-flex\">\n<div class=\"wp-block-column is-layout-flow wp-block-column-is-layout-flow\" style=\"flex-basis:80%\">\n<p class=\"wp-block-paragraph\">Le si\u00e8ge de l&#8217;association comprend la Pr\u00e9sidence et les D\u00e9partements du si\u00e8ge qui g\u00e8rent des services communs \u00e0 l\u2019ensemble des \u00e9tablissements :<\/p>\n\n\n\n<ul class=\"wp-block-list\">\n<li>&nbsp;l&#8217;administration financi\u00e8re,&nbsp;<\/li>\n\n\n\n<li>&nbsp;la gestion des ressources humaines,<\/li>\n\n\n\n<li>&nbsp;le contr\u00f4le de gestion,<\/li>\n\n\n\n<li>&nbsp;l&#8217;administration g\u00e9n\u00e9rale,<\/li>\n\n\n\n<li>&nbsp;l&#8217;informatique,<\/li>\n\n\n\n<li>&nbsp;l&#8217;am\u00e9lioration continue&nbsp;des pratiques professionnelles,<\/li>\n\n\n\n<li>&nbsp;la communication.<\/li>\n<\/ul>\n<\/div>\n\n\n\n<div class=\"wp-block-column is-layout-flow wp-block-column-is-layout-flow\" style=\"flex-basis:20%\">\n<div class=\"wp-block-group bloc_gris coord_esms is-vertical is-layout-flex wp-container-core-group-is-layout-2c90304e wp-block-group-is-layout-flex\">\n<h2 class=\"wp-block-heading\">Coordonn\u00e9es<\/h2>\n\n\n\n<p class=\"wp-block-paragraph\">105 avenue des Lilas &#8211; CS 80123 &#8211; 64001 Pau Cedex<br>T\u00e9l. :&nbsp;<a href=\"tel:05 59 84 64 89\">05 59 84 64 89<\/a>&nbsp;&nbsp;&nbsp;<\/p>\n<\/div>\n\n\n\n<div class=\"wp-block-group bloc_gris contact_esms is-vertical is-layout-flex wp-container-core-group-is-layout-2c90304e wp-block-group-is-layout-flex\">\n<h2 class=\"wp-block-heading\">Contact<\/h2>\n\n\n\n<p class=\"wp-block-paragraph\">CAVRET Anne Marie,&nbsp;<br><em>Pr\u00e9sidente<\/em><\/p>\n\n\n\n<p class=\"wp-block-paragraph\">LALANNE Fran\u00e7ois,<br><em>Directeur&nbsp;<\/em><em>g\u00e9n\u00e9ral<\/em><\/p>\n\n\n\n<p class=\"wp-block-paragraph\">ARMAND Laurent, <br><em>Directeur g\u00e9n\u00e9ral adjoint<\/em><\/p>\n<\/div>\n<\/div>\n<\/div>\n\n\n\n<h2 class=\"wp-block-heading\">Localisation<\/h2>\n\n\n\n<p class=\"wp-block-paragraph\"><iframe title=\"105 avenu des lilas 64000 pau\" src=\"https:\/\/maps.google.com\/maps?q=105%20avenu%20des%20lilas%2064000%20pau&amp;t=m&amp;z=15&amp;output=embed&amp;iwloc=near\" frameborder=\"0\" marginwidth=\"0\" marginheight=\"0\" scrolling=\"no\" aria-label=\"105 avenu des lilas 64000 pau\"><\/iframe><\/p>\n","protected":false},"excerpt":{"rendered":"<p>Le si\u00e8ge de l&#8217;association comprend la Pr\u00e9sidence et les D\u00e9partements du si\u00e8ge qui g\u00e8rent des services communs \u00e0 l\u2019ensemble des \u00e9tablissements : Coordonn\u00e9es 105 avenue des Lilas &#8211; CS 80123&hellip; <a class=\"continue\" href=\"https:\/\/www.adapei64.fr\/site\/adapei\/les-etablissements-et-services\/services-transversaux\/siege-associatif\/\">Lire :<span> Si\u00e8ge associatif<\/span><\/a><\/p>\n","protected":false},"author":1,"featured_media":9066,"parent":1028,"menu_order":1,"comment_status":"closed","ping_status":"closed","template":"","meta":{"_crdt_document":"","om_disable_all_campaigns":false,"_uag_custom_page_level_css":"","_monsterinsights_skip_tracking":false,"_monsterinsights_sitenote_active":false,"_monsterinsights_sitenote_note":"","_monsterinsights_sitenote_category":0,"_uf_show_specific_survey":0,"_uf_disable_surveys":false,"_EventAllDay":false,"_EventTimezone":"","_EventStartDate":"","_EventEndDate":"","_EventStartDateUTC":"","_EventEndDateUTC":"","_EventShowMap":false,"_EventShowMapLink":false,"_EventURL":"","_EventCost":"","_EventCostDescription":"","_EventCurrencySymbol":"","_EventCurrencyCode":"","_EventCurrencyPosition":"","_EventDateTimeSeparator":"","_EventTimeRangeSeparator":"","_EventOrganizerID":[],"_EventVenueID":[],"_OrganizerEmail":"","_OrganizerPhone":"","_OrganizerWebsite":"","_VenueAddress":"","_VenueCity":"","_VenueCountry":"","_VenueProvince":"","_VenueState":"","_VenueZip":"","_VenuePhone":"","_VenueURL":"","_VenueStateProvince":"","_VenueLat":"","_VenueLng":"","_VenueShowMap":false,"_VenueShowMapLink":false,"footnotes":""},"class_list":["post-9065","page","type-page","status-publish","has-post-thumbnail","hentry"],"uagb_featured_image_src":{"full":["https:\/\/www.adapei64.fr\/site\/wp-content\/uploads\/2022\/02\/siege.jpg",1098,550,false],"thumbnail":["https:\/\/www.adapei64.fr\/site\/wp-content\/uploads\/2022\/02\/siege-600x550.jpg",600,550,true],"medium":["https:\/\/www.adapei64.fr\/site\/wp-content\/uploads\/2022\/02\/siege-1000x501.jpg",1000,501,true],"medium_large":["https:\/\/www.adapei64.fr\/site\/wp-content\/uploads\/2022\/02\/siege-768x385.jpg",768,385,true],"large":["https:\/\/www.adapei64.fr\/site\/wp-content\/uploads\/2022\/02\/siege.jpg",1098,550,false],"1536x1536":["https:\/\/www.adapei64.fr\/site\/wp-content\/uploads\/2022\/02\/siege.jpg",1098,550,false],"2048x2048":["https:\/\/www.adapei64.fr\/site\/wp-content\/uploads\/2022\/02\/siege.jpg",1098,550,false]},"uagb_author_info":{"display_name":"Marie Lafargue","author_link":"https:\/\/www.adapei64.fr\/site\/author\/marie\/"},"uagb_comment_info":0,"uagb_excerpt":"Le si\u00e8ge de l&#8217;association comprend la Pr\u00e9sidence et les D\u00e9partements du si\u00e8ge qui g\u00e8rent des services communs \u00e0 l\u2019ensemble des \u00e9tablissements : Coordonn\u00e9es 105 avenue des Lilas &#8211; CS 80123&hellip; Lire : Si\u00e8ge associatif","distributor_meta":false,"distributor_terms":false,"distributor_media":false,"distributor_original_site_name":"Adapei des Pyr\u00e9n\u00e9es-Atlantiques","distributor_original_site_url":"https:\/\/www.adapei64.fr\/site","push-errors":false,"_links":{"self":[{"href":"https:\/\/www.adapei64.fr\/site\/wp-json\/wp\/v2\/pages\/9065","targetHints":{"allow":["GET"]}}],"collection":[{"href":"https:\/\/www.adapei64.fr\/site\/wp-json\/wp\/v2\/pages"}],"about":[{"href":"https:\/\/www.adapei64.fr\/site\/wp-json\/wp\/v2\/types\/page"}],"author":[{"embeddable":true,"href":"https:\/\/www.adapei64.fr\/site\/wp-json\/wp\/v2\/users\/1"}],"replies":[{"embeddable":true,"href":"https:\/\/www.adapei64.fr\/site\/wp-json\/wp\/v2\/comments?post=9065"}],"version-history":[{"count":9,"href":"https:\/\/www.adapei64.fr\/site\/wp-json\/wp\/v2\/pages\/9065\/revisions"}],"predecessor-version":[{"id":16096,"href":"https:\/\/www.adapei64.fr\/site\/wp-json\/wp\/v2\/pages\/9065\/revisions\/16096"}],"up":[{"embeddable":true,"href":"https:\/\/www.adapei64.fr\/site\/wp-json\/wp\/v2\/pages\/1028"}],"wp:featuredmedia":[{"embeddable":true,"href":"https:\/\/www.adapei64.fr\/site\/wp-json\/wp\/v2\/media\/9066"}],"wp:attachment":[{"href":"https:\/\/www.adapei64.fr\/site\/wp-json\/wp\/v2\/media?parent=9065"}],"curies":[{"name":"wp","href":"https:\/\/api.w.org\/{rel}","templated":true}]}}

Siège associatif

<div class="wp-block-columns is-layout-flex wp-container-core-columns-is-layout-07579d57 wp-block-columns-is-layout-flex">
<div class="wp-block-column is-layout-flow wp-block-column-is-layout-flow" style="flex-basis:80%">
<p class="wp-block-paragraph">Le siège de l&#8217;association comprend la Présidence et les Départements du siège qui gèrent des services communs à l’ensemble des établissements :</p>



<ul class="wp-block-list">
<li>&nbsp;l&#8217;administration financière,&nbsp;</li>



<li>&nbsp;la gestion des ressources humaines,</li>



<li>&nbsp;le contrôle de gestion,</li>



<li>&nbsp;l&#8217;administration générale,</li>



<li>&nbsp;l&#8217;informatique,</li>



<li>&nbsp;l&#8217;amélioration continue&nbsp;des pratiques professionnelles,</li>



<li>&nbsp;la communication.</li>
</ul>
</div>



<div class="wp-block-column is-layout-flow wp-block-column-is-layout-flow" style="flex-basis:20%">
<div class="wp-block-group bloc_gris coord_esms is-vertical is-layout-flex wp-container-core-group-is-layout-2c90304e wp-block-group-is-layout-flex">
<h2 class="wp-block-heading">Coordonnées</h2>



<p class="wp-block-paragraph">105 avenue des Lilas &#8211; CS 80123 &#8211; 64001 Pau Cedex<br>Tél. :&nbsp;<a href="tel:05 59 84 64 89">05 59 84 64 89</a>&nbsp;&nbsp;&nbsp;</p>
</div>



<div class="wp-block-group bloc_gris contact_esms is-vertical is-layout-flex wp-container-core-group-is-layout-2c90304e wp-block-group-is-layout-flex">
<h2 class="wp-block-heading">Contact</h2>



<p class="wp-block-paragraph">CAVRET Anne Marie,&nbsp;<br><em>Présidente</em></p>



<p class="wp-block-paragraph">LALANNE François,<br><em>Directeur&nbsp;</em><em>général</em></p>



<p class="wp-block-paragraph">ARMAND Laurent, <br><em>Directeur général adjoint</em></p>
</div>
</div>
</div>



<h2 class="wp-block-heading">Localisation</h2>



<p class="wp-block-paragraph"><iframe title="105 avenu des lilas 64000 pau" src="https://maps.google.com/maps?q=105%20avenu%20des%20lilas%2064000%20pau&amp;t=m&amp;z=15&amp;output=embed&amp;iwloc=near" frameborder="0" marginwidth="0" marginheight="0" scrolling="no" aria-label="105 avenu des lilas 64000 pau"></iframe></p>

<p>Le siège de l&#8217;association comprend la Présidence et les Départements du siège qui gèrent des services communs à l’ensemble des établissements : Coordonnées 105 avenue des Lilas &#8211; CS 80123&hellip; <a class="continue" href="https://www.adapei64.fr/site/adapei/les-etablissements-et-services/services-transversaux/siege-associatif/">Lire :<span> Siège associatif</span></a></p>

Le siège de l&#8217;association comprend la Présidence et les Départements du siège qui gèrent des services communs à l’ensemble des établissements : Coordonnées 105 avenue des Lilas &#8211; CS 80123&hellip; Lire : Siège associatif

Adapei des Pyrénées-Atlantiques
