{"id":17440,"date":"2025-04-23T11:04:52","date_gmt":"2025-04-23T09:04:52","guid":{"rendered":"https:\/\/www.adapei64.fr\/site\/?post_type=tribe_events&#038;p=17440"},"modified":"2025-05-14T12:10:49","modified_gmt":"2025-05-14T10:10:49","slug":"portes-ouvertes-esat-le-hameau","status":"publish","type":"tribe_events","link":"https:\/\/www.adapei64.fr\/site\/evenement\/portes-ouvertes-esat-le-hameau\/","title":{"rendered":"Portes ouvertes ESAT Le Hameau"},"content":{"rendered":"<div class=\"entry-content alignfull wp-block-post-content is-layout-flow wp-block-post-content-is-layout-flow\">\n<p><strong>L&#8217;ESAT le Hameau vous donne rendez-vous le 20 mai 2025<\/strong> dans le cadre des <strong>\u00ab<\/strong>\u00a0Portes ouvertes nationales des ESAT et EA\u00a0<strong>\u00bb\u00a0<\/strong>initi\u00e9es par le mouvement Gen\u2019Inclusive pour faire rayonner nos structures au plus pr\u00e8s des territoires<\/p>\n<p>Visant \u00e0 donner un coup de projecteur sur le r\u00f4le des ESAT (Etablissements et Services d\u2019Accompagnement par le Travail) et des EA (Entreprises Adapt\u00e9es), le mouvement Gen\u2019Inclusive lance en 2025 une op\u00e9ration in\u00e9dite : les \u00ab\u00a0Portes Ouvertes nationales des ESAT &amp; EA\u00a0\u00bb organis\u00e9es du 19 au 23 mai 2025, dans le cadre de la Semaine des Achats Socialement et Ecologiquement Responsables (<a href=\"https:\/\/semaine-aser.gogocarto.fr\/\">SASER<\/a>).<\/p>\n<p><strong>Lors de ces journ\u00e9es, nous ouvrirons nos portes \u00e0 l\u2019ensemble de nos publics locaux et r\u00e9gionaux<\/strong>\u00a0: entreprises, organisations publiques et institutionnelles, m\u00e9dias, \u00e9lus, groupes scolaires, familles et proches, ou tout simplement des particuliers curieux d\u2019en savoir plus sur nos activit\u00e9s, et plus largement sur le r\u00f4le extraordinaire des ESAT et EA, pionniers sur les enjeux d\u2019inclusion, acteurs du\u00a0<em>made in France<\/em>, et proposant une large gamme de produits et de services \u00e0 la qualit\u00e9 reconnue.<\/p>\n<p><strong>Au programme<\/strong>\u00a0:<\/p>\n<ul class=\"wp-block-list\">\n<li>rencontre avec nos \u00e9quipes et nos professionnels en situation de handicap qui exercent leur m\u00e9tier au quotidien,<\/li>\n<li>d\u00e9couverte de nos produits et services,<\/li>\n<li>\u00e9changes autour de nos ateliers d\u2019accompagnement<\/li>\n<li>animations et bien plus encore \u00e0 d\u00e9couvrir le jour J\u00a0!<\/li>\n<\/ul>\n<p><strong>Au plaisir de vous y retrouver, nous vous attendons nombreux\u00a0!<\/strong><\/p>\n<p><em>Ce rendez-vous s\u2019inscrit dans le cadre d\u2019une op\u00e9ration nationale in\u00e9dite lanc\u00e9e par le\u00a0<a href=\"https:\/\/geninclusive.fr\/\">mouvement Gen\u2019Inclusive\u00a0<\/a>: ce dernier a \u00e9t\u00e9 cr\u00e9\u00e9 en 2024 \u00e0 l\u2019initiative d\u2019Hosmoz et port\u00e9 par un collectif d\u2019associations et d\u2019entreprises. Il\u00a0vise \u00e0 faire conna\u00eetre largement le r\u00f4le des 2400 ESAT-EA, ainsi que les savoir-faire des 170000 professionnels en situation de handicap qui y montent en comp\u00e9tences dans plus de 200 fili\u00e8res m\u00e9tiers.<\/em><\/p>\n<p><img loading=\"lazy\" decoding=\"async\" class=\"alignnone size-medium wp-image-17489\" src=\"http:\/\/www.adapei64.fr\/site\/wp-content\/uploads\/2025\/04\/Portes-ouvertes-20-mai-2025_page-0001-707x1000.jpg\" alt=\"Portes ouvertes Esat le Hameau \" width=\"707\" height=\"1000\" srcset=\"https:\/\/www.adapei64.fr\/site\/wp-content\/uploads\/2025\/04\/Portes-ouvertes-20-mai-2025_page-0001-707x1000.jpg 707w, https:\/\/www.adapei64.fr\/site\/wp-content\/uploads\/2025\/04\/Portes-ouvertes-20-mai-2025_page-0001-768x1086.jpg 768w, https:\/\/www.adapei64.fr\/site\/wp-content\/uploads\/2025\/04\/Portes-ouvertes-20-mai-2025_page-0001-1086x1536.jpg 1086w, https:\/\/www.adapei64.fr\/site\/wp-content\/uploads\/2025\/04\/Portes-ouvertes-20-mai-2025_page-0001.jpg 1241w\" sizes=\"auto, (max-width: 707px) 100vw, 707px\" \/><\/p>\n<div class=\"wp-block-image\"><\/div>\n<\/div>\n","protected":false},"excerpt":{"rendered":"<p>L&#8217;ESAT le Hameau vous donne rendez-vous le 20 mai 2025 dans le cadre des \u00ab\u00a0Portes ouvertes nationales des ESAT et EA\u00a0\u00bb\u00a0initi\u00e9es par le mouvement Gen\u2019Inclusive pour faire rayonner nos structures&hellip; <a class=\"continue\" href=\"https:\/\/www.adapei64.fr\/site\/evenement\/portes-ouvertes-esat-le-hameau\/\">Lire :<span> Portes ouvertes ESAT Le Hameau<\/span><\/a><\/p>\n","protected":false},"author":1,"featured_media":0,"template":"","meta":{"_crdt_document":"","om_disable_all_campaigns":false,"_uag_custom_page_level_css":"","_monsterinsights_skip_tracking":false,"_monsterinsights_sitenote_active":false,"_monsterinsights_sitenote_note":"","_monsterinsights_sitenote_category":0,"_uf_show_specific_survey":0,"_uf_disable_surveys":false,"_EventAllDay":false,"_EventTimezone":"Europe\/Paris","_EventStartDate":"2025-05-20 09:00:00","_EventEndDate":"2025-05-20 17:00:00","_EventStartDateUTC":"2025-05-20 07:00:00","_EventEndDateUTC":"2025-05-20 15:00:00","_EventShowMap":true,"_EventShowMapLink":true,"_EventURL":"","_EventCost":"","_EventCostDescription":"","_EventCurrencySymbol":"\u20ac","_EventCurrencyCode":"EUR","_EventCurrencyPosition":"suffix","_EventDateTimeSeparator":"","_EventTimeRangeSeparator":"","_EventOrganizerID":[16969],"_EventVenueID":[17442],"_OrganizerEmail":"","_OrganizerPhone":"","_OrganizerWebsite":"","_VenueAddress":"","_VenueCity":"","_VenueCountry":"","_VenueProvince":"","_VenueState":"","_VenueZip":"","_VenuePhone":"","_VenueURL":"","_VenueStateProvince":"","_VenueLat":"","_VenueLng":"","_VenueShowMap":false,"_VenueShowMapLink":false,"_tribe_events_status":"","_tribe_events_status_reason":"","footnotes":""},"tags":[],"tribe_events_cat":[],"class_list":["post-17440","tribe_events","type-tribe_events","status-publish","hentry"],"uagb_featured_image_src":{"full":false,"thumbnail":false,"medium":false,"medium_large":false,"large":false,"1536x1536":false,"2048x2048":false},"uagb_author_info":{"display_name":"Marie Lafargue","author_link":"https:\/\/www.adapei64.fr\/site\/author\/marie\/"},"uagb_comment_info":0,"uagb_excerpt":"L&#8217;ESAT le Hameau vous donne rendez-vous le 20 mai 2025 dans le cadre des \u00ab\u00a0Portes ouvertes nationales des ESAT et EA\u00a0\u00bb\u00a0initi\u00e9es par le mouvement Gen\u2019Inclusive pour faire rayonner nos structures&hellip; Lire : Portes ouvertes ESAT Le Hameau","distributor_meta":false,"distributor_terms":false,"distributor_media":false,"distributor_original_site_name":"Adapei des Pyr\u00e9n\u00e9es-Atlantiques","distributor_original_site_url":"https:\/\/www.adapei64.fr\/site","push-errors":false,"_links":{"self":[{"href":"https:\/\/www.adapei64.fr\/site\/wp-json\/wp\/v2\/tribe_events\/17440","targetHints":{"allow":["GET"]}}],"collection":[{"href":"https:\/\/www.adapei64.fr\/site\/wp-json\/wp\/v2\/tribe_events"}],"about":[{"href":"https:\/\/www.adapei64.fr\/site\/wp-json\/wp\/v2\/types\/tribe_events"}],"author":[{"embeddable":true,"href":"https:\/\/www.adapei64.fr\/site\/wp-json\/wp\/v2\/users\/1"}],"version-history":[{"count":4,"href":"https:\/\/www.adapei64.fr\/site\/wp-json\/wp\/v2\/tribe_events\/17440\/revisions"}],"predecessor-version":[{"id":17491,"href":"https:\/\/www.adapei64.fr\/site\/wp-json\/wp\/v2\/tribe_events\/17440\/revisions\/17491"}],"wp:attachment":[{"href":"https:\/\/www.adapei64.fr\/site\/wp-json\/wp\/v2\/media?parent=17440"}],"wp:term":[{"taxonomy":"post_tag","embeddable":true,"href":"https:\/\/www.adapei64.fr\/site\/wp-json\/wp\/v2\/tags?post=17440"},{"taxonomy":"tribe_events_cat","embeddable":true,"href":"https:\/\/www.adapei64.fr\/site\/wp-json\/wp\/v2\/tribe_events_cat?post=17440"}],"curies":[{"name":"wp","href":"https:\/\/api.w.org\/{rel}","templated":true}]}}

<div class="entry-content alignfull wp-block-post-content is-layout-flow wp-block-post-content-is-layout-flow">
<p><strong>L&#8217;ESAT le Hameau vous donne rendez-vous le 20 mai 2025</strong> dans le cadre des <strong>«</strong> Portes ouvertes nationales des ESAT et EA <strong>» </strong>initiées par le mouvement Gen’Inclusive pour faire rayonner nos structures au plus près des territoires</p>
<p>Visant à donner un coup de projecteur sur le rôle des ESAT (Etablissements et Services d’Accompagnement par le Travail) et des EA (Entreprises Adaptées), le mouvement Gen’Inclusive lance en 2025 une opération inédite : les « Portes Ouvertes nationales des ESAT &amp; EA » organisées du 19 au 23 mai 2025, dans le cadre de la Semaine des Achats Socialement et Ecologiquement Responsables (<a href="https://semaine-aser.gogocarto.fr/">SASER</a>).</p>
<p><strong>Lors de ces journées, nous ouvrirons nos portes à l’ensemble de nos publics locaux et régionaux</strong> : entreprises, organisations publiques et institutionnelles, médias, élus, groupes scolaires, familles et proches, ou tout simplement des particuliers curieux d’en savoir plus sur nos activités, et plus largement sur le rôle extraordinaire des ESAT et EA, pionniers sur les enjeux d’inclusion, acteurs du <em>made in France</em>, et proposant une large gamme de produits et de services à la qualité reconnue.</p>
<p><strong>Au programme</strong> :</p>
<ul class="wp-block-list">
<li>rencontre avec nos équipes et nos professionnels en situation de handicap qui exercent leur métier au quotidien,</li>
<li>découverte de nos produits et services,</li>
<li>échanges autour de nos ateliers d’accompagnement</li>
<li>animations et bien plus encore à découvrir le jour J !</li>
</ul>
<p><strong>Au plaisir de vous y retrouver, nous vous attendons nombreux !</strong></p>
<p><em>Ce rendez-vous s’inscrit dans le cadre d’une opération nationale inédite lancée par le <a href="https://geninclusive.fr/">mouvement Gen’Inclusive </a>: ce dernier a été créé en 2024 à l’initiative d’Hosmoz et porté par un collectif d’associations et d’entreprises. Il vise à faire connaître largement le rôle des 2400 ESAT-EA, ainsi que les savoir-faire des 170000 professionnels en situation de handicap qui y montent en compétences dans plus de 200 filières métiers.</em></p>
<p><img loading="lazy" decoding="async" class="alignnone size-medium wp-image-17489" src="http://www.adapei64.fr/site/wp-content/uploads/2025/04/Portes-ouvertes-20-mai-2025_page-0001-707x1000.jpg" alt="Portes ouvertes Esat le Hameau " width="707" height="1000" srcset="https://www.adapei64.fr/site/wp-content/uploads/2025/04/Portes-ouvertes-20-mai-2025_page-0001-707x1000.jpg 707w, https://www.adapei64.fr/site/wp-content/uploads/2025/04/Portes-ouvertes-20-mai-2025_page-0001-768x1086.jpg 768w, https://www.adapei64.fr/site/wp-content/uploads/2025/04/Portes-ouvertes-20-mai-2025_page-0001-1086x1536.jpg 1086w, https://www.adapei64.fr/site/wp-content/uploads/2025/04/Portes-ouvertes-20-mai-2025_page-0001.jpg 1241w" sizes="auto, (max-width: 707px) 100vw, 707px" /></p>
<div class="wp-block-image"></div>
</div>

<p>L&#8217;ESAT le Hameau vous donne rendez-vous le 20 mai 2025 dans le cadre des « Portes ouvertes nationales des ESAT et EA » initiées par le mouvement Gen’Inclusive pour faire rayonner nos structures&hellip; <a class="continue" href="https://www.adapei64.fr/site/evenement/portes-ouvertes-esat-le-hameau/">Lire :<span> Portes ouvertes ESAT Le Hameau</span></a></p>

L&#8217;ESAT le Hameau vous donne rendez-vous le 20 mai 2025 dans le cadre des « Portes ouvertes nationales des ESAT et EA » initiées par le mouvement Gen’Inclusive pour faire rayonner nos structures&hellip; Lire : Portes ouvertes ESAT Le Hameau

Adapei des Pyrénées-Atlantiques
